{"id":12178,"date":"2020-11-30T16:01:41","date_gmt":"2020-11-30T15:01:41","guid":{"rendered":"http:\/\/web.philo.ulg.ac.be\/cegs\/?post_type=avada_portfolio&#038;p=12178"},"modified":"2021-10-11T13:39:03","modified_gmt":"2021-10-11T11:39:03","slug":"le-fonds-simenon","status":"publish","type":"avada_portfolio","link":"http:\/\/web.philo.ulg.ac.be\/cegs\/portfolio-items\/le-fonds-simenon\/","title":{"rendered":"LE FONDS SIMENON"},"content":{"rendered":"<div class=\"fusion-fullwidth fullwidth-box fusion-builder-row-1 fusion-flex-container nonhundred-percent-fullwidth non-hundred-percent-height-scrolling\" style=\"background-color: #ffffff;background-position: left top;background-repeat: no-repeat;border-width: 0px 0px 0px 0px;border-color:#eae9e9;border-style:solid;\" ><div class=\"fusion-builder-row fusion-row fusion-flex-align-items-flex-start\" style=\"max-width:calc( 1170px + 0px );margin-left: calc(-0px \/ 2 );margin-right: calc(-0px \/ 2 );\"><div class=\"fusion-layout-column fusion_builder_column fusion-builder-column-0 fusion_builder_column_1_1 1_1 fusion-flex-column\"><div class=\"fusion-column-wrapper fusion-flex-justify-content-flex-start fusion-content-layout-column\" style=\"background-position:left top;background-repeat:no-repeat;-webkit-background-size:cover;-moz-background-size:cover;-o-background-size:cover;background-size:cover;padding: 0% 0% 0% 0%;\"><div class=\"fusion-text fusion-text-1\"><p style=\"text-align: justify;\">En 1973, Georges Simenon atteint l\u2019\u00e2ge de soixante-dix ans et il d\u00e9clare \u00e0 la presse qu\u2019il abandonne d\u00e9finitivement l\u2019\u00e9criture romanesque. La m\u00eame ann\u00e9e, \u00e0 l\u2019universit\u00e9 de Li\u00e8ge, le professeur de litt\u00e9rature fran\u00e7aise Maurice Piron et son assistant, Jacques Dubois, d\u00e9cident de c\u00e9l\u00e9brer l\u2019anniversaire de l\u2019\u00e9crivain\u00a0: non seulement, ils obtiennent que celui-ci soit proclam\u00e9 docteur <em>honoris causa<\/em> de l\u2019Universit\u00e9, mais en plus, ils consacrent quatre cours, totalisant cent vingt heures, \u00e0 l\u2019auteur de <em>Pedigree<\/em>.<\/p>\n<p style=\"text-align: justify;\">Simenon, touch\u00e9 par cette initiative, noue une v\u00e9ritable amiti\u00e9 avec Maurice Piron. En attestent leur correspondance, consign\u00e9e au Fonds, et un entretien enregistr\u00e9\u00a0: on y entend le romancier et le professeur \u00e9voquer avec tendresse et humour la ville de leur enfance et l\u2019on s\u2019\u00e9tonne du fait que l\u2019\u00e9crivain ayant fait le tour du monde se souvienne aussi bien des noms des rues li\u00e9geoises que le professeur, qui ne les a jamais quitt\u00e9es tr\u00e8s longtemps.<\/p>\n<p style=\"text-align: justify;\">En cons\u00e9quence de cette amiti\u00e9, c\u2019est finalement \u00e0 l\u2019universit\u00e9 de Li\u00e8ge que Simenon d\u00e9cide, le 8 juin 1976, de confier ses pr\u00e9cieuses archives. Telle est l\u2019histoire du Fonds Simenon, qui est inaugur\u00e9 officiellement le 3 novembre 1977.<\/p>\n<p style=\"text-align: justify;\">Apr\u00e8s avoir \u00e9t\u00e9 longtemps h\u00e9berg\u00e9 au ch\u00e2teau de Colonster, le Fonds Simenon est d\u00e9sormais install\u00e9 en Outremeuse, place Delcour, dans l\u2019ancien Institut de Physiologie, qui accueille \u00e9galement le p\u00f4le mus\u00e9al de l\u2019Universit\u00e9 et la Facult\u00e9 d\u2019Architecture. Le Fonds est essentiellement une biblioth\u00e8que et un lieu de travail, qui rassemble la documentation unique au monde dont le romancier a fait don \u00e0 l\u2019Universit\u00e9 :<\/p>\n<ul>\n<li style=\"text-align: justify;\">les diff\u00e9rentes \u00e9ditions en fran\u00e7ais et en traduction des romans du cr\u00e9ateur de Maigret (soit plus 10.000 volumes)<\/li>\n<li style=\"text-align: justify;\">une soixantaine de manuscrits, ainsi que les fameuses \u00ab\u00a0enveloppes jaunes\u00a0\u00bb sur lesquelles il consignait les indications utiles \u00e0 la r\u00e9daction de son roman<\/li>\n<li>les billets, contes et romans populaires sous pseudonymes<\/li>\n<li>les cassettes des \u00ab dict\u00e9es \u00bb<\/li>\n<li>des milliers d\u2019articles de presse \u00e0 lui consacr\u00e9s<\/li>\n<li>les \u00e9tudes critiques<\/li>\n<li>pr\u00e8s de 2800 photos de ses voyages \u00e0 travers le monde et de sa vie de famille<\/li>\n<li>des portraits<\/li>\n<li>de la correspondance (avec Gide, Pagnol ou Miller, Renoir, Fellini ou Chaplin\u2026)<\/li>\n<li>des cassettes et vid\u00e9o-cassettes d\u2019interviews, des copies de films<\/li>\n<li>des affiches de film<\/li>\n<li>\u2026<\/li>\n<\/ul>\n<p style=\"text-align: justify;\">C\u2019est aussi un lieu o\u00f9 le visiteur pourra admirer des objets et du mobilier qui ont form\u00e9 l\u2019environnement quotidien du romancier<\/p>\n<ul>\n<li style=\"text-align: justify;\">son bureau<\/li>\n<li style=\"text-align: justify;\">ses biblioth\u00e8ques<\/li>\n<li style=\"text-align: justify;\">sa table de travail<\/li>\n<li style=\"text-align: justify;\">quelques tr\u00e8s beaux portraits<\/li>\n<li style=\"text-align: justify;\">des objets f\u00e9tiches participant au rituel de l\u2019\u00e9criture (machine \u00e0 \u00e9crire, boule en or, Tiki, enveloppes jaunes, crayons noirs\u2026)<\/li>\n<li style=\"text-align: justify;\">\u2026<\/li>\n<\/ul>\n<p style=\"text-align: justify;\">La documentation que conserve le Fonds continue de s\u2019accro\u00eetre\u00a0: il re\u00e7oit toutes les \u00e9ditions nouvelles qui paraissent, acquiert tous les ouvrages consacr\u00e9s en tout ou en partie \u00e0 Simenon, re\u00e7oit \u00e9galement des dons ou des copies de documents et d\u2019archives.<\/p>\n<p style=\"text-align: justify;\">Avec le soutien du Fonds David-Constant de la Fondation Roi Baudouin, le Fonds Simenon a entrepris une vaste campagne de num\u00e9risation de ses documents les plus pr\u00e9cieux et les plus fragiles. Ils seront ainsi consultables sur \u00e9cran, dans les locaux du Fonds, ce qui \u00e9vitera les manipulations physiques et permettra de faciliter les recherches.<\/p>\n<p style=\"text-align: justify;\">Selon le v\u0153u de Georges Simenon, le Fonds est essentiellement destin\u00e9 aux \u00e9tudiants et aux chercheurs. Il est cependant accessible aussi aux non-sp\u00e9cialistes et aux groupes qui en font la demande.<\/p>\n<p style=\"text-align: justify;\">Pour tout renseignement ou toute prise de rendez-vous, prendre contact avec <a href=\"mailto:ldemoulin@uliege.be\">Laurent DEMOULIN<\/a>, conservateur.<\/p>\n<\/div><\/div><style type=\"text\/css\">.fusion-body .fusion-builder-column-0{width:100% !important;margin-top : 0px;margin-bottom : 50px;}.fusion-builder-column-0 > .fusion-column-wrapper {padding-top : 0% !important;padding-right : 0% !important;margin-right : 0px;padding-bottom : 0% !important;padding-left : 0% !important;margin-left : 0px;}@media only screen and (max-width:1024px) {.fusion-body .fusion-builder-column-0{width:100% !important;order : 0;}.fusion-builder-column-0 > .fusion-column-wrapper {margin-right : 0px;margin-left : 0px;}}@media only screen and (max-width:640px) {.fusion-body .fusion-builder-column-0{width:100% !important;order : 0;margin-bottom : 20px;}.fusion-builder-column-0 > .fusion-column-wrapper {margin-right : 0px;margin-left : 0px;}}<\/style><\/div><\/div><style type=\"text\/css\">.fusion-body .fusion-flex-container.fusion-builder-row-1{ padding-top : 40px;margin-top : 0px;padding-right : 0px;padding-bottom : 0px;margin-bottom : 0px;padding-left : 0px;}<\/style><\/div>\n","protected":false},"excerpt":{"rendered":"","protected":false},"author":2,"featured_media":12275,"menu_order":2,"comment_status":"open","ping_status":"closed","template":"","format":"standard","meta":{"footnotes":""},"portfolio_category":[],"portfolio_skills":[],"portfolio_tags":[],"class_list":["post-12178","avada_portfolio","type-avada_portfolio","status-publish","format-standard","has-post-thumbnail","hentry"],"_links":{"self":[{"href":"http:\/\/web.philo.ulg.ac.be\/cegs\/wp-json\/wp\/v2\/avada_portfolio\/12178","targetHints":{"allow":["GET"]}}],"collection":[{"href":"http:\/\/web.philo.ulg.ac.be\/cegs\/wp-json\/wp\/v2\/avada_portfolio"}],"about":[{"href":"http:\/\/web.philo.ulg.ac.be\/cegs\/wp-json\/wp\/v2\/types\/avada_portfolio"}],"author":[{"embeddable":true,"href":"http:\/\/web.philo.ulg.ac.be\/cegs\/wp-json\/wp\/v2\/users\/2"}],"replies":[{"embeddable":true,"href":"http:\/\/web.philo.ulg.ac.be\/cegs\/wp-json\/wp\/v2\/comments?post=12178"}],"version-history":[{"count":6,"href":"http:\/\/web.philo.ulg.ac.be\/cegs\/wp-json\/wp\/v2\/avada_portfolio\/12178\/revisions"}],"predecessor-version":[{"id":12516,"href":"http:\/\/web.philo.ulg.ac.be\/cegs\/wp-json\/wp\/v2\/avada_portfolio\/12178\/revisions\/12516"}],"wp:featuredmedia":[{"embeddable":true,"href":"http:\/\/web.philo.ulg.ac.be\/cegs\/wp-json\/wp\/v2\/media\/12275"}],"wp:attachment":[{"href":"http:\/\/web.philo.ulg.ac.be\/cegs\/wp-json\/wp\/v2\/media?parent=12178"}],"wp:term":[{"taxonomy":"portfolio_category","embeddable":true,"href":"http:\/\/web.philo.ulg.ac.be\/cegs\/wp-json\/wp\/v2\/portfolio_category?post=12178"},{"taxonomy":"portfolio_skills","embeddable":true,"href":"http:\/\/web.philo.ulg.ac.be\/cegs\/wp-json\/wp\/v2\/portfolio_skills?post=12178"},{"taxonomy":"portfolio_tags","embeddable":true,"href":"http:\/\/web.philo.ulg.ac.be\/cegs\/wp-json\/wp\/v2\/portfolio_tags?post=12178"}],"curies":[{"name":"wp","href":"https:\/\/api.w.org\/{rel}","templated":true}]}}

<div class="fusion-fullwidth fullwidth-box fusion-builder-row-1 fusion-flex-container nonhundred-percent-fullwidth non-hundred-percent-height-scrolling" style="background-color: #ffffff;background-position: left top;background-repeat: no-repeat;border-width: 0px 0px 0px 0px;border-color:#eae9e9;border-style:solid;" ><div class="fusion-builder-row fusion-row fusion-flex-align-items-flex-start" style="max-width:calc( 1170px + 0px );margin-left: calc(-0px / 2 );margin-right: calc(-0px / 2 );"><div class="fusion-layout-column fusion_builder_column fusion-builder-column-0 fusion_builder_column_1_1 1_1 fusion-flex-column"><div class="fusion-column-wrapper fusion-flex-justify-content-flex-start fusion-content-layout-column" style="background-position:left top;background-repeat:no-repeat;-webkit-background-size:cover;-moz-background-size:cover;-o-background-size:cover;background-size:cover;padding: 0% 0% 0% 0%;"><div class="fusion-text fusion-text-1"><p style="text-align: justify;">En 1973, Georges Simenon atteint l’âge de soixante-dix ans et il déclare à la presse qu’il abandonne définitivement l’écriture romanesque. La même année, à l’université de Liège, le professeur de littérature française Maurice Piron et son assistant, Jacques Dubois, décident de célébrer l’anniversaire de l’écrivain : non seulement, ils obtiennent que celui-ci soit proclamé docteur <em>honoris causa</em> de l’Université, mais en plus, ils consacrent quatre cours, totalisant cent vingt heures, à l’auteur de <em>Pedigree</em>.</p>
<p style="text-align: justify;">Simenon, touché par cette initiative, noue une véritable amitié avec Maurice Piron. En attestent leur correspondance, consignée au Fonds, et un entretien enregistré : on y entend le romancier et le professeur évoquer avec tendresse et humour la ville de leur enfance et l’on s’étonne du fait que l’écrivain ayant fait le tour du monde se souvienne aussi bien des noms des rues liégeoises que le professeur, qui ne les a jamais quittées très longtemps.</p>
<p style="text-align: justify;">En conséquence de cette amitié, c’est finalement à l’université de Liège que Simenon décide, le 8 juin 1976, de confier ses précieuses archives. Telle est l’histoire du Fonds Simenon, qui est inauguré officiellement le 3 novembre 1977.</p>
<p style="text-align: justify;">Après avoir été longtemps hébergé au château de Colonster, le Fonds Simenon est désormais installé en Outremeuse, place Delcour, dans l’ancien Institut de Physiologie, qui accueille également le pôle muséal de l’Université et la Faculté d’Architecture. Le Fonds est essentiellement une bibliothèque et un lieu de travail, qui rassemble la documentation unique au monde dont le romancier a fait don à l’Université :</p>
<ul>
<li style="text-align: justify;">les différentes éditions en français et en traduction des romans du créateur de Maigret (soit plus 10.000 volumes)</li>
<li style="text-align: justify;">une soixantaine de manuscrits, ainsi que les fameuses « enveloppes jaunes » sur lesquelles il consignait les indications utiles à la rédaction de son roman</li>
<li>les billets, contes et romans populaires sous pseudonymes</li>
<li>les cassettes des « dictées »</li>
<li>des milliers d’articles de presse à lui consacrés</li>
<li>les études critiques</li>
<li>près de 2800 photos de ses voyages à travers le monde et de sa vie de famille</li>
<li>des portraits</li>
<li>de la correspondance (avec Gide, Pagnol ou Miller, Renoir, Fellini ou Chaplin…)</li>
<li>des cassettes et vidéo-cassettes d’interviews, des copies de films</li>
<li>des affiches de film</li>
<li>…</li>
</ul>
<p style="text-align: justify;">C’est aussi un lieu où le visiteur pourra admirer des objets et du mobilier qui ont formé l’environnement quotidien du romancier</p>
<ul>
<li style="text-align: justify;">son bureau</li>
<li style="text-align: justify;">ses bibliothèques</li>
<li style="text-align: justify;">sa table de travail</li>
<li style="text-align: justify;">quelques très beaux portraits</li>
<li style="text-align: justify;">des objets fétiches participant au rituel de l’écriture (machine à écrire, boule en or, Tiki, enveloppes jaunes, crayons noirs…)</li>
<li style="text-align: justify;">…</li>
</ul>
<p style="text-align: justify;">La documentation que conserve le Fonds continue de s’accroître : il reçoit toutes les éditions nouvelles qui paraissent, acquiert tous les ouvrages consacrés en tout ou en partie à Simenon, reçoit également des dons ou des copies de documents et d’archives.</p>
<p style="text-align: justify;">Avec le soutien du Fonds David-Constant de la Fondation Roi Baudouin, le Fonds Simenon a entrepris une vaste campagne de numérisation de ses documents les plus précieux et les plus fragiles. Ils seront ainsi consultables sur écran, dans les locaux du Fonds, ce qui évitera les manipulations physiques et permettra de faciliter les recherches.</p>
<p style="text-align: justify;">Selon le vœu de Georges Simenon, le Fonds est essentiellement destiné aux étudiants et aux chercheurs. Il est cependant accessible aussi aux non-spécialistes et aux groupes qui en font la demande.</p>
<p style="text-align: justify;">Pour tout renseignement ou toute prise de rendez-vous, prendre contact avec <a href="mailto:ldemoulin@uliege.be">Laurent DEMOULIN</a>, conservateur.</p>
</div></div><style type="text/css">.fusion-body .fusion-builder-column-0{width:100% !important;margin-top : 0px;margin-bottom : 50px;}.fusion-builder-column-0 > .fusion-column-wrapper {padding-top : 0% !important;padding-right : 0% !important;margin-right : 0px;padding-bottom : 0% !important;padding-left : 0% !important;margin-left : 0px;}@media only screen and (max-width:1024px) {.fusion-body .fusion-builder-column-0{width:100% !important;order : 0;}.fusion-builder-column-0 > .fusion-column-wrapper {margin-right : 0px;margin-left : 0px;}}@media only screen and (max-width:640px) {.fusion-body .fusion-builder-column-0{width:100% !important;order : 0;margin-bottom : 20px;}.fusion-builder-column-0 > .fusion-column-wrapper {margin-right : 0px;margin-left : 0px;}}</style></div></div><style type="text/css">.fusion-body .fusion-flex-container.fusion-builder-row-1{ padding-top : 40px;margin-top : 0px;padding-right : 0px;padding-bottom : 0px;margin-bottom : 0px;padding-left : 0px;}</style></div>
