{"id":1693,"date":"2013-03-23T19:52:40","date_gmt":"2013-03-23T19:52:40","guid":{"rendered":"http:\/\/www.mnkystudio.com\/theme-10\/?page_id=1693"},"modified":"2019-11-22T13:45:07","modified_gmt":"2019-11-22T13:45:07","slug":"custom-example-i","status":"publish","type":"page","link":"http:\/\/web.philo.ulg.ac.be\/chst\/","title":{"rendered":"Accueil"},"content":{"rendered":"<div class=\"fusion-fullwidth fullwidth-box fusion-builder-row-1 nonhundred-percent-fullwidth non-hundred-percent-height-scrolling\" style=\"background-color: #ffffff;background-position: center center;background-repeat: no-repeat;padding-top:0px;padding-right:0px;padding-bottom:0px;padding-left:0px;margin-bottom: 0px;margin-top: 0px;border-width: 0px 0px 0px 0px;border-color:#eae9e9;border-style:solid;\" ><div class=\"fusion-builder-row fusion-row\"><div class=\"fusion-layout-column fusion_builder_column fusion-builder-column-0 fusion_builder_column_1_1 1_1 fusion-one-full fusion-column-first fusion-column-last\" style=\"margin-top:0px;margin-bottom:0px;\"><div class=\"fusion-column-wrapper fusion-flex-column-wrapper-legacy\" style=\"background-position:left top;background-repeat:no-repeat;-webkit-background-size:cover;-moz-background-size:cover;-o-background-size:cover;background-size:cover;padding: 0px 0px 0px 0px;\"><div class=\"fusion-text fusion-text-1\"><p style=\"text-align: justify;\">Le Centre d&rsquo;Histoire des Sciences et des Techniques de l\u2019Universit\u00e9 de Li\u00e8ge est un centre de documentation et de recherches sur l\u2019histoire des savoirs scientifiques et techniques, particuli\u00e8rement dans les r\u00e9gions qui constituent aujourd\u2019hui la Belgique.<\/p>\n<p style=\"text-align: justify;\">Comme centre de documentation, il m\u00e8ne des actions de sauvetage d\u2019urgence pour tout document scientifique, technique ou industriel (archives, livres, images) menac\u00e9 de destruction, et il les met \u00e0 la disposition des chercheurs et de tous les publics.<\/p>\n<p style=\"text-align: justify;\">Comme centre de recherches, il \u00e9tudie l\u2019histoire des savoirs au sens le plus large, dans leurs interactions avec l\u2019environnement, la soci\u00e9t\u00e9 et l\u2019\u00e9conomie dans la longue dur\u00e9e.<\/p>\n<p style=\"text-align: justify;\">Il s\u2019est aussi sp\u00e9cialis\u00e9 dans les \u00e9tudes historiques pr\u00e9alables \u00e0 la d\u00e9pollution et \u00e0 la r\u00e9affectation des sites industriels d\u00e9saffect\u00e9s.<\/p>\n<p style=\"text-align: justify;\">Il apporte son soutien \u00e0 toute initiative culturelle ou \u00e9ducative de sa comp\u00e9tence, en Wallonie et \u00e0 l\u2019\u00e9tranger.<\/p>\n<\/div><div class=\"fusion-clearfix\"><\/div><\/div><\/div><\/div><\/div>\n","protected":false},"excerpt":{"rendered":"","protected":false},"author":2,"featured_media":0,"parent":0,"menu_order":0,"comment_status":"closed","ping_status":"closed","template":"","meta":{"footnotes":""},"class_list":["post-1693","page","type-page","status-publish","hentry"],"_links":{"self":[{"href":"http:\/\/web.philo.ulg.ac.be\/chst\/wp-json\/wp\/v2\/pages\/1693","targetHints":{"allow":["GET"]}}],"collection":[{"href":"http:\/\/web.philo.ulg.ac.be\/chst\/wp-json\/wp\/v2\/pages"}],"about":[{"href":"http:\/\/web.philo.ulg.ac.be\/chst\/wp-json\/wp\/v2\/types\/page"}],"author":[{"embeddable":true,"href":"http:\/\/web.philo.ulg.ac.be\/chst\/wp-json\/wp\/v2\/users\/2"}],"replies":[{"embeddable":true,"href":"http:\/\/web.philo.ulg.ac.be\/chst\/wp-json\/wp\/v2\/comments?post=1693"}],"version-history":[{"count":5,"href":"http:\/\/web.philo.ulg.ac.be\/chst\/wp-json\/wp\/v2\/pages\/1693\/revisions"}],"predecessor-version":[{"id":4149,"href":"http:\/\/web.philo.ulg.ac.be\/chst\/wp-json\/wp\/v2\/pages\/1693\/revisions\/4149"}],"wp:attachment":[{"href":"http:\/\/web.philo.ulg.ac.be\/chst\/wp-json\/wp\/v2\/media?parent=1693"}],"curies":[{"name":"wp","href":"https:\/\/api.w.org\/{rel}","templated":true}]}}

<div class="fusion-fullwidth fullwidth-box fusion-builder-row-1 nonhundred-percent-fullwidth non-hundred-percent-height-scrolling" style="background-color: #ffffff;background-position: center center;background-repeat: no-repeat;padding-top:0px;padding-right:0px;padding-bottom:0px;padding-left:0px;margin-bottom: 0px;margin-top: 0px;border-width: 0px 0px 0px 0px;border-color:#eae9e9;border-style:solid;" ><div class="fusion-builder-row fusion-row"><div class="fusion-layout-column fusion_builder_column fusion-builder-column-0 fusion_builder_column_1_1 1_1 fusion-one-full fusion-column-first fusion-column-last" style="margin-top:0px;margin-bottom:0px;"><div class="fusion-column-wrapper fusion-flex-column-wrapper-legacy" style="background-position:left top;background-repeat:no-repeat;-webkit-background-size:cover;-moz-background-size:cover;-o-background-size:cover;background-size:cover;padding: 0px 0px 0px 0px;"><div class="fusion-text fusion-text-1"><p style="text-align: justify;">Le Centre d&rsquo;Histoire des Sciences et des Techniques de l’Université de Liège est un centre de documentation et de recherches sur l’histoire des savoirs scientifiques et techniques, particulièrement dans les régions qui constituent aujourd’hui la Belgique.</p>
<p style="text-align: justify;">Comme centre de documentation, il mène des actions de sauvetage d’urgence pour tout document scientifique, technique ou industriel (archives, livres, images) menacé de destruction, et il les met à la disposition des chercheurs et de tous les publics.</p>
<p style="text-align: justify;">Comme centre de recherches, il étudie l’histoire des savoirs au sens le plus large, dans leurs interactions avec l’environnement, la société et l’économie dans la longue durée.</p>
<p style="text-align: justify;">Il s’est aussi spécialisé dans les études historiques préalables à la dépollution et à la réaffectation des sites industriels désaffectés.</p>
<p style="text-align: justify;">Il apporte son soutien à toute initiative culturelle ou éducative de sa compétence, en Wallonie et à l’étranger.</p>
</div><div class="fusion-clearfix"></div></div></div></div></div>
