{"id":152,"date":"2015-08-27T09:34:05","date_gmt":"2015-08-27T08:34:05","guid":{"rendered":"http:\/\/web.philo.ulg.ac.be\/cill\/?page_id=152"},"modified":"2026-01-29T12:56:39","modified_gmt":"2026-01-29T11:56:39","slug":"frontispicium","status":"publish","type":"page","link":"http:\/\/web.philo.ulg.ac.be\/cill\/la\/","title":{"rendered":"Frontispicium"},"content":{"rendered":"<div class=\"heading-wrapper\"><h6><span class=\"heading-line-left\"><\/span><strong>Colloquium Internationale Linguisticae Latinae &#8211; ICLL<\/strong><span class=\"heading-line-right\"><\/span><\/h6><\/div>\n<p style=\"text-align: justify;\"><img loading=\"lazy\" decoding=\"async\" class=\"alignleft wp-image-43\" src=\"http:\/\/web.philo.ulg.ac.be\/cill\/wp-content\/uploads\/sites\/17\/2015\/07\/test.png\" alt=\"test\" width=\"153\" height=\"105\" \/>Series Colloquiorum Internationalium Linguisticae Latinae anno 1981 in urbe Amsterdam coepta est. In his colloquiis congrediuntur et philologi classici quaestionibus linguisticis et linguistae linguae Latinae studentes. Themata tractata haec esse solent : phonologia, morphologia, syntaxis, semantica lexici et grammaticae, pragmatica, stylistica.<\/p>\n<p style=\"text-align: justify;\">Colloquia Internationalia Linguisticae Latinae apparantur sub auspiciis Comitatus Internationalis Linguisticae Latinae, cuius membra sunt\u00a0:<\/p>\n<p style=\"text-align: justify;\"><div class=\"spacer\" style=\"height:5px\"><\/div>\n<ul>\n<li>Suzanne Adema (Universiteit Leiden)<\/li>\n<li>Gualtiero Calboli (Universit\u00e0 degli Studi di Bologna)<\/li>\n<li>Mich\u00e8le Fruyt (Universit\u00e9 de Paris IV-Sorbonne)<\/li>\n<li>Gerd V. M. Haverling (Uppsala Universitet)<\/li>\n<li>Roland Hoffmann (Mainz)<\/li>\n<li>Caroline Kroon (Universiteit van Amsterdam &amp; Vrije Universiteit van Amsterdam)<\/li>\n<li>Dominique Longr\u00e9e (Universit\u00e9 de Li\u00e8ge et Universit\u00e9 Saint-Louis-Bruxelles) (Chair)<\/li>\n<li>Antonio M. Mart\u00edn Rodr\u00edguez (Universidad de Las Palmas de Gran Canaria)<\/li>\n<li>Renato Oniga (Universit\u00e0 di Udine)<\/li>\n<li>Paolo Poccetti (Universit\u00e0 di Roma Tor Vergata)<\/li>\n<li>Lucie Pultrova (Univerzita Karlova, Prague)<\/li>\n<li>Josine Schrickx (Thesaurus linguae Latinae, Bayerische Akademie der Wissenschaften)<\/li>\n<li>Olga Spevak (Universit\u00e9 Toulouse Jean Jaur\u00e8s)<\/li>\n<\/ul>\n<div class=\"spacer\" style=\"height:20px\"><\/div>\n<p>Consilium honorarium :<\/p>\n<ul>\n<li>Phillip Baldi (Pennstate University)<\/li>\n<li>Benjamin Garc\u00eda Hern\u00e1ndez (Universidad Aut\u00f3noma de Madrid)<\/li>\n<li>Friedrich Heberlein (Universit\u00e4t Eichst\u00e4tt)<\/li>\n<li>Manfred Kienpointner (Universit\u00e4t Innsbruck)<\/li>\n<li>Christian Lehmann (Universit\u00e4t Erfurt)<\/li>\n<\/ul>\n<div class=\"spacer\" style=\"height:20px\"><\/div>\n<p>In memoriam :<\/p>\n<ul>\n<li>Machtelt Bolkestein (Universiteit van Amsterdam)<\/li>\n<li>Robert Coleman (Cambridge University)<\/li>\n<li>Concepci\u00f3n Cabrillana Leal (Universidad de Santiago de Compostela)<\/li>\n<li>Joseph Hermann (Budapest University)<\/li>\n<li>Marius Lavency (Universit\u00e9 de Louvain)<\/li>\n<li>Claude Moussy (Universit\u00e9 de Paris IV-Sorbonne)<\/li>\n<li>Harm Pinkster (Universiteit van Amsterdam)<\/li>\n<li>Hannah Ros\u00e9n (The Hebrew University of Jerusalem)<\/li>\n<li>Christian Touratier (Universit\u00e9 d\u2019Aix-Marseille)<\/li>\n<\/ul>\n<p>&nbsp;<\/p>\n<p>Huius comitatus officium colloquiorum internationalium linguisticae Latinae ordinatio cum publicatione actorum est.<\/p>\n","protected":false},"excerpt":{"rendered":"<p>Series Colloquiorum Internationalium Linguisticae Latinae anno 1981 in urbe Amsterdam coepta est. In his colloquiis congrediuntur et philologi classici quaestionibus linguisticis et linguistae linguae Latinae studentes. Themata tractata haec esse solent : phonologia, morphologia, syntaxis, semantica lexici et grammaticae, pragmatica, stylistica. Colloquia Internationalia Linguisticae Latinae apparantur sub auspiciis Comitatus Internationalis Linguisticae Latinae, cuius membra sunt\u00a0: [&hellip;]<\/p>\n","protected":false},"author":2,"featured_media":0,"parent":0,"menu_order":0,"comment_status":"closed","ping_status":"closed","template":"","meta":{"footnotes":""},"class_list":["post-152","page","type-page","status-publish","hentry"],"_links":{"self":[{"href":"http:\/\/web.philo.ulg.ac.be\/cill\/wp-json\/wp\/v2\/pages\/152","targetHints":{"allow":["GET"]}}],"collection":[{"href":"http:\/\/web.philo.ulg.ac.be\/cill\/wp-json\/wp\/v2\/pages"}],"about":[{"href":"http:\/\/web.philo.ulg.ac.be\/cill\/wp-json\/wp\/v2\/types\/page"}],"author":[{"embeddable":true,"href":"http:\/\/web.philo.ulg.ac.be\/cill\/wp-json\/wp\/v2\/users\/2"}],"replies":[{"embeddable":true,"href":"http:\/\/web.philo.ulg.ac.be\/cill\/wp-json\/wp\/v2\/comments?post=152"}],"version-history":[{"count":5,"href":"http:\/\/web.philo.ulg.ac.be\/cill\/wp-json\/wp\/v2\/pages\/152\/revisions"}],"predecessor-version":[{"id":270,"href":"http:\/\/web.philo.ulg.ac.be\/cill\/wp-json\/wp\/v2\/pages\/152\/revisions\/270"}],"wp:attachment":[{"href":"http:\/\/web.philo.ulg.ac.be\/cill\/wp-json\/wp\/v2\/media?parent=152"}],"curies":[{"name":"wp","href":"https:\/\/api.w.org\/{rel}","templated":true}]}}

<div class="heading-wrapper"><h6><span class="heading-line-left"></span><strong>Colloquium Internationale Linguisticae Latinae &#8211; ICLL</strong><span class="heading-line-right"></span></h6></div>
<p style="text-align: justify;"><img loading="lazy" decoding="async" class="alignleft wp-image-43" src="http://web.philo.ulg.ac.be/cill/wp-content/uploads/sites/17/2015/07/test.png" alt="test" width="153" height="105" />Series Colloquiorum Internationalium Linguisticae Latinae anno 1981 in urbe Amsterdam coepta est. In his colloquiis congrediuntur et philologi classici quaestionibus linguisticis et linguistae linguae Latinae studentes. Themata tractata haec esse solent : phonologia, morphologia, syntaxis, semantica lexici et grammaticae, pragmatica, stylistica.</p>
<p style="text-align: justify;">Colloquia Internationalia Linguisticae Latinae apparantur sub auspiciis Comitatus Internationalis Linguisticae Latinae, cuius membra sunt :</p>
<p style="text-align: justify;"><div class="spacer" style="height:5px"></div>
<ul>
<li>Suzanne Adema (Universiteit Leiden)</li>
<li>Gualtiero Calboli (Università degli Studi di Bologna)</li>
<li>Michèle Fruyt (Université de Paris IV-Sorbonne)</li>
<li>Gerd V. M. Haverling (Uppsala Universitet)</li>
<li>Roland Hoffmann (Mainz)</li>
<li>Caroline Kroon (Universiteit van Amsterdam &amp; Vrije Universiteit van Amsterdam)</li>
<li>Dominique Longrée (Université de Liège et Université Saint-Louis-Bruxelles) (Chair)</li>
<li>Antonio M. Martín Rodríguez (Universidad de Las Palmas de Gran Canaria)</li>
<li>Renato Oniga (Università di Udine)</li>
<li>Paolo Poccetti (Università di Roma Tor Vergata)</li>
<li>Lucie Pultrova (Univerzita Karlova, Prague)</li>
<li>Josine Schrickx (Thesaurus linguae Latinae, Bayerische Akademie der Wissenschaften)</li>
<li>Olga Spevak (Université Toulouse Jean Jaurès)</li>
</ul>
<div class="spacer" style="height:20px"></div>
<p>Consilium honorarium :</p>
<ul>
<li>Phillip Baldi (Pennstate University)</li>
<li>Benjamin García Hernández (Universidad Autónoma de Madrid)</li>
<li>Friedrich Heberlein (Universität Eichstätt)</li>
<li>Manfred Kienpointner (Universität Innsbruck)</li>
<li>Christian Lehmann (Universität Erfurt)</li>
</ul>
<div class="spacer" style="height:20px"></div>
<p>In memoriam :</p>
<ul>
<li>Machtelt Bolkestein (Universiteit van Amsterdam)</li>
<li>Robert Coleman (Cambridge University)</li>
<li>Concepción Cabrillana Leal (Universidad de Santiago de Compostela)</li>
<li>Joseph Hermann (Budapest University)</li>
<li>Marius Lavency (Université de Louvain)</li>
<li>Claude Moussy (Université de Paris IV-Sorbonne)</li>
<li>Harm Pinkster (Universiteit van Amsterdam)</li>
<li>Hannah Rosén (The Hebrew University of Jerusalem)</li>
<li>Christian Touratier (Université d’Aix-Marseille)</li>
</ul>
<p>&nbsp;</p>
<p>Huius comitatus officium colloquiorum internationalium linguisticae Latinae ordinatio cum publicatione actorum est.</p>
