{"id":2,"date":"2015-07-03T12:23:50","date_gmt":"2015-07-03T11:23:50","guid":{"rendered":"http:\/\/web.philo.ulg.ac.be\/cill\/?page_id=2"},"modified":"2026-01-29T12:48:55","modified_gmt":"2026-01-29T11:48:55","slug":"page-d-exemple","status":"publish","type":"page","link":"http:\/\/web.philo.ulg.ac.be\/cill\/fr\/","title":{"rendered":"Accueil"},"content":{"rendered":"<p style=\"text-align: justify;\"><div class=\"heading-wrapper\"><h6><span class=\"heading-line-left\"><\/span><strong>Bienvenue sur le site officiel du Colloque international de linguistique latine &#8211; ICLL<\/strong><span class=\"heading-line-right\"><\/span><\/h6><\/div>\n<p style=\"text-align: justify;\"><img loading=\"lazy\" decoding=\"async\" class=\"alignleft wp-image-43\" src=\"http:\/\/web.philo.ulg.ac.be\/cill\/wp-content\/uploads\/sites\/17\/2015\/07\/test.png\" alt=\"test\" width=\"153\" height=\"105\" \/>Depuis trente ann\u00e9es, le Colloque International de Linguistique Latine a \u00e9t\u00e9 organis\u00e9 r\u00e9guli\u00e8rement selon un rythme bisannuel, d\u2019abord \u00e0 Amsterdam (1981), puis \u00e0 Aix-en-Provence (1983), Bologna (1985), Cambridge (1987), Louvain-la-Neuve (1989), Budapest (1991), Jerusalem (1993), Eichst\u00e4tt (1995), Madrid (1997), Paris (1999), Amsterdam (2001), Bologna (2003), Bruxelles (2005), Erfurt (2007), Innsbruck (2009), Uppsala (2011), Roma (2013), Toulouse (2015), M\u00fcnchen (2017), Las Palmas (2019), Santiago de Compostela (2022), Prague (2023) et Udine (2025).<\/p>\n<p style=\"text-align: justify;\">Ce colloque porte sur tous les aspects de la linguistique latine, dans des perspectives synchroniques et\/ou diachroniques. Chacune de ses \u00e9ditions a donn\u00e9 lieu \u00e0 la publication d\u2019un ou plusieurs volumes sur une vaste s\u00e9rie de sujets en linguistique latine, en phonologie, morphosyntaxe, s\u00e9mantique, pragmatique et stylistique, avec ou sans r\u00e9f\u00e9rence explicite aux d\u00e9veloppements de la linguistique g\u00e9n\u00e9rale. Les langues officielles du colloque sont l\u2019anglais, le fran\u00e7ais, l\u2019allemand, l\u2019espagnol, l\u2019italien et le latin. Pour les participants, chaque rencontre a \u00e9t\u00e9 une exp\u00e9rience stimulante et gratifiante.<\/p>\n<p>Le colloque est organis\u00e9 sous les auspices du Comit\u00e9 international de Linguistique latine, dont les membres sont :<\/p>\n<ul>\n<li>Suzanne Adema (Universiteit Leiden)<\/li>\n<li>Gualtiero Calboli (Universit\u00e0 degli Studi di Bologna)<\/li>\n<li>Mich\u00e8le Fruyt (Universit\u00e9 de Paris IV-Sorbonne)<\/li>\n<li>Gerd V. M. Haverling (Uppsala Universitet)<\/li>\n<li>Roland Hoffmann (Mainz)<\/li>\n<li>Caroline Kroon (Universiteit van Amsterdam &amp; Vrije Universiteit van Amsterdam)<\/li>\n<li>Dominique Longr\u00e9e (Universit\u00e9 de Li\u00e8ge et Universit\u00e9 Saint-Louis-Bruxelles) (Chair)<\/li>\n<li>Antonio M. Mart\u00edn Rodr\u00edguez (Universidad de Las Palmas de Gran Canaria)<\/li>\n<li>Renato Oniga (Universit\u00e0 di Udine)<\/li>\n<li>Paolo Poccetti (Universit\u00e0 di Roma Tor Vergata)<\/li>\n<li>Lucie Pultrova (Univerzita Karlova, Prague)<\/li>\n<li>Josine Schrickx (Thesaurus linguae Latinae, Bayerische Akademie der Wissenschaften)<\/li>\n<li>Olga Spevak (Universit\u00e9 Toulouse Jean Jaur\u00e8s)<\/li>\n<\/ul>\n<div class=\"spacer\" style=\"height:20px\"><\/div>\n<p>Comit\u00e9 d&rsquo;honneur :<\/p>\n<ul>\n<li>Phillip Baldi (Pennstate University)<\/li>\n<li>Benjamin Garc\u00eda Hern\u00e1ndez (Universidad Aut\u00f3noma de Madrid)<\/li>\n<li>Friedrich Heberlein (Universit\u00e4t Eichst\u00e4tt)<\/li>\n<li>Manfred Kienpointner (Universit\u00e4t Innsbruck)<\/li>\n<li>Christian Lehmann (Universit\u00e4t Erfurt)<\/li>\n<\/ul>\n<div class=\"spacer\" style=\"height:20px\"><\/div>\n<p>In memoriam :<\/p>\n<ul>\n<li>Machtelt Bolkestein (Universiteit van Amsterdam)<\/li>\n<li>Robert Coleman (Cambridge University)<\/li>\n<li>Concepci\u00f3n Cabrillana Leal (Universidad de Santiago de Compostela)<\/li>\n<li>Joseph Hermann (Budapest University)<\/li>\n<li>Marius Lavency (Universit\u00e9 de Louvain)<\/li>\n<li>Claude Moussy (Universit\u00e9 de Paris IV-Sorbonne)<\/li>\n<li>Harm Pinkster (Universiteit van Amsterdam)<\/li>\n<li>Hannah Ros\u00e9n (The Hebrew University of Jerusalem)<\/li>\n<li>Christian Touratier (Universit\u00e9 d\u2019Aix-Marseille)<\/li>\n<\/ul>\n<p>&nbsp;<\/p>\n","protected":false},"excerpt":{"rendered":"<p>Depuis trente ann\u00e9es, le Colloque International de Linguistique Latine a \u00e9t\u00e9 organis\u00e9 r\u00e9guli\u00e8rement selon un rythme bisannuel, d\u2019abord \u00e0 Amsterdam (1981), puis \u00e0 Aix-en-Provence (1983), Bologna (1985), Cambridge (1987), Louvain-la-Neuve (1989), Budapest (1991), Jerusalem (1993), Eichst\u00e4tt (1995), Madrid (1997), Paris (1999), Amsterdam (2001), Bologna (2003), Bruxelles (2005), Erfurt (2007), Innsbruck (2009), Uppsala (2011), Roma (2013), [&hellip;]<\/p>\n","protected":false},"author":2,"featured_media":0,"parent":0,"menu_order":0,"comment_status":"closed","ping_status":"closed","template":"","meta":{"footnotes":""},"class_list":["post-2","page","type-page","status-publish","hentry"],"_links":{"self":[{"href":"http:\/\/web.philo.ulg.ac.be\/cill\/wp-json\/wp\/v2\/pages\/2","targetHints":{"allow":["GET"]}}],"collection":[{"href":"http:\/\/web.philo.ulg.ac.be\/cill\/wp-json\/wp\/v2\/pages"}],"about":[{"href":"http:\/\/web.philo.ulg.ac.be\/cill\/wp-json\/wp\/v2\/types\/page"}],"author":[{"embeddable":true,"href":"http:\/\/web.philo.ulg.ac.be\/cill\/wp-json\/wp\/v2\/users\/2"}],"replies":[{"embeddable":true,"href":"http:\/\/web.philo.ulg.ac.be\/cill\/wp-json\/wp\/v2\/comments?post=2"}],"version-history":[{"count":5,"href":"http:\/\/web.philo.ulg.ac.be\/cill\/wp-json\/wp\/v2\/pages\/2\/revisions"}],"predecessor-version":[{"id":262,"href":"http:\/\/web.philo.ulg.ac.be\/cill\/wp-json\/wp\/v2\/pages\/2\/revisions\/262"}],"wp:attachment":[{"href":"http:\/\/web.philo.ulg.ac.be\/cill\/wp-json\/wp\/v2\/media?parent=2"}],"curies":[{"name":"wp","href":"https:\/\/api.w.org\/{rel}","templated":true}]}}

<p style="text-align: justify;"><div class="heading-wrapper"><h6><span class="heading-line-left"></span><strong>Bienvenue sur le site officiel du Colloque international de linguistique latine &#8211; ICLL</strong><span class="heading-line-right"></span></h6></div>
<p style="text-align: justify;"><img loading="lazy" decoding="async" class="alignleft wp-image-43" src="http://web.philo.ulg.ac.be/cill/wp-content/uploads/sites/17/2015/07/test.png" alt="test" width="153" height="105" />Depuis trente années, le Colloque International de Linguistique Latine a été organisé régulièrement selon un rythme bisannuel, d’abord à Amsterdam (1981), puis à Aix-en-Provence (1983), Bologna (1985), Cambridge (1987), Louvain-la-Neuve (1989), Budapest (1991), Jerusalem (1993), Eichstätt (1995), Madrid (1997), Paris (1999), Amsterdam (2001), Bologna (2003), Bruxelles (2005), Erfurt (2007), Innsbruck (2009), Uppsala (2011), Roma (2013), Toulouse (2015), München (2017), Las Palmas (2019), Santiago de Compostela (2022), Prague (2023) et Udine (2025).</p>
<p style="text-align: justify;">Ce colloque porte sur tous les aspects de la linguistique latine, dans des perspectives synchroniques et/ou diachroniques. Chacune de ses éditions a donné lieu à la publication d’un ou plusieurs volumes sur une vaste série de sujets en linguistique latine, en phonologie, morphosyntaxe, sémantique, pragmatique et stylistique, avec ou sans référence explicite aux développements de la linguistique générale. Les langues officielles du colloque sont l’anglais, le français, l’allemand, l’espagnol, l’italien et le latin. Pour les participants, chaque rencontre a été une expérience stimulante et gratifiante.</p>
<p>Le colloque est organisé sous les auspices du Comité international de Linguistique latine, dont les membres sont :</p>
<ul>
<li>Suzanne Adema (Universiteit Leiden)</li>
<li>Gualtiero Calboli (Università degli Studi di Bologna)</li>
<li>Michèle Fruyt (Université de Paris IV-Sorbonne)</li>
<li>Gerd V. M. Haverling (Uppsala Universitet)</li>
<li>Roland Hoffmann (Mainz)</li>
<li>Caroline Kroon (Universiteit van Amsterdam &amp; Vrije Universiteit van Amsterdam)</li>
<li>Dominique Longrée (Université de Liège et Université Saint-Louis-Bruxelles) (Chair)</li>
<li>Antonio M. Martín Rodríguez (Universidad de Las Palmas de Gran Canaria)</li>
<li>Renato Oniga (Università di Udine)</li>
<li>Paolo Poccetti (Università di Roma Tor Vergata)</li>
<li>Lucie Pultrova (Univerzita Karlova, Prague)</li>
<li>Josine Schrickx (Thesaurus linguae Latinae, Bayerische Akademie der Wissenschaften)</li>
<li>Olga Spevak (Université Toulouse Jean Jaurès)</li>
</ul>
<div class="spacer" style="height:20px"></div>
<p>Comité d&rsquo;honneur :</p>
<ul>
<li>Phillip Baldi (Pennstate University)</li>
<li>Benjamin García Hernández (Universidad Autónoma de Madrid)</li>
<li>Friedrich Heberlein (Universität Eichstätt)</li>
<li>Manfred Kienpointner (Universität Innsbruck)</li>
<li>Christian Lehmann (Universität Erfurt)</li>
</ul>
<div class="spacer" style="height:20px"></div>
<p>In memoriam :</p>
<ul>
<li>Machtelt Bolkestein (Universiteit van Amsterdam)</li>
<li>Robert Coleman (Cambridge University)</li>
<li>Concepción Cabrillana Leal (Universidad de Santiago de Compostela)</li>
<li>Joseph Hermann (Budapest University)</li>
<li>Marius Lavency (Université de Louvain)</li>
<li>Claude Moussy (Université de Paris IV-Sorbonne)</li>
<li>Harm Pinkster (Universiteit van Amsterdam)</li>
<li>Hannah Rosén (The Hebrew University of Jerusalem)</li>
<li>Christian Touratier (Université d’Aix-Marseille)</li>
</ul>
<p>&nbsp;</p>

<p>Depuis trente années, le Colloque International de Linguistique Latine a été organisé régulièrement selon un rythme bisannuel, d’abord à Amsterdam (1981), puis à Aix-en-Provence (1983), Bologna (1985), Cambridge (1987), Louvain-la-Neuve (1989), Budapest (1991), Jerusalem (1993), Eichstätt (1995), Madrid (1997), Paris (1999), Amsterdam (2001), Bologna (2003), Bruxelles (2005), Erfurt (2007), Innsbruck (2009), Uppsala (2011), Roma (2013), [&hellip;]</p>
