{"id":83,"date":"2015-08-26T10:07:39","date_gmt":"2015-08-26T09:07:39","guid":{"rendered":"http:\/\/web.philo.ulg.ac.be\/cill\/?page_id=83"},"modified":"2026-01-29T12:53:58","modified_gmt":"2026-01-29T11:53:58","slug":"leitseite","status":"publish","type":"page","link":"http:\/\/web.philo.ulg.ac.be\/cill\/de\/","title":{"rendered":"Leitseite"},"content":{"rendered":"<div class=\"heading-wrapper\"><h6><span class=\"heading-line-left\"><\/span><strong>Willkommen auf der offiziellen Webseite von dem Internationales Kolloquium zur Lateinischen Linguistik &#8211; ICLL<\/strong><span class=\"heading-line-right\"><\/span><\/h6><\/div>\n<p style=\"text-align: justify;\"><img loading=\"lazy\" decoding=\"async\" class=\"alignleft wp-image-43\" src=\"http:\/\/web.philo.ulg.ac.be\/cill\/wp-content\/uploads\/sites\/17\/2015\/07\/test.png\" alt=\"test\" width=\"153\" height=\"105\" \/>Das zweij\u00e4hrige Internationale Kolloquium zur Lateinischen Linguistik ist kontinuierlich fast drei Jahrzehnte lang abgehalten worden, zuerst in Amsterdam (1981), dann in Aix-en-Provence (1983), Bologna (1985), Cambridge (1987), Louvain-la-Neuve (1989), Budapest (1991), Jerusalem (1993), Eichst\u00e4tt (1995), Madrid (1997), Paris (1999), Amsterdam (2001), Bologna (2003), Brussels (2005), Erfurt (2007), Innsbruck (2009), Uppsala (2001), Roma (2013), Toulouse (2015), M\u00fcnchen (2017), Las Palmas (2019), Santiago de Compostela (2022), Prague (2023) und Udine (2025).<\/p>\n<p style=\"text-align: justify;\">Das Kolloquium ist allen Aspekten der Lateinischen Linguistik gewidmet, von einer synchronen und einer diachronen Perspektive ausgehend. Jede Tagung hat einen oder mehrere B\u00e4nde von Tagungsakten hervorgebracht, mit einer breiten Palette von Themen in der Lateinischen Linguistik, in Phonologie, Morphosyntax, Semantik, Pragmatik und Textstruktur, mit oder ohne expliziten Bezug auf allgemein sprachwissenschaftliche Theoriebildung. Die offiziellen Sprachen des Kolloquiums sind Englisch, Franz\u00f6sisch, Deutsch, Spanisch, Italienisch und Latein. Die Teilnehmenden haben jedes dieser Treffen als eine anregende und wertvolle Erfahrung erlebt.<\/p>\n<p>Die Treffen werden unter den Auspizien des Internationalen Komitees zur Lateinischen Linguistik organisiert, dessen Mitglieder die folgenden sind :<\/p>\n<ul>\n<li>Suzanne Adema (Universiteit Leiden)<\/li>\n<li>Gualtiero Calboli (Universit\u00e0 degli Studi di Bologna)<\/li>\n<li>Mich\u00e8le Fruyt (Universit\u00e9 de Paris IV-Sorbonne)<\/li>\n<li>Gerd V. M. Haverling (Uppsala Universitet)<\/li>\n<li>Roland Hoffmann (Mainz)<\/li>\n<li>Caroline Kroon (Universiteit van Amsterdam &amp; Vrije Universiteit van Amsterdam)<\/li>\n<li>Dominique Longr\u00e9e (Universit\u00e9 de Li\u00e8ge et Universit\u00e9 Saint-Louis-Bruxelles) (Chair)<\/li>\n<li>Antonio M. Mart\u00edn Rodr\u00edguez (Universidad de Las Palmas de Gran Canaria)<\/li>\n<li>Renato Oniga (Universit\u00e0 di Udine)<\/li>\n<li>Paolo Poccetti (Universit\u00e0 di Roma Tor Vergata)<\/li>\n<li>Lucie Pultrova (Univerzita Karlova, Prague)<\/li>\n<li>Josine Schrickx (Thesaurus linguae Latinae, Bayerische Akademie der Wissenschaften)<\/li>\n<li>Olga Spevak (Universit\u00e9 Toulouse Jean Jaur\u00e8s)<\/li>\n<\/ul>\n<div class=\"spacer\" style=\"height:20px\"><\/div>\n<p>Ehrenkomitee :<\/p>\n<ul>\n<li>Phillip Baldi (Pennstate University)<\/li>\n<li>Benjamin Garc\u00eda Hern\u00e1ndez (Universidad Aut\u00f3noma de Madrid)<\/li>\n<li>Friedrich Heberlein (Universit\u00e4t Eichst\u00e4tt)<\/li>\n<li>Manfred Kienpointner (Universit\u00e4t Innsbruck)<\/li>\n<li>Christian Lehmann (Universit\u00e4t Erfurt)<\/li>\n<\/ul>\n<div class=\"spacer\" style=\"height:20px\"><\/div>\n<p>In memoriam :<\/p>\n<ul>\n<li>Machtelt Bolkestein (Universiteit van Amsterdam)<\/li>\n<li>Robert Coleman (Cambridge University)<\/li>\n<li>Concepci\u00f3n Cabrillana Leal (Universidad de Santiago de Compostela)<\/li>\n<li>Joseph Hermann (Budapest University)<\/li>\n<li>Marius Lavency (Universit\u00e9 de Louvain)<\/li>\n<li>Claude Moussy (Universit\u00e9 de Paris IV-Sorbonne)<\/li>\n<li>Harm Pinkster (Universiteit van Amsterdam)<\/li>\n<li>Hannah Ros\u00e9n (The Hebrew University of Jerusalem)<\/li>\n<li>Christian Touratier (Universit\u00e9 d\u2019Aix-Marseille)<\/li>\n<\/ul>\n<p>&nbsp;<\/p>\n<p>&nbsp;<\/p>\n","protected":false},"excerpt":{"rendered":"<p>Das zweij\u00e4hrige Internationale Kolloquium zur Lateinischen Linguistik ist kontinuierlich fast drei Jahrzehnte lang abgehalten worden, zuerst in Amsterdam (1981), dann in Aix-en-Provence (1983), Bologna (1985), Cambridge (1987), Louvain-la-Neuve (1989), Budapest (1991), Jerusalem (1993), Eichst\u00e4tt (1995), Madrid (1997), Paris (1999), Amsterdam (2001), Bologna (2003), Brussels (2005), Erfurt (2007), Innsbruck (2009), Uppsala (2001), Roma (2013), Toulouse (2015), [&hellip;]<\/p>\n","protected":false},"author":2,"featured_media":0,"parent":0,"menu_order":0,"comment_status":"closed","ping_status":"closed","template":"","meta":{"footnotes":""},"class_list":["post-83","page","type-page","status-publish","hentry"],"_links":{"self":[{"href":"http:\/\/web.philo.ulg.ac.be\/cill\/wp-json\/wp\/v2\/pages\/83","targetHints":{"allow":["GET"]}}],"collection":[{"href":"http:\/\/web.philo.ulg.ac.be\/cill\/wp-json\/wp\/v2\/pages"}],"about":[{"href":"http:\/\/web.philo.ulg.ac.be\/cill\/wp-json\/wp\/v2\/types\/page"}],"author":[{"embeddable":true,"href":"http:\/\/web.philo.ulg.ac.be\/cill\/wp-json\/wp\/v2\/users\/2"}],"replies":[{"embeddable":true,"href":"http:\/\/web.philo.ulg.ac.be\/cill\/wp-json\/wp\/v2\/comments?post=83"}],"version-history":[{"count":5,"href":"http:\/\/web.philo.ulg.ac.be\/cill\/wp-json\/wp\/v2\/pages\/83\/revisions"}],"predecessor-version":[{"id":267,"href":"http:\/\/web.philo.ulg.ac.be\/cill\/wp-json\/wp\/v2\/pages\/83\/revisions\/267"}],"wp:attachment":[{"href":"http:\/\/web.philo.ulg.ac.be\/cill\/wp-json\/wp\/v2\/media?parent=83"}],"curies":[{"name":"wp","href":"https:\/\/api.w.org\/{rel}","templated":true}]}}

<div class="heading-wrapper"><h6><span class="heading-line-left"></span><strong>Willkommen auf der offiziellen Webseite von dem Internationales Kolloquium zur Lateinischen Linguistik &#8211; ICLL</strong><span class="heading-line-right"></span></h6></div>
<p style="text-align: justify;"><img loading="lazy" decoding="async" class="alignleft wp-image-43" src="http://web.philo.ulg.ac.be/cill/wp-content/uploads/sites/17/2015/07/test.png" alt="test" width="153" height="105" />Das zweijährige Internationale Kolloquium zur Lateinischen Linguistik ist kontinuierlich fast drei Jahrzehnte lang abgehalten worden, zuerst in Amsterdam (1981), dann in Aix-en-Provence (1983), Bologna (1985), Cambridge (1987), Louvain-la-Neuve (1989), Budapest (1991), Jerusalem (1993), Eichstätt (1995), Madrid (1997), Paris (1999), Amsterdam (2001), Bologna (2003), Brussels (2005), Erfurt (2007), Innsbruck (2009), Uppsala (2001), Roma (2013), Toulouse (2015), München (2017), Las Palmas (2019), Santiago de Compostela (2022), Prague (2023) und Udine (2025).</p>
<p style="text-align: justify;">Das Kolloquium ist allen Aspekten der Lateinischen Linguistik gewidmet, von einer synchronen und einer diachronen Perspektive ausgehend. Jede Tagung hat einen oder mehrere Bände von Tagungsakten hervorgebracht, mit einer breiten Palette von Themen in der Lateinischen Linguistik, in Phonologie, Morphosyntax, Semantik, Pragmatik und Textstruktur, mit oder ohne expliziten Bezug auf allgemein sprachwissenschaftliche Theoriebildung. Die offiziellen Sprachen des Kolloquiums sind Englisch, Französisch, Deutsch, Spanisch, Italienisch und Latein. Die Teilnehmenden haben jedes dieser Treffen als eine anregende und wertvolle Erfahrung erlebt.</p>
<p>Die Treffen werden unter den Auspizien des Internationalen Komitees zur Lateinischen Linguistik organisiert, dessen Mitglieder die folgenden sind :</p>
<ul>
<li>Suzanne Adema (Universiteit Leiden)</li>
<li>Gualtiero Calboli (Università degli Studi di Bologna)</li>
<li>Michèle Fruyt (Université de Paris IV-Sorbonne)</li>
<li>Gerd V. M. Haverling (Uppsala Universitet)</li>
<li>Roland Hoffmann (Mainz)</li>
<li>Caroline Kroon (Universiteit van Amsterdam &amp; Vrije Universiteit van Amsterdam)</li>
<li>Dominique Longrée (Université de Liège et Université Saint-Louis-Bruxelles) (Chair)</li>
<li>Antonio M. Martín Rodríguez (Universidad de Las Palmas de Gran Canaria)</li>
<li>Renato Oniga (Università di Udine)</li>
<li>Paolo Poccetti (Università di Roma Tor Vergata)</li>
<li>Lucie Pultrova (Univerzita Karlova, Prague)</li>
<li>Josine Schrickx (Thesaurus linguae Latinae, Bayerische Akademie der Wissenschaften)</li>
<li>Olga Spevak (Université Toulouse Jean Jaurès)</li>
</ul>
<div class="spacer" style="height:20px"></div>
<p>Ehrenkomitee :</p>
<ul>
<li>Phillip Baldi (Pennstate University)</li>
<li>Benjamin García Hernández (Universidad Autónoma de Madrid)</li>
<li>Friedrich Heberlein (Universität Eichstätt)</li>
<li>Manfred Kienpointner (Universität Innsbruck)</li>
<li>Christian Lehmann (Universität Erfurt)</li>
</ul>
<div class="spacer" style="height:20px"></div>
<p>In memoriam :</p>
<ul>
<li>Machtelt Bolkestein (Universiteit van Amsterdam)</li>
<li>Robert Coleman (Cambridge University)</li>
<li>Concepción Cabrillana Leal (Universidad de Santiago de Compostela)</li>
<li>Joseph Hermann (Budapest University)</li>
<li>Marius Lavency (Université de Louvain)</li>
<li>Claude Moussy (Université de Paris IV-Sorbonne)</li>
<li>Harm Pinkster (Universiteit van Amsterdam)</li>
<li>Hannah Rosén (The Hebrew University of Jerusalem)</li>
<li>Christian Touratier (Université d’Aix-Marseille)</li>
</ul>
<p>&nbsp;</p>
<p>&nbsp;</p>

<p>Das zweijährige Internationale Kolloquium zur Lateinischen Linguistik ist kontinuierlich fast drei Jahrzehnte lang abgehalten worden, zuerst in Amsterdam (1981), dann in Aix-en-Provence (1983), Bologna (1985), Cambridge (1987), Louvain-la-Neuve (1989), Budapest (1991), Jerusalem (1993), Eichstätt (1995), Madrid (1997), Paris (1999), Amsterdam (2001), Bologna (2003), Brussels (2005), Erfurt (2007), Innsbruck (2009), Uppsala (2001), Roma (2013), Toulouse (2015), [&hellip;]</p>
