{"id":3429,"date":"2014-07-03T10:45:30","date_gmt":"2014-07-03T09:45:30","guid":{"rendered":"http:\/\/web.philo.ulg.ac.be\/culturessensibles\/?page_id=3429"},"modified":"2016-12-01T15:08:41","modified_gmt":"2016-12-01T14:08:41","slug":"maria-gulia-dondero","status":"publish","type":"page","link":"http:\/\/web.philo.ulg.ac.be\/culturessensibles\/maria-gulia-dondero\/","title":{"rendered":"Maria Gulia Dondero"},"content":{"rendered":"<div class=\"heading-wrapper\"><h6><span class=\"heading-line-left\"><\/span><strong>Membres<\/strong><span class=\"heading-line-right\"><\/span><\/h6><\/div>\n<div class=\"column column-1-3\"><div class=\"staff-wrapper\"><img decoding=\"async\" src=\"\" alt=\"\"\/><div class=\"person-name\">Maria Gulia Dondero<i class=\"moon-users-2\"><\/i><\/div><div class=\"person-title\">FNRS, ULg<\/div><div class=\"person-description\"><\/div><\/div><\/div>\n<div class=\"column column-2-3 column-last\">\n<div class=\"su-accordion\">\n<div class=\"su-spoiler su-spoiler-style-1 su-spoiler-open\"><div class=\"su-spoiler-title\"><i class=\"moon-arrow-right-2 spoiler-button\"><\/i><i class=\"moon-arrow-down spoiler-button spoiler-active\"><\/i><strong>Pr\u00e9sentation<\/strong><\/div><div class=\"su-spoiler-content\" style=\"display:block\">\n<p style=\"text-align: justify;\">Form\u00e9e en histoire de l\u2019art et s\u00e9miotique visuelle \u00e0 l\u2019Universit\u00e9 de Bologne, docteure en \u00ab\u00a0Communication et nouvelles technologies\u00a0\u00bb avec une th\u00e8se sur la s\u00e9miotique de la photographie \u00e0 l\u2019Universit\u00e9 IULM de Milan, Maria Giulia Dondero est chercheure qualifi\u00e9e du Fonds de la Recherche Scientifique-FNRS et travaille \u00e0 l\u2019Universit\u00e9 de Li\u00e8ge. Elle a \u00e9crit une soixantaine d\u2019articles en fran\u00e7ais, italien et anglais sur les statuts de l\u2019image photographique (artistique, religieux, scientifique) dans les plus importantes revues de s\u00e9miotique, communication et th\u00e9orie des arts (<em>Semiotica<\/em>, <em>Prot\u00e9e<\/em>, <em>Nouveaux Actes S\u00e9miotiques<\/em>,<em> The American Journal of Semiotics<\/em>, <em>CASA Cadernos de Semi\u00f3tica Aplicada<\/em>, <em>T\u00f3picos del seminario<\/em>, <em>Semen,<\/em> <em>Visible<\/em>, <em>Communication et Langage<\/em>, <em>Recherches en Communication<\/em>, <em>Questions de communication<\/em>, <em>Il Verri, etc.<\/em>) et dirig\u00e9 une quinzaine d\u2019ouvrages collectifs sur la relation entre image et subjectivit\u00e9 (\u00e9nonciation visuelle), sur images scientifiques et esth\u00e9tique, sur intertextualit\u00e9 et interm\u00e9dialit\u00e9, sur \u00e9thique et jugement esth\u00e9tique.<\/p>\n<p style=\"text-align: justify;\">Concernant les th\u00e9ories de la photographie, elle a publi\u00e9 en 2011 l\u2019ouvrage <em>S\u00e9miotique de la photographie <\/em>en collaboration avec P.\u00a0Basso Fossali (Pulim, Limoges).<\/p>\n<p style=\"text-align: justify;\">Ses recherches sur le dispositif photographique et la repr\u00e9sentation de la transcendance ont d\u00e9bouch\u00e9 sur l\u2019ouvrage <em>Le sacr\u00e9 dans l\u2019image photographique. Etudes s\u00e9miotiques<\/em> (Herm\u00e8s Lavoisier, Paris, 2009).<\/p>\n<p style=\"text-align: justify;\">Elle a travaill\u00e9 sur l\u2019argumentation visuelle dans le discours scientifique, et notamment sur la relation entre visualisation et math\u00e9matisation (pens\u00e9e diagrammatique)\u00a0; ses recherches r\u00e9centes portent sur le rapport entre images scientifiques et vues d\u2019artiste dans la vulgarisation scientifique. Son dernier ouvrage sur ces questions, \u00e9crit en collaboration avec Jacques Fontanille, a pour titre <em>Des images \u00e0 probl\u00e8mes. Le sens du visuel \u00e0 l\u2019\u00e9preuve de l\u2019image scientifique<\/em> (Pulim, Limoges, 2012) et a \u00e9t\u00e9 traduit par Legas Publishing (Ottawa) en 2014 (<em>The Semiotic Challenge of Scientific Images. A Test Case for Visual Meaning<\/em>).<\/p>\n<p style=\"text-align: justify;\">Elle est co-fondatrice et directrice de la revue de s\u00e9miotique <em>Signata. Annales des s\u00e9miotiques\/Annals of Semiotics<\/em> <a href=\"http:\/\/www.signata.ulg.ac.be\/\">http:\/\/www.signata.ulg.ac.be\/<\/a> et co-fondatrice de la collection de s\u00e9miotique <em>Sigilla<\/em> chez les Presses universitaires de Li\u00e8ge (PULg).<\/p>\n<p style=\"text-align: justify;\">Elle est \u00e9galement vice-Pr\u00e9sidente de l\u2019International Association for Visual Semiotics (IASV) et premi\u00e8re vice-Pr\u00e9sidente de l\u2019Association Fran\u00e7aise de S\u00e9miotique (AFS).<\/p>\n<p style=\"text-align: justify;\"><\/div><\/div>\n<div class=\"su-spoiler su-spoiler-style-1\"><div class=\"su-spoiler-title\"><i class=\"moon-arrow-right-2 spoiler-button\"><\/i><i class=\"moon-arrow-down spoiler-button spoiler-active\"><\/i><strong>Adresse de contact<\/strong><\/div><div class=\"su-spoiler-content\">\n<p><a href=\"mailto:MariaGiulia.Dondero@ulg.ac.be\">MariaGiulia.Dondero@ulg.ac.be<\/a><\/p>\n<\/div><\/div>\n<div class=\"su-spoiler su-spoiler-style-1\"><div class=\"su-spoiler-title\"><i class=\"moon-arrow-right-2 spoiler-button\"><\/i><i class=\"moon-arrow-down spoiler-button spoiler-active\"><\/i><strong>Page personnelle<\/strong><\/div><div class=\"su-spoiler-content\">\n<p><a href=\"http:\/\/www.academieroyale.be\/n11458\/Maria%20Giulia.Dondero\" target=\"_blank\">http:\/\/www.academieroyale.be\/n11458\/Maria%20Giulia.Dondero<\/a><\/p>\n<\/div><\/div>\n<\/div>\n<\/div><div class=\"clear\"><\/div>\n","protected":false},"excerpt":{"rendered":"","protected":false},"author":4,"featured_media":0,"parent":0,"menu_order":0,"comment_status":"closed","ping_status":"closed","template":"","meta":{"footnotes":""},"class_list":["post-3429","page","type-page","status-publish","hentry"],"_links":{"self":[{"href":"http:\/\/web.philo.ulg.ac.be\/culturessensibles\/wp-json\/wp\/v2\/pages\/3429","targetHints":{"allow":["GET"]}}],"collection":[{"href":"http:\/\/web.philo.ulg.ac.be\/culturessensibles\/wp-json\/wp\/v2\/pages"}],"about":[{"href":"http:\/\/web.philo.ulg.ac.be\/culturessensibles\/wp-json\/wp\/v2\/types\/page"}],"author":[{"embeddable":true,"href":"http:\/\/web.philo.ulg.ac.be\/culturessensibles\/wp-json\/wp\/v2\/users\/4"}],"replies":[{"embeddable":true,"href":"http:\/\/web.philo.ulg.ac.be\/culturessensibles\/wp-json\/wp\/v2\/comments?post=3429"}],"version-history":[{"count":3,"href":"http:\/\/web.philo.ulg.ac.be\/culturessensibles\/wp-json\/wp\/v2\/pages\/3429\/revisions"}],"predecessor-version":[{"id":5052,"href":"http:\/\/web.philo.ulg.ac.be\/culturessensibles\/wp-json\/wp\/v2\/pages\/3429\/revisions\/5052"}],"wp:attachment":[{"href":"http:\/\/web.philo.ulg.ac.be\/culturessensibles\/wp-json\/wp\/v2\/media?parent=3429"}],"curies":[{"name":"wp","href":"https:\/\/api.w.org\/{rel}","templated":true}]}}