{"id":3433,"date":"2014-07-03T10:46:09","date_gmt":"2014-07-03T09:46:09","guid":{"rendered":"http:\/\/web.philo.ulg.ac.be\/culturessensibles\/?page_id=3433"},"modified":"2016-12-01T15:15:27","modified_gmt":"2016-12-01T14:15:27","slug":"valerie-glansdorff","status":"publish","type":"page","link":"http:\/\/web.philo.ulg.ac.be\/culturessensibles\/valerie-glansdorff\/","title":{"rendered":"Val\u00e9rie Glansdorff"},"content":{"rendered":"<div class=\"heading-wrapper\"><h6><span class=\"heading-line-left\"><\/span><strong>Membres<\/strong><span class=\"heading-line-right\"><\/span><\/h6><\/div>\n<div class=\"column column-1-3\"><div class=\"staff-wrapper\"><img decoding=\"async\" src=\"\" alt=\"\"\/><div class=\"person-name\">Val\u00e9rie Glansdorff<i class=\"moon-users-2\"><\/i><\/div><div class=\"person-title\">ULB<\/div><div class=\"person-description\"><\/div><\/div><\/div>\n<div class=\"column column-2-3 column-last\">\n<div class=\"su-accordion\">\n<div class=\"su-spoiler su-spoiler-style-1 su-spoiler-open\"><div class=\"su-spoiler-title\"><i class=\"moon-arrow-right-2 spoiler-button\"><\/i><i class=\"moon-arrow-down spoiler-button spoiler-active\"><\/i><strong>Pr\u00e9sentation<\/strong><\/div><div class=\"su-spoiler-content\" style=\"display:block\">\n<p style=\"text-align: justify;\">Assistante au D\u00e9partement de philosophie, \u00e9thique et science des religions de l\u2019Universit\u00e9 Libre de Bruxelles<br \/>\nChercheure au PHI (Centre de recherche en philosophie de l\u2019ULB)<br \/>\nProjet de doctorat en cours, sous l\u2019intitul\u00e9\u00a0: <em>L\u2019apparence animale. Vers une philosophie de l\u2019expressivit\u00e9<\/em> (dir. I. Stengers et T. Lenain)<br \/>\nPrincipaux domaines de recherche\u00a0: \u00e9pist\u00e9mologie, philosophie de la nature, esth\u00e9tique, rapports entre \u00e9thologie et philosophie, <em>Animal Studies<\/em>.<\/p>\n<p style=\"text-align: justify;\">Sur le terrain de la philosophie de la biologie, mes recherches consistent principalement \u00e0 r\u00e9habiliter la forme animale, c\u2019est-\u00e0-dire la mani\u00e8re dont les animaux se manifestent dans leur totalit\u00e9, face \u00e0 la \u00ab\u00a0mol\u00e9cularisation\u00a0\u00bb de la discipline et au r\u00e9ductionnisme qu\u2019elle engendre. Cette d\u00e9marche, amorc\u00e9e par le zoologue Adolf Portmann dans la seconde moiti\u00e9 du 20<sup>e<\/sup> si\u00e8cle, m\u2019am\u00e8ne \u00e0 travailler en particulier sur le concept d\u2019expressivit\u00e9 comme \u00e9tant fondamental dans un paysage o\u00f9 le fonctionnalisme des th\u00e9ories n\u00e9o-darwiniennes domine. Ce faisant, je d\u00e9fends l\u2019id\u00e9e selon laquelle l\u2019apparence du vivant doit \u00eatre abord\u00e9e, au sein m\u00eame des sciences, par l\u2019esth\u00e9tique. Cette ligne directrice me conduit \u00e0 d\u00e9velopper le versant compr\u00e9hensif de la biologie par rapport \u00e0 celui, hypertrophi\u00e9 et explicatif de la discipline. Sur la sc\u00e8ne des ph\u00e9nom\u00e8nes naturels et des \u00e9pist\u00e9mologies qui les encadrent, cela revient \u00e0 confronter le sens et les raisons aux significations et aux causes.<\/p>\n<p style=\"text-align: justify;\">Parall\u00e8lement, je m\u2019int\u00e9resse \u00e0 tout ce qui touche aux repr\u00e9sentations animales et aux pratiques qui utilisent la forme animale comme moyen d\u2019expression, en particulier la taxidermie et son d\u00e9tournement sur la sc\u00e8ne artistique contemporaine. Cet int\u00e9r\u00eat me pousse \u00e0 travailler sur l\u2019expressivit\u00e9 de la chair, des ossements, peaux et carcasses animales, tous ces lieux signifiants qui ne passent pas par le visage.<\/p>\n<\/div><\/div>\n<div class=\"su-spoiler su-spoiler-style-1\"><div class=\"su-spoiler-title\"><i class=\"moon-arrow-right-2 spoiler-button\"><\/i><i class=\"moon-arrow-down spoiler-button spoiler-active\"><\/i><strong>Adresse de contact<\/strong><\/div><div class=\"su-spoiler-content\">\n<p style=\"text-align: justify;\"><a href=\"mailto:Valerie.Glansdorff@ulb.ac.be\">Valerie.Glansdorff@ulb.ac.be<\/a><\/p>\n<\/div><\/div>\n<\/div>\n<\/div><div class=\"clear\"><\/div>\n","protected":false},"excerpt":{"rendered":"","protected":false},"author":4,"featured_media":0,"parent":0,"menu_order":0,"comment_status":"closed","ping_status":"closed","template":"","meta":{"footnotes":""},"class_list":["post-3433","page","type-page","status-publish","hentry"],"_links":{"self":[{"href":"http:\/\/web.philo.ulg.ac.be\/culturessensibles\/wp-json\/wp\/v2\/pages\/3433","targetHints":{"allow":["GET"]}}],"collection":[{"href":"http:\/\/web.philo.ulg.ac.be\/culturessensibles\/wp-json\/wp\/v2\/pages"}],"about":[{"href":"http:\/\/web.philo.ulg.ac.be\/culturessensibles\/wp-json\/wp\/v2\/types\/page"}],"author":[{"embeddable":true,"href":"http:\/\/web.philo.ulg.ac.be\/culturessensibles\/wp-json\/wp\/v2\/users\/4"}],"replies":[{"embeddable":true,"href":"http:\/\/web.philo.ulg.ac.be\/culturessensibles\/wp-json\/wp\/v2\/comments?post=3433"}],"version-history":[{"count":1,"href":"http:\/\/web.philo.ulg.ac.be\/culturessensibles\/wp-json\/wp\/v2\/pages\/3433\/revisions"}],"predecessor-version":[{"id":5057,"href":"http:\/\/web.philo.ulg.ac.be\/culturessensibles\/wp-json\/wp\/v2\/pages\/3433\/revisions\/5057"}],"wp:attachment":[{"href":"http:\/\/web.philo.ulg.ac.be\/culturessensibles\/wp-json\/wp\/v2\/media?parent=3433"}],"curies":[{"name":"wp","href":"https:\/\/api.w.org\/{rel}","templated":true}]}}