{"id":3435,"date":"2014-07-03T10:46:33","date_gmt":"2014-07-03T09:46:33","guid":{"rendered":"http:\/\/web.philo.ulg.ac.be\/culturessensibles\/?page_id=3435"},"modified":"2016-12-01T15:16:42","modified_gmt":"2016-12-01T14:16:42","slug":"agnes-guiderdoni","status":"publish","type":"page","link":"http:\/\/web.philo.ulg.ac.be\/culturessensibles\/agnes-guiderdoni\/","title":{"rendered":"Agn\u00e8s Guiderdoni"},"content":{"rendered":"<div class=\"heading-wrapper\"><h6><span class=\"heading-line-left\"><\/span><strong>Membres<\/strong><span class=\"heading-line-right\"><\/span><\/h6><\/div>\n<div class=\"column column-1-3\"><div class=\"staff-wrapper\"><img decoding=\"async\" src=\"\" alt=\"\"\/><div class=\"person-name\">Agn\u00e8s Guiderdoni<i class=\"moon-users-2\"><\/i><\/div><div class=\"person-title\">UCL<\/div><div class=\"person-description\"><\/div><\/div><\/div>\n<div class=\"column column-2-3 column-last\">\n<div class=\"su-accordion\">\n<div class=\"su-spoiler su-spoiler-style-1 su-spoiler-open\"><div class=\"su-spoiler-title\"><i class=\"moon-arrow-right-2 spoiler-button\"><\/i><i class=\"moon-arrow-down spoiler-button spoiler-active\"><\/i><strong>Pr\u00e9sentation<\/strong><\/div><div class=\"su-spoiler-content\" style=\"display:block\">\n<p style=\"text-align: justify;\">Agn\u00e8s Guiderdoni is research associate of the Fonds National de la Recherche Scientifique (Belgium) and professor of literature at the Universit\u00e9 catholique de Louvain, where she is the co-director of the Centre for Early Modern Cultural Analysis (GEMCA). Originally a specialist of 17<sup>th<\/sup> century French literature, she more particularly studies emblematic literature and the field of figurative representations (<em>imago figurata<\/em>).Among her publications: <em>Emblemata sacra. <\/em><em>The Rhetoric and Hermeneutics of Illustrated Sacred Discourse<\/em>, R. Dekoninck et A. Guiderdoni (eds), Brepols, 2007\u00a0; <em>Aux limites de l\u2019imitation. <\/em><em>L\u2019<\/em>ut pictura poesis <em>\u00e0 l\u2019\u00e9preuve de la mati\u00e8re<\/em>, R. Dekoninck, A. Guiderdoni et N. Kremer (eds), Rodopi, 2009\u00a0;<em> Ut pictura meditatio. <\/em><em>The Meditative Image in Northern Art, 1500-1700<\/em>, R. Dekoninck, A. Guiderdoni-Brusl\u00e9 and W. Melion (eds), Brepols, 2012; <em>Fictions sacr\u00e9es. <\/em><em>Esth\u00e9tique et th\u00e9ologie durant le premier \u00e2ge moderne<\/em>, R. Dekoninck, A. Guiderdoni &amp; E. Granjon (eds), Leuven, Peeters (\u00ab\u00a0Art and Religion\u00a0\u00bb), 2012. A monography on Emblematics and Spirituality is in progress.<\/p>\n<p style=\"text-align: justify;\"><\/div><\/div>\n<div class=\"su-spoiler su-spoiler-style-1\"><div class=\"su-spoiler-title\"><i class=\"moon-arrow-right-2 spoiler-button\"><\/i><i class=\"moon-arrow-down spoiler-button spoiler-active\"><\/i><strong>Adresse de contact<\/strong><\/div><div class=\"su-spoiler-content\">\n<p><a href=\"mailto:Agnes.guiderdoni@uclouvain.be\">Agnes.guiderdoni@uclouvain.be<\/a><\/p>\n<\/div><\/div>\n<div class=\"su-spoiler su-spoiler-style-1\"><div class=\"su-spoiler-title\"><i class=\"moon-arrow-right-2 spoiler-button\"><\/i><i class=\"moon-arrow-down spoiler-button spoiler-active\"><\/i><strong>Page personnelle<\/strong><\/div><div class=\"su-spoiler-content\">\n<p><a href=\"http:\/\/gemca.fltr.ucl.ac.be\/php\/cv\/guiderdoni.fr.php\" target=\"_blank\">http:\/\/gemca.fltr.ucl.ac.be\/php\/cv\/guiderdoni.fr.php<\/a><\/p>\n<\/div><\/div>\n<\/div>\n<\/div><div class=\"clear\"><\/div>\n","protected":false},"excerpt":{"rendered":"","protected":false},"author":4,"featured_media":0,"parent":0,"menu_order":0,"comment_status":"closed","ping_status":"closed","template":"","meta":{"footnotes":""},"class_list":["post-3435","page","type-page","status-publish","hentry"],"_links":{"self":[{"href":"http:\/\/web.philo.ulg.ac.be\/culturessensibles\/wp-json\/wp\/v2\/pages\/3435","targetHints":{"allow":["GET"]}}],"collection":[{"href":"http:\/\/web.philo.ulg.ac.be\/culturessensibles\/wp-json\/wp\/v2\/pages"}],"about":[{"href":"http:\/\/web.philo.ulg.ac.be\/culturessensibles\/wp-json\/wp\/v2\/types\/page"}],"author":[{"embeddable":true,"href":"http:\/\/web.philo.ulg.ac.be\/culturessensibles\/wp-json\/wp\/v2\/users\/4"}],"replies":[{"embeddable":true,"href":"http:\/\/web.philo.ulg.ac.be\/culturessensibles\/wp-json\/wp\/v2\/comments?post=3435"}],"version-history":[{"count":2,"href":"http:\/\/web.philo.ulg.ac.be\/culturessensibles\/wp-json\/wp\/v2\/pages\/3435\/revisions"}],"predecessor-version":[{"id":5059,"href":"http:\/\/web.philo.ulg.ac.be\/culturessensibles\/wp-json\/wp\/v2\/pages\/3435\/revisions\/5059"}],"wp:attachment":[{"href":"http:\/\/web.philo.ulg.ac.be\/culturessensibles\/wp-json\/wp\/v2\/media?parent=3435"}],"curies":[{"name":"wp","href":"https:\/\/api.w.org\/{rel}","templated":true}]}}