{"id":3839,"date":"2014-08-04T16:40:27","date_gmt":"2014-08-04T15:40:27","guid":{"rendered":"http:\/\/web.philo.ulg.ac.be\/culturessensibles\/?page_id=3839"},"modified":"2016-12-01T16:12:39","modified_gmt":"2016-12-01T15:12:39","slug":"gil-bartholeyns","status":"publish","type":"page","link":"http:\/\/web.philo.ulg.ac.be\/culturessensibles\/gil-bartholeyns\/","title":{"rendered":"Gil Bartholeyns"},"content":{"rendered":"<div class=\"heading-wrapper\"><h6><span class=\"heading-line-left\"><\/span><strong>Membres<\/strong><span class=\"heading-line-right\"><\/span><\/h6><\/div>\n<div class=\"column column-1-3\"><div class=\"staff-wrapper\"><img decoding=\"async\" src=\"\" alt=\"\"\/><div class=\"person-name\">Gil Bartholeyns<i class=\"moon-users-2\"><\/i><\/div><div class=\"person-title\">Lille 3<\/div><div class=\"person-description\"><\/div><\/div><\/div>\n<div class=\"column column-2-3 column-last\">\n<div class=\"su-accordion\">\n<div class=\"su-spoiler su-spoiler-style-1 su-spoiler-open\"><div class=\"su-spoiler-title\"><i class=\"moon-arrow-right-2 spoiler-button\"><\/i><i class=\"moon-arrow-down spoiler-button spoiler-active\"><\/i><strong>Pr\u00e9sentation<\/strong><\/div><div class=\"su-spoiler-content\" style=\"display:block\">\n<p style=\"text-align: justify;\">Gil Bartholeyns est historien, titulaire de la chaire CNRS d&rsquo;\u00e9tudes visuelles \u00e0 l&rsquo;Universit\u00e9 Lille Nord de France. Ses travaux portent sur les images dans l&rsquo;Occident m\u00e9di\u00e9val et la culture mat\u00e9rielle de l&rsquo;Europe pr\u00e9-industrielle. Il m\u00e8ne une r\u00e9flexion et une ethnographie sur les usages et le statut du pass\u00e9 dans les arts (cin\u00e9ma, photographie, jeux) et les sciences contemporaines.<\/p>\n<\/div><\/div>\n<div class=\"su-spoiler su-spoiler-style-1\"><div class=\"su-spoiler-title\"><i class=\"moon-arrow-right-2 spoiler-button\"><\/i><i class=\"moon-arrow-down spoiler-button spoiler-active\"><\/i><strong>Choix de publications<\/strong><\/div><div class=\"su-spoiler-content\">\n<ul>\n<li style=\"text-align: justify;\">Image et transgression au Moyen \u00c2ge, Paris, PUF, 2008.<\/li>\n<li style=\"text-align: justify;\">Adam et l&rsquo;astragale. Essais d&rsquo;anthropologie et d&rsquo;histoire sur les limites de l&rsquo;humain, Paris, Editions de la Maison des sciences de l&rsquo;homme, 2009<\/li>\n<li style=\"text-align: justify;\">La Performance des images, Bruxelles, Editions de l&rsquo;Universit\u00e9 de Bruxelles, 2010.<\/li>\n<li style=\"text-align: justify;\">Les Apparences de l&rsquo;homme, n\u00b0 59\/2 de Civilisations. Revue internationale d&rsquo;anthropologie et de sciences humaines, 2011.<\/li>\n<li style=\"text-align: justify;\">Cultures mat\u00e9rielles. Anthologie raisonn\u00e9e, Paris, Editions de la Maison des sciences de l&rsquo;homme, 2 vol., 2011.<\/li>\n<li style=\"text-align: justify;\">Vivre habill\u00e9. Un histoire du v\u00eatement occidental, IIIe-XVe si\u00e8cle, Paris, Aubier-Flammarion (en pr\u00e9paration).<\/li>\n<li style=\"text-align: justify;\">Politiques visuelles, Dijon, Les Presses du r\u00e9el (en pr\u00e9paration).<\/li>\n<li style=\"text-align: justify;\">Introduction aux Visual Studies, Paris, La D\u00e9couverte (pr\u00e9vu, en co-\u00e9criture).<\/li>\n<li style=\"text-align: justify;\">Loin de l&rsquo;histoire, Le D\u00e9bat, 177, 2013, p. 117-125.<\/li>\n<\/ul>\n<\/div><\/div>\n<div class=\"su-spoiler su-spoiler-style-1\"><div class=\"su-spoiler-title\"><i class=\"moon-arrow-right-2 spoiler-button\"><\/i><i class=\"moon-arrow-down spoiler-button spoiler-active\"><\/i><strong>Adresse de contact<\/strong><\/div><div class=\"su-spoiler-content\">\n<p><a href=\"mailto:gilbartho@gmail.com\">gilbartho@gmail.com<\/a><\/p>\n<\/div><\/div>\n<div class=\"su-spoiler su-spoiler-style-1\"><div class=\"su-spoiler-title\"><i class=\"moon-arrow-right-2 spoiler-button\"><\/i><i class=\"moon-arrow-down spoiler-button spoiler-active\"><\/i><strong>Page personnelle<\/strong><\/div><div class=\"su-spoiler-content\">\n<p><span id=\"OBJ_PREFIX_DWT51_com_zimbra_url\" class=\"Object\"><a href=\"https:\/\/univ-lille3.academia.edu\/GilBartholeyns\" target=\"_blank\">https:\/\/univ-lille3.academia.edu\/GilBartholeyns<\/a><\/span><\/p>\n<\/div><\/div>\n<\/div>\n<\/div><div class=\"clear\"><\/div>\n","protected":false},"excerpt":{"rendered":"","protected":false},"author":2,"featured_media":0,"parent":0,"menu_order":0,"comment_status":"closed","ping_status":"closed","template":"","meta":{"footnotes":""},"class_list":["post-3839","page","type-page","status-publish","hentry"],"_links":{"self":[{"href":"http:\/\/web.philo.ulg.ac.be\/culturessensibles\/wp-json\/wp\/v2\/pages\/3839","targetHints":{"allow":["GET"]}}],"collection":[{"href":"http:\/\/web.philo.ulg.ac.be\/culturessensibles\/wp-json\/wp\/v2\/pages"}],"about":[{"href":"http:\/\/web.philo.ulg.ac.be\/culturessensibles\/wp-json\/wp\/v2\/types\/page"}],"author":[{"embeddable":true,"href":"http:\/\/web.philo.ulg.ac.be\/culturessensibles\/wp-json\/wp\/v2\/users\/2"}],"replies":[{"embeddable":true,"href":"http:\/\/web.philo.ulg.ac.be\/culturessensibles\/wp-json\/wp\/v2\/comments?post=3839"}],"version-history":[{"count":5,"href":"http:\/\/web.philo.ulg.ac.be\/culturessensibles\/wp-json\/wp\/v2\/pages\/3839\/revisions"}],"predecessor-version":[{"id":5117,"href":"http:\/\/web.philo.ulg.ac.be\/culturessensibles\/wp-json\/wp\/v2\/pages\/3839\/revisions\/5117"}],"wp:attachment":[{"href":"http:\/\/web.philo.ulg.ac.be\/culturessensibles\/wp-json\/wp\/v2\/media?parent=3839"}],"curies":[{"name":"wp","href":"https:\/\/api.w.org\/{rel}","templated":true}]}}