{"id":3568,"date":"2014-04-22T15:21:14","date_gmt":"2014-04-22T13:21:14","guid":{"rendered":"http:\/\/web.philo.ulg.ac.be\/gedhsr\/?page_id=3568"},"modified":"2019-12-18T10:19:25","modified_gmt":"2019-12-18T08:19:25","slug":"actes-du-colloque","status":"publish","type":"page","link":"http:\/\/web.philo.ulg.ac.be\/gedhsr\/actes-du-colloque\/","title":{"rendered":"Actes du colloque"},"content":{"rendered":"<div class=\"fusion-fullwidth fullwidth-box fusion-builder-row-1 nonhundred-percent-fullwidth non-hundred-percent-height-scrolling\" style=\"background-color: #ffffff;background-position: center center;background-repeat: no-repeat;padding-top:0px;padding-right:0px;padding-bottom:0px;padding-left:0px;margin-bottom: 0px;margin-top: 0px;border-width: 0px 0px 0px 0px;border-color:#eae9e9;border-style:solid;\" ><div class=\"fusion-builder-row fusion-row\"><div class=\"fusion-layout-column fusion_builder_column fusion-builder-column-0 fusion_builder_column_1_1 1_1 fusion-one-full fusion-column-first fusion-column-last\" style=\"margin-top:0px;margin-bottom:0px;\"><div class=\"fusion-column-wrapper fusion-flex-column-wrapper-legacy\" style=\"background-position:left top;background-repeat:no-repeat;-webkit-background-size:cover;-moz-background-size:cover;-o-background-size:cover;background-size:cover;padding: 0px 0px 0px 0px;\"><style type=\"text\/css\"><\/style><div class=\"fusion-title title fusion-title-1 sep-underline sep-solid fusion-title-text fusion-title-size-one\" style=\"border-bottom-color:#00843b;margin-top:0px;margin-right:0px;margin-bottom:70px;margin-left:0px;\"><h1 class=\"title-heading-left fusion-responsive-typography-calculated\" style=\"margin:0;--fontSize:42;line-height:1;\">Actes du colloque<\/h1><\/div><div class=\"fusion-text fusion-text-1\"><p><strong>L&rsquo;Esprit des journaux. Un p\u00e9riodique europ\u00e9en au XVIIIe si\u00e8cle. Actes du colloque \u00abDiffusion et transferts de la modernit\u00e9 dans l&rsquo;Esprit des journaux\u00bb (Li\u00e8ge, 16-17 f\u00e9vrier 2009)<\/strong><\/p>\n<p>Daniel DROIXHE (\u00e9d.)<\/p>\n<\/div><span class=\" fusion-imageframe imageframe-none imageframe-1 hover-type-none\" style=\"margin-right:25px;float:left;\"><img decoding=\"async\" width=\"141\" height=\"218\" title=\"actesedj\" src=\"http:\/\/web.philo.ulg.ac.be\/gedhsr\/wp-content\/uploads\/sites\/31\/2014\/04\/actesedj.jpg\" alt class=\"img-responsive wp-image-3833\"\/><\/span><div class=\"fusion-text fusion-text-2\"><p style=\"text-align: justify;\">Les 16 et 17 f\u00e9vrier 2009, le deuxi\u00e8me colloque organis\u00e9 par le GEDHS s&rsquo;est tenu \u00e0 l&rsquo;Universit\u00e9 de Li\u00e8ge. Consacr\u00e9 \u00e0 la diffusion et aux transferts de la modernit\u00e9 dans l&rsquo;Esprit des journaux, il a notamment analys\u00e9 la promotion de l&rsquo;information culturelle la plus large, sp\u00e9cialement celle touchant \u00e0 la modernit\u00e9 des Lumi\u00e8res, par les recensions offertes dans le p\u00e9riodique li\u00e9geois.<\/p>\n<p style=\"text-align: justify;\">On s&rsquo;est interrog\u00e9 sur le t\u00e9moignage de Sainte-Beuve selon lequel l&rsquo;Esprit des journaux renferme une sorte de biblioth\u00e8que id\u00e9ale des conqu\u00eates, des d\u00e9bats et des repr\u00e9sentations ayant structur\u00e9 et anim\u00e9 le savoir des Lumi\u00e8res. A notamment \u00e9t\u00e9 consid\u00e9r\u00e9 l&rsquo;apport des cultures nationales. Quels acquis de la recherche anglo-saxonne v\u00e9hiculent les comptes rendus de l&rsquo;Esprit des journaux inspir\u00e9s par la Monthly Review ou la Critical Review? Que sait-on de neuf sur les pays d&rsquo;Europe orientale ou septentrionale? Dans quelle mesure les informations sur la Suisse ou l&rsquo;Italie traduisent-elles des st\u00e9r\u00e9otypes s&rsquo;incarnant \u00e9ventuellement dans des personnalit\u00e9s litt\u00e9raires?<\/p>\n<p style=\"text-align: justify;\">D&rsquo;autre part a \u00e9t\u00e9 \u00e9voqu\u00e9e la traduction, dans l&rsquo;Esprit des journaux, de d\u00e9bats d&rsquo;actualit\u00e9, comme les \u00e9changes discursifs, th\u00e9oriques ou circonstanciels, sur l&rsquo;\u00e9lectricit\u00e9, le \u00abmagn\u00e9tisme animal\u00bb et leurs ouvertures m\u00e9dicales. De m\u00eame, les interventions ont port\u00e9 sur les liens qu&rsquo;entretiennent l&rsquo;anthropologie et ses prolongements humanitaires, sur le plan de la lutte anti-esclavagiste. L&rsquo;actualit\u00e9 litt\u00e9raire a \u00e9t\u00e9 consid\u00e9r\u00e9e dans le sens le plus large, du renouvellement po\u00e9tique fran\u00e7ais \u00e0 une nouvelle approche des litt\u00e9ratures classiques ou orientales.<\/p>\n<p style=\"text-align: justify;\">Communications de Samy Ben Messaoud (CNRS, Universit\u00e9s de Lyon II et Grenoble II), Bruno Bernard (Universit\u00e9 libre de Bruxelles), Marie Breguet (Soci\u00e9t\u00e9 Roucher-Ch\u00e9nier), Jean-Daniel Candaux (Biblioth\u00e8que publique et universitaire de Gen\u00e8ve), Muriel Collart (Universit\u00e9 de Li\u00e8ge), Jacques De Decker (Secr\u00e9taire perp\u00e9tuel de l&rsquo;Acad\u00e9mie royale de langue et de litt\u00e9rature fran\u00e7aises de Belgique), Daniel Droixhe (Universit\u00e9 de Li\u00e8ge), \u00c9tienne Famerie (Universit\u00e9 de Li\u00e8ge), Daniel Jozic (Universit\u00e9 de Li\u00e8ge), G\u00e9rard Laudin (Universit\u00e9 de Paris IV &#8211; Sorbonne), Anne-Marie Mercier-Faivre (Universit\u00e9 de Lyon), Marian Skrzypek (Universit\u00e9 de Varsovie), Alexandre Stroev (Universit\u00e9 Sorbonne Nouvelle Paris III), Ann Thomson (Universit\u00e9 de Paris VIII) et Nadine Vanwelkenhuyzen (Universit\u00e9 de Li\u00e8ge). Allocution d&rsquo;ouverture de Bernard Rentier, recteur de l&rsquo;Universit\u00e9 de Li\u00e8ge.<\/p>\n<p style=\"text-align: justify;\"><a href=\"http:\/\/web.philo.ulg.ac.be\/gedhsr\/wp-content\/uploads\/sites\/31\/2014\/04\/ActesGedhsTable.pdf\" target=\"_blank\" rel=\"noopener\">Table des mati\u00e8res<\/a> (PDF)<\/p>\n<p style=\"text-align: justify;\">L&rsquo;Esprit des journaux : <em>un p\u00e9riodique europ\u00e9en au XVIIIe si\u00e8cle. Actes du Colloque \u00abDiffusion et transfert de la modernit\u00e9 dans l&rsquo;<\/em>Esprit des journaux\u00bb <em>organis\u00e9 par le Groupe d&rsquo;\u00e9tude du XVIIIe si\u00e8cle de l&rsquo;Universit\u00e9 de Li\u00e8ge (Li\u00e8ge, 16-17 f\u00e9vrier 2009)<\/em>, Daniel Droixhe (\u00e9d.), Bruxelles, Le Cri \/ Acad\u00e9mie royale de langue et de litt\u00e9rature fran\u00e7aises de Belgique, 2009, 368 p.<\/p>\n<p style=\"text-align: justify;\"><a href=\"http:\/\/www.librairiewb.com\/\" target=\"_blank\" rel=\"noopener\">Achat en ligne<\/a><\/p>\n<\/div><div class=\"fusion-clearfix\"><\/div><\/div><\/div><\/div><\/div>\n","protected":false},"excerpt":{"rendered":"","protected":false},"author":2,"featured_media":0,"parent":0,"menu_order":0,"comment_status":"closed","ping_status":"closed","template":"","meta":{"footnotes":""},"class_list":["post-3568","page","type-page","status-publish","hentry"],"_links":{"self":[{"href":"http:\/\/web.philo.ulg.ac.be\/gedhsr\/wp-json\/wp\/v2\/pages\/3568","targetHints":{"allow":["GET"]}}],"collection":[{"href":"http:\/\/web.philo.ulg.ac.be\/gedhsr\/wp-json\/wp\/v2\/pages"}],"about":[{"href":"http:\/\/web.philo.ulg.ac.be\/gedhsr\/wp-json\/wp\/v2\/types\/page"}],"author":[{"embeddable":true,"href":"http:\/\/web.philo.ulg.ac.be\/gedhsr\/wp-json\/wp\/v2\/users\/2"}],"replies":[{"embeddable":true,"href":"http:\/\/web.philo.ulg.ac.be\/gedhsr\/wp-json\/wp\/v2\/comments?post=3568"}],"version-history":[{"count":4,"href":"http:\/\/web.philo.ulg.ac.be\/gedhsr\/wp-json\/wp\/v2\/pages\/3568\/revisions"}],"predecessor-version":[{"id":5730,"href":"http:\/\/web.philo.ulg.ac.be\/gedhsr\/wp-json\/wp\/v2\/pages\/3568\/revisions\/5730"}],"wp:attachment":[{"href":"http:\/\/web.philo.ulg.ac.be\/gedhsr\/wp-json\/wp\/v2\/media?parent=3568"}],"curies":[{"name":"wp","href":"https:\/\/api.w.org\/{rel}","templated":true}]}}

<div class="fusion-fullwidth fullwidth-box fusion-builder-row-1 nonhundred-percent-fullwidth non-hundred-percent-height-scrolling" style="background-color: #ffffff;background-position: center center;background-repeat: no-repeat;padding-top:0px;padding-right:0px;padding-bottom:0px;padding-left:0px;margin-bottom: 0px;margin-top: 0px;border-width: 0px 0px 0px 0px;border-color:#eae9e9;border-style:solid;" ><div class="fusion-builder-row fusion-row"><div class="fusion-layout-column fusion_builder_column fusion-builder-column-0 fusion_builder_column_1_1 1_1 fusion-one-full fusion-column-first fusion-column-last" style="margin-top:0px;margin-bottom:0px;"><div class="fusion-column-wrapper fusion-flex-column-wrapper-legacy" style="background-position:left top;background-repeat:no-repeat;-webkit-background-size:cover;-moz-background-size:cover;-o-background-size:cover;background-size:cover;padding: 0px 0px 0px 0px;"><style type="text/css"></style><div class="fusion-title title fusion-title-1 sep-underline sep-solid fusion-title-text fusion-title-size-one" style="border-bottom-color:#00843b;margin-top:0px;margin-right:0px;margin-bottom:70px;margin-left:0px;"><h1 class="title-heading-left fusion-responsive-typography-calculated" style="margin:0;--fontSize:42;line-height:1;">Actes du colloque</h1></div><div class="fusion-text fusion-text-1"><p><strong>L&rsquo;Esprit des journaux. Un périodique européen au XVIIIe siècle. Actes du colloque «Diffusion et transferts de la modernité dans l&rsquo;Esprit des journaux» (Liège, 16-17 février 2009)</strong></p>
<p>Daniel DROIXHE (éd.)</p>
</div><span class=" fusion-imageframe imageframe-none imageframe-1 hover-type-none" style="margin-right:25px;float:left;"><img decoding="async" width="141" height="218" title="actesedj" src="http://web.philo.ulg.ac.be/gedhsr/wp-content/uploads/sites/31/2014/04/actesedj.jpg" alt class="img-responsive wp-image-3833"/></span><div class="fusion-text fusion-text-2"><p style="text-align: justify;">Les 16 et 17 février 2009, le deuxième colloque organisé par le GEDHS s&rsquo;est tenu à l&rsquo;Université de Liège. Consacré à la diffusion et aux transferts de la modernité dans l&rsquo;Esprit des journaux, il a notamment analysé la promotion de l&rsquo;information culturelle la plus large, spécialement celle touchant à la modernité des Lumières, par les recensions offertes dans le périodique liégeois.</p>
<p style="text-align: justify;">On s&rsquo;est interrogé sur le témoignage de Sainte-Beuve selon lequel l&rsquo;Esprit des journaux renferme une sorte de bibliothèque idéale des conquêtes, des débats et des représentations ayant structuré et animé le savoir des Lumières. A notamment été considéré l&rsquo;apport des cultures nationales. Quels acquis de la recherche anglo-saxonne véhiculent les comptes rendus de l&rsquo;Esprit des journaux inspirés par la Monthly Review ou la Critical Review? Que sait-on de neuf sur les pays d&rsquo;Europe orientale ou septentrionale? Dans quelle mesure les informations sur la Suisse ou l&rsquo;Italie traduisent-elles des stéréotypes s&rsquo;incarnant éventuellement dans des personnalités littéraires?</p>
<p style="text-align: justify;">D&rsquo;autre part a été évoquée la traduction, dans l&rsquo;Esprit des journaux, de débats d&rsquo;actualité, comme les échanges discursifs, théoriques ou circonstanciels, sur l&rsquo;électricité, le «magnétisme animal» et leurs ouvertures médicales. De même, les interventions ont porté sur les liens qu&rsquo;entretiennent l&rsquo;anthropologie et ses prolongements humanitaires, sur le plan de la lutte anti-esclavagiste. L&rsquo;actualité littéraire a été considérée dans le sens le plus large, du renouvellement poétique français à une nouvelle approche des littératures classiques ou orientales.</p>
<p style="text-align: justify;">Communications de Samy Ben Messaoud (CNRS, Universités de Lyon II et Grenoble II), Bruno Bernard (Université libre de Bruxelles), Marie Breguet (Société Roucher-Chénier), Jean-Daniel Candaux (Bibliothèque publique et universitaire de Genève), Muriel Collart (Université de Liège), Jacques De Decker (Secrétaire perpétuel de l&rsquo;Académie royale de langue et de littérature françaises de Belgique), Daniel Droixhe (Université de Liège), Étienne Famerie (Université de Liège), Daniel Jozic (Université de Liège), Gérard Laudin (Université de Paris IV &#8211; Sorbonne), Anne-Marie Mercier-Faivre (Université de Lyon), Marian Skrzypek (Université de Varsovie), Alexandre Stroev (Université Sorbonne Nouvelle Paris III), Ann Thomson (Université de Paris VIII) et Nadine Vanwelkenhuyzen (Université de Liège). Allocution d&rsquo;ouverture de Bernard Rentier, recteur de l&rsquo;Université de Liège.</p>
<p style="text-align: justify;"><a href="http://web.philo.ulg.ac.be/gedhsr/wp-content/uploads/sites/31/2014/04/ActesGedhsTable.pdf" target="_blank" rel="noopener">Table des matières</a> (PDF)</p>
<p style="text-align: justify;">L&rsquo;Esprit des journaux : <em>un périodique européen au XVIIIe siècle. Actes du Colloque «Diffusion et transfert de la modernité dans l&rsquo;</em>Esprit des journaux» <em>organisé par le Groupe d&rsquo;étude du XVIIIe siècle de l&rsquo;Université de Liège (Liège, 16-17 février 2009)</em>, Daniel Droixhe (éd.), Bruxelles, Le Cri / Académie royale de langue et de littérature françaises de Belgique, 2009, 368 p.</p>
<p style="text-align: justify;"><a href="http://www.librairiewb.com/" target="_blank" rel="noopener">Achat en ligne</a></p>
</div><div class="fusion-clearfix"></div></div></div></div></div>
