{"id":12411,"date":"2017-06-09T10:28:16","date_gmt":"2017-06-09T08:28:16","guid":{"rendered":"http:\/\/web.philo.ulg.ac.be\/linguistique\/?page_id=12411"},"modified":"2017-06-11T08:14:27","modified_gmt":"2017-06-11T06:14:27","slug":"logique-et-philosophie-du-langage","status":"publish","type":"page","link":"http:\/\/web.philo.ulg.ac.be\/linguistique\/logique-et-philosophie-du-langage\/","title":{"rendered":"Logique et philosophie du langage"},"content":{"rendered":"<div class=\"fusion-fullwidth fullwidth-box fusion-builder-row-1 nonhundred-percent-fullwidth non-hundred-percent-height-scrolling\" style=\"background-color: rgba(255,255,255,0);background-position: center center;background-repeat: no-repeat;padding-top:0px;padding-right:0px;padding-bottom:0px;padding-left:0px;margin-bottom: 0px;margin-top: 0px;border-width: 0px 0px 0px 0px;border-color:rgba(97,158,133,0);border-style:solid;\" ><div class=\"fusion-builder-row fusion-row\"><div class=\"fusion-layout-column fusion_builder_column fusion-builder-column-0 fusion_builder_column_1_1 1_1 fusion-one-full fusion-column-first fusion-column-last\" style=\"margin-top:0px;margin-bottom:20px;\"><div class=\"fusion-column-wrapper fusion-flex-column-wrapper-legacy\" style=\"background-position:left top;background-repeat:no-repeat;-webkit-background-size:cover;-moz-background-size:cover;-o-background-size:cover;background-size:cover;padding: 0px 0px 0px 0px;\"><div class=\"fusion-text fusion-text-1\"><p><strong><a href=\"http:\/\/www.metheor.ulg.ac.be\/logique.html\" target=\"_blank\" rel=\"noopener noreferrer\">SITE INTERNET<\/a><\/strong><\/p>\n<\/div><div class=\"fusion-clearfix\"><\/div><\/div><\/div><div class=\"fusion-layout-column fusion_builder_column fusion-builder-column-1 fusion_builder_column_1_1 1_1 fusion-one-full fusion-column-first fusion-column-last\" style=\"margin-top:0px;margin-bottom:20px;\"><div class=\"fusion-column-wrapper fusion-flex-column-wrapper-legacy\" style=\"background-position:left top;background-repeat:no-repeat;-webkit-background-size:cover;-moz-background-size:cover;-o-background-size:cover;background-size:cover;padding: 30px 0px 0px 0px;\"><style type=\"text\/css\"><\/style><div class=\"fusion-title title fusion-title-1 fusion-title-text fusion-title-size-six\" style=\"margin-top:0px;margin-right:0px;margin-bottom:40px;margin-left:0px;\"><h6 class=\"title-heading-left fusion-responsive-typography-calculated\" style=\"margin:0;--fontSize:18;--minFontSize:18px;line-height:1.5;\">MEMBRES<\/h6><span class=\"awb-title-spacer\"><\/span><div class=\"title-sep-container\"><div class=\"title-sep sep-single sep-solid\" style=\"border-color:#cf6059;\"><\/div><\/div><\/div><div class=\"fusion-text fusion-text-2\"><p>BEETS Fran\u00e7ois, acad\u00e9mique<br \/>\nDUBUISSON Fran\u00e7ois, assistant<br \/>\nGAUVRY Charlotte, charg\u00e9 de recherche F.N.R.S.<br \/>\nLECLERCQ Bruno, acad\u00e9mique<br \/>\nLEJEUNE Guillaume, charg\u00e9 de recherche F.N.R.S.<br \/>\nSMETTE Bernard, aspirant F.N.R.S.<\/p>\n<\/div><div class=\"fusion-clearfix\"><\/div><\/div><\/div><div class=\"fusion-layout-column fusion_builder_column fusion-builder-column-2 fusion_builder_column_1_1 1_1 fusion-one-full fusion-column-first fusion-column-last\" style=\"margin-top:0px;margin-bottom:20px;\"><div class=\"fusion-column-wrapper fusion-flex-column-wrapper-legacy\" style=\"background-position:left top;background-repeat:no-repeat;-webkit-background-size:cover;-moz-background-size:cover;-o-background-size:cover;background-size:cover;padding: 30px 0px 0px 0px;\"><style type=\"text\/css\"><\/style><div class=\"fusion-title title fusion-title-2 fusion-title-text fusion-title-size-six\" style=\"margin-top:0px;margin-right:0px;margin-bottom:40px;margin-left:0px;\"><h6 class=\"title-heading-left fusion-responsive-typography-calculated\" style=\"margin:0;--fontSize:18;--minFontSize:18px;line-height:1.5;\">DOMAINES DE RECHERCHE<\/h6><span class=\"awb-title-spacer\"><\/span><div class=\"title-sep-container\"><div class=\"title-sep sep-single sep-solid\" style=\"border-color:#cf6059;\"><\/div><\/div><\/div><ul class=\"fusion-checklist fusion-checklist-1\" style=\"font-size:15px;line-height:25.5px;\"><li style=\"background-color:rgba(255,255,255,0);\" class=\"fusion-li-item\"><span style=\"height:25.5px;width:25.5px;margin-right:10.5px;\" class=\"icon-wrapper circle-no\"><i class=\"fusion-li-icon fa fa-chevron-right\" style=\"color:#cf6059;\" aria-hidden=\"true\"><\/i><\/span><div class=\"fusion-li-item-content\" style=\"margin-left:36px;color:#000000;\">\n<p>Th\u00e9orie g\u00e9n\u00e9rale de la repr\u00e9sentation et du langage<\/p>\n<\/div><\/li><li style=\"background-color:rgba(255,255,255,0);\" class=\"fusion-li-item\"><span style=\"height:25.5px;width:25.5px;margin-right:10.5px;\" class=\"icon-wrapper circle-no\"><i class=\"fusion-li-icon fa fa-chevron-right\" style=\"color:#cf6059;\" aria-hidden=\"true\"><\/i><\/span><div class=\"fusion-li-item-content\" style=\"margin-left:36px;color:#000000;\">\n<p>S\u00e9mantique th\u00e9orique et s\u00e9mantique formelle<\/p>\n<\/div><\/li><li style=\"background-color:rgba(255,255,255,0);\" class=\"fusion-li-item\"><span style=\"height:25.5px;width:25.5px;margin-right:10.5px;\" class=\"icon-wrapper circle-no\"><i class=\"fusion-li-icon fa fa-chevron-right\" style=\"color:#cf6059;\" aria-hidden=\"true\"><\/i><\/span><div class=\"fusion-li-item-content\" style=\"margin-left:36px;color:#000000;\">\n<p>Th\u00e9ories philosophiques de la traduction<\/p>\n<\/div><\/li><\/ul><div class=\"fusion-clearfix\"><\/div><\/div><\/div><div class=\"fusion-layout-column fusion_builder_column fusion-builder-column-3 fusion_builder_column_1_1 1_1 fusion-one-full fusion-column-first fusion-column-last\" style=\"margin-top:0px;margin-bottom:20px;\"><div class=\"fusion-column-wrapper fusion-flex-column-wrapper-legacy\" style=\"background-position:left top;background-repeat:no-repeat;-webkit-background-size:cover;-moz-background-size:cover;-o-background-size:cover;background-size:cover;padding: 30px 0px 0px 0px;\"><style type=\"text\/css\"><\/style><div class=\"fusion-title title fusion-title-3 fusion-title-text fusion-title-size-six\" style=\"margin-top:0px;margin-right:0px;margin-bottom:40px;margin-left:0px;\"><h6 class=\"title-heading-left fusion-responsive-typography-calculated\" style=\"margin:0;--fontSize:18;--minFontSize:18px;line-height:1.5;\">PROJET(S) EN COURS<\/h6><span class=\"awb-title-spacer\"><\/span><div class=\"title-sep-container\"><div class=\"title-sep sep-single sep-solid\" style=\"border-color:#cf6059;\"><\/div><\/div><\/div><ul class=\"fusion-checklist fusion-checklist-2\" style=\"font-size:15px;line-height:25.5px;\"><li style=\"background-color:rgba(255,255,255,0);\" class=\"fusion-li-item\"><span style=\"height:25.5px;width:25.5px;margin-right:10.5px;\" class=\"icon-wrapper circle-no\"><i class=\"fusion-li-icon fa fa-chevron-right\" style=\"color:#cf6059;\" aria-hidden=\"true\"><\/i><\/span><div class=\"fusion-li-item-content\" style=\"margin-left:36px;color:#000000;\">\n<p style=\"text-align: justify\">2016-2020 : <a href=\"http:\/\/refer.ulb.be\/refer\/Redirect_Fr_or_Eng.html\" target=\"_blank\" rel=\"noopener noreferrer\">Transparence cognitive des contenus s\u00e9mantiques et d\u00e9termination pragmatique des r\u00e9f\u00e9rents<\/a> (promoteurs : Philippe De Brabanter et Bruno Leclercq). Financ\u00e9 par le FNRS (PDR T.0184.16, 2016-2020), ce projet interdisciplinaire et interuniversitaire regroupe des linguistes, philosophes et logiciens belges issus de l&rsquo;Universit\u00e9 Libre de Bruxelles et de l&rsquo;Universit\u00e9 de Li\u00e8ge. Le projet vise \u00e0 explorer une nouvelle th\u00e9orie dite \u00ab relativiste \u00bb concernant l&rsquo;articulation g\u00e9n\u00e9rale du sens et de la r\u00e9f\u00e9rence sous diff\u00e9rents angles th\u00e9oriques (s\u00e9mantique et pragmatique, philosophie du langage et de l&rsquo;esprit, logique et ph\u00e9nom\u00e9nologie). Le projet se d\u00e9ploie notamment \u00e0 travers le S\u00e9minaire interuniversitaire de recherches <a href=\"http:\/\/www.metheor.ulg.ac.be\/logique\/Logiqueetphilosophiedulangage\/index.htm\" target=\"_blank\" rel=\"noopener noreferrer\">Logique et philosophie du langage<\/a>.<\/p>\n<\/div><\/li><li style=\"background-color:rgba(255,255,255,0);\" class=\"fusion-li-item\"><span style=\"height:25.5px;width:25.5px;margin-right:10.5px;\" class=\"icon-wrapper circle-no\"><i class=\"fusion-li-icon fa fa-chevron-right\" style=\"color:#cf6059;\" aria-hidden=\"true\"><\/i><\/span><div class=\"fusion-li-item-content\" style=\"margin-left:36px;color:#000000;\">\n<p style=\"text-align: justify\">2014-2018\u00a0: <em>Le concept de relation chez Hegel et Bradley. Son r\u00f4le dans la constitution discursive de la logique<\/em>, projet de recherches postdoctoral de <em>Guillaume Lejeune <\/em>(co-promotion\u00a0: Jean-Renaud Seba et Bruno Leclercq). Charg\u00e9 de recherches FNRS, Guillaume Lejeune travaille sur la logique et la philosophie du langage de l\u2019id\u00e9alisme allemand et de ses \u00e9pigones britanniques. (Cf. notamment son ouvrage <em>Sens et Usage du langage chez Hegel<\/em>, Paris, Hermann, 2014, 288 p.)<\/p>\n<\/div><\/li><li style=\"background-color:rgba(255,255,255,0);\" class=\"fusion-li-item\"><span style=\"height:25.5px;width:25.5px;margin-right:10.5px;\" class=\"icon-wrapper circle-no\"><i class=\"fusion-li-icon fa fa-chevron-right\" style=\"color:#cf6059;\" aria-hidden=\"true\"><\/i><\/span><div class=\"fusion-li-item-content\" style=\"margin-left:36px;color:#000000;\">\n<p style=\"text-align: justify\">2016-2019\u00a0: <em>L&rsquo;approche contextualiste : une alternative aux th\u00e9ories repr\u00e9sentationnelles de la conscience<\/em>, projet de recherches postdoctoral de <em>Charlotte Gauvry <\/em>(co-promotion\u00a0: Arnaud Dewalque et Bruno Leclercq). Charg\u00e9e de recherches FNRS, Charlotte Gauvry travaille sur la philosophie du langage et de l\u2019esprit de l\u2019\u00e9cole de Brentano et de la seconde philosophie analytique (en particulier Wittgenstein).<\/p>\n<\/div><\/li><li style=\"background-color:rgba(255,255,255,0);\" class=\"fusion-li-item\"><span style=\"height:25.5px;width:25.5px;margin-right:10.5px;\" class=\"icon-wrapper circle-no\"><i class=\"fusion-li-icon fa fa-chevron-right\" style=\"color:#cf6059;\" aria-hidden=\"true\"><\/i><\/span><div class=\"fusion-li-item-content\" style=\"margin-left:36px;color:#000000;\">\n<p style=\"text-align: justify\">2012-2018\u00a0: <em>Le langage comme transcendantal, \u00e0 partir de Cassirer et du second Wittgenstein<\/em>, projet de recherches doctoral de <em>Fran\u00e7ois Dubuisson <\/em>(promotion\u00a0: Bruno Leclercq).<\/p>\n<\/div><\/li><li style=\"background-color:rgba(255,255,255,0);\" class=\"fusion-li-item\"><span style=\"height:25.5px;width:25.5px;margin-right:10.5px;\" class=\"icon-wrapper circle-no\"><i class=\"fusion-li-icon fa fa-chevron-right\" style=\"color:#cf6059;\" aria-hidden=\"true\"><\/i><\/span><div class=\"fusion-li-item-content\" style=\"margin-left:36px;color:#000000;\">\n<p style=\"text-align: justify\">2013-2017\u00a0: <em>La traduction comme paradigme \u00e9pist\u00e9mologique (Quine, Serres, Latour)<\/em>, projet de recherches doctoral de <em>Bernard Smette <\/em>(co-promotion\u00a0: Laurence Bouquiaux et Bruno Leclercq).<\/p>\n<\/div><\/li><\/ul><div class=\"fusion-clearfix\"><\/div><\/div><\/div><\/div><\/div>\n","protected":false},"excerpt":{"rendered":"","protected":false},"author":2,"featured_media":0,"parent":0,"menu_order":0,"comment_status":"closed","ping_status":"closed","template":"","meta":{"footnotes":""},"class_list":["post-12411","page","type-page","status-publish","hentry"],"_links":{"self":[{"href":"http:\/\/web.philo.ulg.ac.be\/linguistique\/wp-json\/wp\/v2\/pages\/12411","targetHints":{"allow":["GET"]}}],"collection":[{"href":"http:\/\/web.philo.ulg.ac.be\/linguistique\/wp-json\/wp\/v2\/pages"}],"about":[{"href":"http:\/\/web.philo.ulg.ac.be\/linguistique\/wp-json\/wp\/v2\/types\/page"}],"author":[{"embeddable":true,"href":"http:\/\/web.philo.ulg.ac.be\/linguistique\/wp-json\/wp\/v2\/users\/2"}],"replies":[{"embeddable":true,"href":"http:\/\/web.philo.ulg.ac.be\/linguistique\/wp-json\/wp\/v2\/comments?post=12411"}],"version-history":[{"count":5,"href":"http:\/\/web.philo.ulg.ac.be\/linguistique\/wp-json\/wp\/v2\/pages\/12411\/revisions"}],"predecessor-version":[{"id":12500,"href":"http:\/\/web.philo.ulg.ac.be\/linguistique\/wp-json\/wp\/v2\/pages\/12411\/revisions\/12500"}],"wp:attachment":[{"href":"http:\/\/web.philo.ulg.ac.be\/linguistique\/wp-json\/wp\/v2\/media?parent=12411"}],"curies":[{"name":"wp","href":"https:\/\/api.w.org\/{rel}","templated":true}]}}

<div class="fusion-fullwidth fullwidth-box fusion-builder-row-1 nonhundred-percent-fullwidth non-hundred-percent-height-scrolling" style="background-color: rgba(255,255,255,0);background-position: center center;background-repeat: no-repeat;padding-top:0px;padding-right:0px;padding-bottom:0px;padding-left:0px;margin-bottom: 0px;margin-top: 0px;border-width: 0px 0px 0px 0px;border-color:rgba(97,158,133,0);border-style:solid;" ><div class="fusion-builder-row fusion-row"><div class="fusion-layout-column fusion_builder_column fusion-builder-column-0 fusion_builder_column_1_1 1_1 fusion-one-full fusion-column-first fusion-column-last" style="margin-top:0px;margin-bottom:20px;"><div class="fusion-column-wrapper fusion-flex-column-wrapper-legacy" style="background-position:left top;background-repeat:no-repeat;-webkit-background-size:cover;-moz-background-size:cover;-o-background-size:cover;background-size:cover;padding: 0px 0px 0px 0px;"><div class="fusion-text fusion-text-1"><p><strong><a href="http://www.metheor.ulg.ac.be/logique.html" target="_blank" rel="noopener noreferrer">SITE INTERNET</a></strong></p>
</div><div class="fusion-clearfix"></div></div></div><div class="fusion-layout-column fusion_builder_column fusion-builder-column-1 fusion_builder_column_1_1 1_1 fusion-one-full fusion-column-first fusion-column-last" style="margin-top:0px;margin-bottom:20px;"><div class="fusion-column-wrapper fusion-flex-column-wrapper-legacy" style="background-position:left top;background-repeat:no-repeat;-webkit-background-size:cover;-moz-background-size:cover;-o-background-size:cover;background-size:cover;padding: 30px 0px 0px 0px;"><style type="text/css"></style><div class="fusion-title title fusion-title-1 fusion-title-text fusion-title-size-six" style="margin-top:0px;margin-right:0px;margin-bottom:40px;margin-left:0px;"><h6 class="title-heading-left fusion-responsive-typography-calculated" style="margin:0;--fontSize:18;--minFontSize:18px;line-height:1.5;">MEMBRES</h6><span class="awb-title-spacer"></span><div class="title-sep-container"><div class="title-sep sep-single sep-solid" style="border-color:#cf6059;"></div></div></div><div class="fusion-text fusion-text-2"><p>BEETS François, académique<br />
DUBUISSON François, assistant<br />
GAUVRY Charlotte, chargé de recherche F.N.R.S.<br />
LECLERCQ Bruno, académique<br />
LEJEUNE Guillaume, chargé de recherche F.N.R.S.<br />
SMETTE Bernard, aspirant F.N.R.S.</p>
</div><div class="fusion-clearfix"></div></div></div><div class="fusion-layout-column fusion_builder_column fusion-builder-column-2 fusion_builder_column_1_1 1_1 fusion-one-full fusion-column-first fusion-column-last" style="margin-top:0px;margin-bottom:20px;"><div class="fusion-column-wrapper fusion-flex-column-wrapper-legacy" style="background-position:left top;background-repeat:no-repeat;-webkit-background-size:cover;-moz-background-size:cover;-o-background-size:cover;background-size:cover;padding: 30px 0px 0px 0px;"><style type="text/css"></style><div class="fusion-title title fusion-title-2 fusion-title-text fusion-title-size-six" style="margin-top:0px;margin-right:0px;margin-bottom:40px;margin-left:0px;"><h6 class="title-heading-left fusion-responsive-typography-calculated" style="margin:0;--fontSize:18;--minFontSize:18px;line-height:1.5;">DOMAINES DE RECHERCHE</h6><span class="awb-title-spacer"></span><div class="title-sep-container"><div class="title-sep sep-single sep-solid" style="border-color:#cf6059;"></div></div></div><ul class="fusion-checklist fusion-checklist-1" style="font-size:15px;line-height:25.5px;"><li style="background-color:rgba(255,255,255,0);" class="fusion-li-item"><span style="height:25.5px;width:25.5px;margin-right:10.5px;" class="icon-wrapper circle-no"><i class="fusion-li-icon fa fa-chevron-right" style="color:#cf6059;" aria-hidden="true"></i></span><div class="fusion-li-item-content" style="margin-left:36px;color:#000000;">
<p>Théorie générale de la représentation et du langage</p>
</div></li><li style="background-color:rgba(255,255,255,0);" class="fusion-li-item"><span style="height:25.5px;width:25.5px;margin-right:10.5px;" class="icon-wrapper circle-no"><i class="fusion-li-icon fa fa-chevron-right" style="color:#cf6059;" aria-hidden="true"></i></span><div class="fusion-li-item-content" style="margin-left:36px;color:#000000;">
<p>Sémantique théorique et sémantique formelle</p>
</div></li><li style="background-color:rgba(255,255,255,0);" class="fusion-li-item"><span style="height:25.5px;width:25.5px;margin-right:10.5px;" class="icon-wrapper circle-no"><i class="fusion-li-icon fa fa-chevron-right" style="color:#cf6059;" aria-hidden="true"></i></span><div class="fusion-li-item-content" style="margin-left:36px;color:#000000;">
<p>Théories philosophiques de la traduction</p>
</div></li></ul><div class="fusion-clearfix"></div></div></div><div class="fusion-layout-column fusion_builder_column fusion-builder-column-3 fusion_builder_column_1_1 1_1 fusion-one-full fusion-column-first fusion-column-last" style="margin-top:0px;margin-bottom:20px;"><div class="fusion-column-wrapper fusion-flex-column-wrapper-legacy" style="background-position:left top;background-repeat:no-repeat;-webkit-background-size:cover;-moz-background-size:cover;-o-background-size:cover;background-size:cover;padding: 30px 0px 0px 0px;"><style type="text/css"></style><div class="fusion-title title fusion-title-3 fusion-title-text fusion-title-size-six" style="margin-top:0px;margin-right:0px;margin-bottom:40px;margin-left:0px;"><h6 class="title-heading-left fusion-responsive-typography-calculated" style="margin:0;--fontSize:18;--minFontSize:18px;line-height:1.5;">PROJET(S) EN COURS</h6><span class="awb-title-spacer"></span><div class="title-sep-container"><div class="title-sep sep-single sep-solid" style="border-color:#cf6059;"></div></div></div><ul class="fusion-checklist fusion-checklist-2" style="font-size:15px;line-height:25.5px;"><li style="background-color:rgba(255,255,255,0);" class="fusion-li-item"><span style="height:25.5px;width:25.5px;margin-right:10.5px;" class="icon-wrapper circle-no"><i class="fusion-li-icon fa fa-chevron-right" style="color:#cf6059;" aria-hidden="true"></i></span><div class="fusion-li-item-content" style="margin-left:36px;color:#000000;">
<p style="text-align: justify">2016-2020 : <a href="http://refer.ulb.be/refer/Redirect_Fr_or_Eng.html" target="_blank" rel="noopener noreferrer">Transparence cognitive des contenus sémantiques et détermination pragmatique des référents</a> (promoteurs : Philippe De Brabanter et Bruno Leclercq). Financé par le FNRS (PDR T.0184.16, 2016-2020), ce projet interdisciplinaire et interuniversitaire regroupe des linguistes, philosophes et logiciens belges issus de l&rsquo;Université Libre de Bruxelles et de l&rsquo;Université de Liège. Le projet vise à explorer une nouvelle théorie dite « relativiste » concernant l&rsquo;articulation générale du sens et de la référence sous différents angles théoriques (sémantique et pragmatique, philosophie du langage et de l&rsquo;esprit, logique et phénoménologie). Le projet se déploie notamment à travers le Séminaire interuniversitaire de recherches <a href="http://www.metheor.ulg.ac.be/logique/Logiqueetphilosophiedulangage/index.htm" target="_blank" rel="noopener noreferrer">Logique et philosophie du langage</a>.</p>
</div></li><li style="background-color:rgba(255,255,255,0);" class="fusion-li-item"><span style="height:25.5px;width:25.5px;margin-right:10.5px;" class="icon-wrapper circle-no"><i class="fusion-li-icon fa fa-chevron-right" style="color:#cf6059;" aria-hidden="true"></i></span><div class="fusion-li-item-content" style="margin-left:36px;color:#000000;">
<p style="text-align: justify">2014-2018 : <em>Le concept de relation chez Hegel et Bradley. Son rôle dans la constitution discursive de la logique</em>, projet de recherches postdoctoral de <em>Guillaume Lejeune </em>(co-promotion : Jean-Renaud Seba et Bruno Leclercq). Chargé de recherches FNRS, Guillaume Lejeune travaille sur la logique et la philosophie du langage de l’idéalisme allemand et de ses épigones britanniques. (Cf. notamment son ouvrage <em>Sens et Usage du langage chez Hegel</em>, Paris, Hermann, 2014, 288 p.)</p>
</div></li><li style="background-color:rgba(255,255,255,0);" class="fusion-li-item"><span style="height:25.5px;width:25.5px;margin-right:10.5px;" class="icon-wrapper circle-no"><i class="fusion-li-icon fa fa-chevron-right" style="color:#cf6059;" aria-hidden="true"></i></span><div class="fusion-li-item-content" style="margin-left:36px;color:#000000;">
<p style="text-align: justify">2016-2019 : <em>L&rsquo;approche contextualiste : une alternative aux théories représentationnelles de la conscience</em>, projet de recherches postdoctoral de <em>Charlotte Gauvry </em>(co-promotion : Arnaud Dewalque et Bruno Leclercq). Chargée de recherches FNRS, Charlotte Gauvry travaille sur la philosophie du langage et de l’esprit de l’école de Brentano et de la seconde philosophie analytique (en particulier Wittgenstein).</p>
</div></li><li style="background-color:rgba(255,255,255,0);" class="fusion-li-item"><span style="height:25.5px;width:25.5px;margin-right:10.5px;" class="icon-wrapper circle-no"><i class="fusion-li-icon fa fa-chevron-right" style="color:#cf6059;" aria-hidden="true"></i></span><div class="fusion-li-item-content" style="margin-left:36px;color:#000000;">
<p style="text-align: justify">2012-2018 : <em>Le langage comme transcendantal, à partir de Cassirer et du second Wittgenstein</em>, projet de recherches doctoral de <em>François Dubuisson </em>(promotion : Bruno Leclercq).</p>
</div></li><li style="background-color:rgba(255,255,255,0);" class="fusion-li-item"><span style="height:25.5px;width:25.5px;margin-right:10.5px;" class="icon-wrapper circle-no"><i class="fusion-li-icon fa fa-chevron-right" style="color:#cf6059;" aria-hidden="true"></i></span><div class="fusion-li-item-content" style="margin-left:36px;color:#000000;">
<p style="text-align: justify">2013-2017 : <em>La traduction comme paradigme épistémologique (Quine, Serres, Latour)</em>, projet de recherches doctoral de <em>Bernard Smette </em>(co-promotion : Laurence Bouquiaux et Bruno Leclercq).</p>
</div></li></ul><div class="fusion-clearfix"></div></div></div></div></div>
