{"id":12595,"date":"2017-12-07T21:32:17","date_gmt":"2017-12-07T20:32:17","guid":{"rendered":"http:\/\/web.philo.ulg.ac.be\/linguistique\/?post_type=tribe_events&#038;p=12595"},"modified":"2017-12-07T21:32:17","modified_gmt":"2017-12-07T20:32:17","slug":"conference-de-matthieu-balthazard-interferences-francais-wallon-wallon-francais-hier-et-aujourdhui-etude-de-cas-issus-du-vocabulaire-agricole","status":"publish","type":"tribe_events","link":"http:\/\/web.philo.ulg.ac.be\/linguistique\/evenement\/conference-de-matthieu-balthazard-interferences-francais-wallon-wallon-francais-hier-et-aujourdhui-etude-de-cas-issus-du-vocabulaire-agricole\/","title":{"rendered":"Conf\u00e9rence de Matthieu Balthazard, \u00ab\u00a0Interf\u00e9rences fran\u00e7ais-wallon, wallon-fran\u00e7ais hier et aujourd\u2019hui. \u00c9tude de cas issus du vocabulaire agricole\u00a0\u00bb"},"content":{"rendered":"<p>Matthieu Balthazard (UR Traverses, Linguistique fran\u00e7aise, g\u00e9n\u00e9rale et romane) parlera de son projet doctoral, articul\u00e9 autour de l\u2019\u00e9dition d\u2019un volume de l\u2019Atlas linguistique de Wallonie (volume 11, sur l&rsquo;\u00e9levage). Il nous pr\u00e9sentera des exemples issus du vocabulaire agricole d&rsquo;hier et d&rsquo;aujourd&rsquo;hui, qui illustrent diff\u00e9rents cas d&rsquo;interf\u00e9rences entre le wallon et le fran\u00e7ais.<\/p>\n","protected":false},"excerpt":{"rendered":"<p>Matthieu Balthazard (UR Traverses, Linguistique fran\u00e7aise, g\u00e9n\u00e9rale et romane) parlera de son projet doctoral, articul\u00e9 autour [&hellip;]<\/p>\n","protected":false},"author":2,"featured_media":0,"template":"","meta":{"_tribe_events_status":"","_tribe_events_status_reason":"","footnotes":""},"tags":[],"tribe_events_cat":[88],"class_list":["post-12595","tribe_events","type-tribe_events","status-publish","hentry","tribe_events_cat-conference","cat_conference"],"_links":{"self":[{"href":"http:\/\/web.philo.ulg.ac.be\/linguistique\/wp-json\/wp\/v2\/tribe_events\/12595","targetHints":{"allow":["GET"]}}],"collection":[{"href":"http:\/\/web.philo.ulg.ac.be\/linguistique\/wp-json\/wp\/v2\/tribe_events"}],"about":[{"href":"http:\/\/web.philo.ulg.ac.be\/linguistique\/wp-json\/wp\/v2\/types\/tribe_events"}],"author":[{"embeddable":true,"href":"http:\/\/web.philo.ulg.ac.be\/linguistique\/wp-json\/wp\/v2\/users\/2"}],"version-history":[{"count":2,"href":"http:\/\/web.philo.ulg.ac.be\/linguistique\/wp-json\/wp\/v2\/tribe_events\/12595\/revisions"}],"predecessor-version":[{"id":12598,"href":"http:\/\/web.philo.ulg.ac.be\/linguistique\/wp-json\/wp\/v2\/tribe_events\/12595\/revisions\/12598"}],"wp:attachment":[{"href":"http:\/\/web.philo.ulg.ac.be\/linguistique\/wp-json\/wp\/v2\/media?parent=12595"}],"wp:term":[{"taxonomy":"post_tag","embeddable":true,"href":"http:\/\/web.philo.ulg.ac.be\/linguistique\/wp-json\/wp\/v2\/tags?post=12595"},{"taxonomy":"tribe_events_cat","embeddable":true,"href":"http:\/\/web.philo.ulg.ac.be\/linguistique\/wp-json\/wp\/v2\/tribe_events_cat?post=12595"}],"curies":[{"name":"wp","href":"https:\/\/api.w.org\/{rel}","templated":true}]}}

Conférence de Matthieu Balthazard, « Interférences français-wallon, wallon-français hier et aujourd’hui. Étude de cas issus du vocabulaire agricole »

<p>Matthieu Balthazard (UR Traverses, Linguistique française, générale et romane) parlera de son projet doctoral, articulé autour de l’édition d’un volume de l’Atlas linguistique de Wallonie (volume 11, sur l&rsquo;élevage). Il nous présentera des exemples issus du vocabulaire agricole d&rsquo;hier et d&rsquo;aujourd&rsquo;hui, qui illustrent différents cas d&rsquo;interférences entre le wallon et le français.</p>

<p>Matthieu Balthazard (UR Traverses, Linguistique française, générale et romane) parlera de son projet doctoral, articulé autour [&hellip;]</p>
