{"id":12621,"date":"2018-02-21T10:01:03","date_gmt":"2018-02-21T09:01:03","guid":{"rendered":"http:\/\/web.philo.ulg.ac.be\/linguistique\/?post_type=tribe_events&#038;p=12621"},"modified":"2018-02-21T10:11:43","modified_gmt":"2018-02-21T09:11:43","slug":"visio-conference-friandis-de-philippe-hambye-ucl-discours-doxique-et-discours-neoliberal-entre-convergences-et-specificites-discussion-a-partir-des-discours-mediatiques-sur-les-politiques-educat","status":"publish","type":"tribe_events","link":"http:\/\/web.philo.ulg.ac.be\/linguistique\/evenement\/visio-conference-friandis-de-philippe-hambye-ucl-discours-doxique-et-discours-neoliberal-entre-convergences-et-specificites-discussion-a-partir-des-discours-mediatiques-sur-les-politiques-educat\/","title":{"rendered":"Visio-conf\u00e9rence FRIANDIS de Philippe Hambye (UCL) : Discours doxique et discours n\u00e9olib\u00e9ral, entre convergences et sp\u00e9cificit\u00e9s. Discussion \u00e0 partir des discours m\u00e9diatiques sur les politiques \u00e9ducatives"},"content":{"rendered":"<p>Troisi\u00e8me cycle de visio-conf\u00e9rences \u2013 FRIANDIS (R\u00e9seau Francophone International en Analyse de DIScours) 2018<\/p>\n<p>Con\u00e7u dans une perspective transdisciplinaire et m\u00e9thodologique, ce cycle de rencontres virtuelles s&rsquo;adresse aux professeurs, aux chercheurs ainsi qu&rsquo;aux \u00e9tudiants de 3i\u00e8me cycles int\u00e9ress\u00e9s par le spectre des \u00e9tudes du discours. <\/p>\n<p>Afin de permettre au plus grand nombre de participer aux \u00e9changes, les rencontres se d\u00e9rouleront par visio-conf\u00e9rence, simultan\u00e9ment dans 3 pays et chaque fois dans 4 \u00e0 6 universit\u00e9s de 15h \u00e0 17h, heure de Paris et de 9h \u00e0 11h, heure Montr\u00e9al. <\/p>\n<p>Mercredi 21 f\u00e9vrier 2018 :<br \/>\nConf\u00e9rencier : Philippe Hambye est professeur en sociolinguistique \u00e0 l\u2019Universit\u00e9 catholique de Louvain (UCL). Philippe Hambye est attach\u00e9 \u00e0 la Facult\u00e9 de Philosophie, arts et lettres ainsi qu\u2019\u00e0 l\u2019Institut langage et Communication (P\u00f4le de recherche en linguistique). Ses travaux portent principalement sur les politiques publiques dans le domaine des langues ainsi que sur les pratiques discursives dans le domaine du Travail et de l\u2019\u00c9ducation, afin notamment d\u2019\u00e9tudier le r\u00f4le du langage dans les processus de l\u00e9gitimation du pouvoir et des in\u00e9galit\u00e9s sociales.<\/p>\n","protected":false},"excerpt":{"rendered":"<p>Troisi\u00e8me cycle de visio-conf\u00e9rences \u2013 FRIANDIS (R\u00e9seau Francophone International en Analyse de DIScours) 2018 Con\u00e7u dans [&hellip;]<\/p>\n","protected":false},"author":2,"featured_media":0,"template":"","meta":{"_tribe_events_status":"","_tribe_events_status_reason":"","footnotes":""},"tags":[],"tribe_events_cat":[88],"class_list":["post-12621","tribe_events","type-tribe_events","status-publish","hentry","tribe_events_cat-conference","cat_conference"],"_links":{"self":[{"href":"http:\/\/web.philo.ulg.ac.be\/linguistique\/wp-json\/wp\/v2\/tribe_events\/12621","targetHints":{"allow":["GET"]}}],"collection":[{"href":"http:\/\/web.philo.ulg.ac.be\/linguistique\/wp-json\/wp\/v2\/tribe_events"}],"about":[{"href":"http:\/\/web.philo.ulg.ac.be\/linguistique\/wp-json\/wp\/v2\/types\/tribe_events"}],"author":[{"embeddable":true,"href":"http:\/\/web.philo.ulg.ac.be\/linguistique\/wp-json\/wp\/v2\/users\/2"}],"version-history":[{"count":1,"href":"http:\/\/web.philo.ulg.ac.be\/linguistique\/wp-json\/wp\/v2\/tribe_events\/12621\/revisions"}],"predecessor-version":[{"id":12622,"href":"http:\/\/web.philo.ulg.ac.be\/linguistique\/wp-json\/wp\/v2\/tribe_events\/12621\/revisions\/12622"}],"wp:attachment":[{"href":"http:\/\/web.philo.ulg.ac.be\/linguistique\/wp-json\/wp\/v2\/media?parent=12621"}],"wp:term":[{"taxonomy":"post_tag","embeddable":true,"href":"http:\/\/web.philo.ulg.ac.be\/linguistique\/wp-json\/wp\/v2\/tags?post=12621"},{"taxonomy":"tribe_events_cat","embeddable":true,"href":"http:\/\/web.philo.ulg.ac.be\/linguistique\/wp-json\/wp\/v2\/tribe_events_cat?post=12621"}],"curies":[{"name":"wp","href":"https:\/\/api.w.org\/{rel}","templated":true}]}}

Visio-conférence FRIANDIS de Philippe Hambye (UCL) : Discours doxique et discours néolibéral, entre convergences et spécificités. Discussion à partir des discours médiatiques sur les politiques éducatives

<p>Troisième cycle de visio-conférences – FRIANDIS (Réseau Francophone International en Analyse de DIScours) 2018</p>
<p>Conçu dans une perspective transdisciplinaire et méthodologique, ce cycle de rencontres virtuelles s&rsquo;adresse aux professeurs, aux chercheurs ainsi qu&rsquo;aux étudiants de 3ième cycles intéressés par le spectre des études du discours. </p>
<p>Afin de permettre au plus grand nombre de participer aux échanges, les rencontres se dérouleront par visio-conférence, simultanément dans 3 pays et chaque fois dans 4 à 6 universités de 15h à 17h, heure de Paris et de 9h à 11h, heure Montréal. </p>
<p>Mercredi 21 février 2018 :<br />
Conférencier : Philippe Hambye est professeur en sociolinguistique à l’Université catholique de Louvain (UCL). Philippe Hambye est attaché à la Faculté de Philosophie, arts et lettres ainsi qu’à l’Institut langage et Communication (Pôle de recherche en linguistique). Ses travaux portent principalement sur les politiques publiques dans le domaine des langues ainsi que sur les pratiques discursives dans le domaine du Travail et de l’Éducation, afin notamment d’étudier le rôle du langage dans les processus de légitimation du pouvoir et des inégalités sociales.</p>

<p>Troisième cycle de visio-conférences – FRIANDIS (Réseau Francophone International en Analyse de DIScours) 2018 Conçu dans [&hellip;]</p>
