{"id":12678,"date":"2018-10-24T13:05:31","date_gmt":"2018-10-24T11:05:31","guid":{"rendered":"http:\/\/web.philo.ulg.ac.be\/linguistique\/?post_type=tribe_events&#038;p=12678"},"modified":"2018-10-24T13:05:31","modified_gmt":"2018-10-24T11:05:31","slug":"c-amigo-pino-universite-de-sao-paulo-les-seminaires-de-roland-barthes-de-la-semiologie-a-la-litterature-ou-de-la-recherche-collective-a-lamour","status":"publish","type":"tribe_events","link":"http:\/\/web.philo.ulg.ac.be\/linguistique\/evenement\/c-amigo-pino-universite-de-sao-paulo-les-seminaires-de-roland-barthes-de-la-semiologie-a-la-litterature-ou-de-la-recherche-collective-a-lamour\/","title":{"rendered":"C. Amigo Pino (Universit\u00e9 de S\u00e3o Paulo) : \u00ab Les s\u00e9minaires de Roland Barthes : de la s\u00e9miologie \u00e0 la litt\u00e9rature (ou de la recherche collective \u00e0 l\u2019amour) \u00bb"},"content":{"rendered":"","protected":false},"excerpt":{"rendered":"","protected":false},"author":2,"featured_media":0,"template":"","meta":{"_tribe_events_status":"","_tribe_events_status_reason":"","footnotes":""},"tags":[],"tribe_events_cat":[88],"class_list":["post-12678","tribe_events","type-tribe_events","status-publish","hentry","tribe_events_cat-conference","cat_conference"],"_links":{"self":[{"href":"http:\/\/web.philo.ulg.ac.be\/linguistique\/wp-json\/wp\/v2\/tribe_events\/12678","targetHints":{"allow":["GET"]}}],"collection":[{"href":"http:\/\/web.philo.ulg.ac.be\/linguistique\/wp-json\/wp\/v2\/tribe_events"}],"about":[{"href":"http:\/\/web.philo.ulg.ac.be\/linguistique\/wp-json\/wp\/v2\/types\/tribe_events"}],"author":[{"embeddable":true,"href":"http:\/\/web.philo.ulg.ac.be\/linguistique\/wp-json\/wp\/v2\/users\/2"}],"version-history":[{"count":2,"href":"http:\/\/web.philo.ulg.ac.be\/linguistique\/wp-json\/wp\/v2\/tribe_events\/12678\/revisions"}],"predecessor-version":[{"id":12680,"href":"http:\/\/web.philo.ulg.ac.be\/linguistique\/wp-json\/wp\/v2\/tribe_events\/12678\/revisions\/12680"}],"wp:attachment":[{"href":"http:\/\/web.philo.ulg.ac.be\/linguistique\/wp-json\/wp\/v2\/media?parent=12678"}],"wp:term":[{"taxonomy":"post_tag","embeddable":true,"href":"http:\/\/web.philo.ulg.ac.be\/linguistique\/wp-json\/wp\/v2\/tags?post=12678"},{"taxonomy":"tribe_events_cat","embeddable":true,"href":"http:\/\/web.philo.ulg.ac.be\/linguistique\/wp-json\/wp\/v2\/tribe_events_cat?post=12678"}],"curies":[{"name":"wp","href":"https:\/\/api.w.org\/{rel}","templated":true}]}}

C. Amigo Pino (Université de São Paulo) : « Les séminaires de Roland Barthes : de la sémiologie à la littérature (ou de la recherche collective à l’amour) »
