{"id":12692,"date":"2019-01-18T13:29:27","date_gmt":"2019-01-18T12:29:27","guid":{"rendered":"http:\/\/web.philo.ulg.ac.be\/linguistique\/?post_type=tribe_events&#038;p=12692"},"modified":"2019-01-18T13:33:22","modified_gmt":"2019-01-18T12:33:22","slug":"francesco-la-mantia-universite-de-palerme-hameconner-lautre-sur-un-aspect-de-la-deuxieme-personne-chez-jacques-lacan","status":"publish","type":"tribe_events","link":"http:\/\/web.philo.ulg.ac.be\/linguistique\/evenement\/francesco-la-mantia-universite-de-palerme-hameconner-lautre-sur-un-aspect-de-la-deuxieme-personne-chez-jacques-lacan\/","title":{"rendered":"Francesco La Mantia (Universit\u00e9 de Palerme) : \u00ab Hame\u00e7onner l\u2019Autre. Sur un aspect de la deuxi\u00e8me personne chez Jacques Lacan \u00bb"},"content":{"rendered":"<p>Francesco La Mantia est professeur associ\u00e9 \u00e0 l\u2019Universit\u00e9 de Palerme o\u00f9 il enseigne la Philosophie du langage. Il est sp\u00e9cialiste de linguistique \u00e9nonciative et de mod\u00e9lisation morphodynamique du sens. Il a \u00e9crit Che senso ha? Polisemia e attivit\u00e0 di linguaggio, Mimesis, 2012. En 2014, il a traduit et \u00e9dit\u00e9 une s\u00e9lection d\u2019articles d\u2019Antoine Culioli dans Culioli &amp; La Mantia, Antoine Culioli. L&rsquo;arco e la freccia. Scritti scelti. Con il saggio di Francesco La Mantia Sul lessico della linguistica di Culioli, prefazione di Tullio De Mauro, Bologna, Il Mulino, 2014. Il a codirig\u00e9 le volume Language in Complexity, Springer, 2017 (avec Perconti et Licata).<\/p>\n","protected":false},"excerpt":{"rendered":"<p>Francesco La Mantia est professeur associ\u00e9 \u00e0 l\u2019Universit\u00e9 de Palerme o\u00f9 il enseigne la Philosophie du [&hellip;]<\/p>\n","protected":false},"author":2,"featured_media":0,"template":"","meta":{"_tribe_events_status":"","_tribe_events_status_reason":"","footnotes":""},"tags":[],"tribe_events_cat":[88],"class_list":["post-12692","tribe_events","type-tribe_events","status-publish","hentry","tribe_events_cat-conference","cat_conference"],"_links":{"self":[{"href":"http:\/\/web.philo.ulg.ac.be\/linguistique\/wp-json\/wp\/v2\/tribe_events\/12692","targetHints":{"allow":["GET"]}}],"collection":[{"href":"http:\/\/web.philo.ulg.ac.be\/linguistique\/wp-json\/wp\/v2\/tribe_events"}],"about":[{"href":"http:\/\/web.philo.ulg.ac.be\/linguistique\/wp-json\/wp\/v2\/types\/tribe_events"}],"author":[{"embeddable":true,"href":"http:\/\/web.philo.ulg.ac.be\/linguistique\/wp-json\/wp\/v2\/users\/2"}],"version-history":[{"count":2,"href":"http:\/\/web.philo.ulg.ac.be\/linguistique\/wp-json\/wp\/v2\/tribe_events\/12692\/revisions"}],"predecessor-version":[{"id":12694,"href":"http:\/\/web.philo.ulg.ac.be\/linguistique\/wp-json\/wp\/v2\/tribe_events\/12692\/revisions\/12694"}],"wp:attachment":[{"href":"http:\/\/web.philo.ulg.ac.be\/linguistique\/wp-json\/wp\/v2\/media?parent=12692"}],"wp:term":[{"taxonomy":"post_tag","embeddable":true,"href":"http:\/\/web.philo.ulg.ac.be\/linguistique\/wp-json\/wp\/v2\/tags?post=12692"},{"taxonomy":"tribe_events_cat","embeddable":true,"href":"http:\/\/web.philo.ulg.ac.be\/linguistique\/wp-json\/wp\/v2\/tribe_events_cat?post=12692"}],"curies":[{"name":"wp","href":"https:\/\/api.w.org\/{rel}","templated":true}]}}

Francesco La Mantia (Université de Palerme) : « Hameçonner l’Autre. Sur un aspect de la deuxième personne chez Jacques Lacan »

<p>Francesco La Mantia est professeur associé à l’Université de Palerme où il enseigne la Philosophie du langage. Il est spécialiste de linguistique énonciative et de modélisation morphodynamique du sens. Il a écrit Che senso ha? Polisemia e attività di linguaggio, Mimesis, 2012. En 2014, il a traduit et édité une sélection d’articles d’Antoine Culioli dans Culioli &amp; La Mantia, Antoine Culioli. L&rsquo;arco e la freccia. Scritti scelti. Con il saggio di Francesco La Mantia Sul lessico della linguistica di Culioli, prefazione di Tullio De Mauro, Bologna, Il Mulino, 2014. Il a codirigé le volume Language in Complexity, Springer, 2017 (avec Perconti et Licata).</p>

<p>Francesco La Mantia est professeur associé à l’Université de Palerme où il enseigne la Philosophie du [&hellip;]</p>
