{"id":12716,"date":"2019-03-14T13:49:37","date_gmt":"2019-03-14T12:49:37","guid":{"rendered":"http:\/\/web.philo.ulg.ac.be\/linguistique\/?post_type=tribe_events&#038;p=12716"},"modified":"2019-03-14T13:49:37","modified_gmt":"2019-03-14T12:49:37","slug":"jean-pierre-chambon-universite-de-paris-sorbonne-six-petits-problemes-de-linguistique-et-de-philologie-romanes","status":"publish","type":"tribe_events","link":"http:\/\/web.philo.ulg.ac.be\/linguistique\/evenement\/jean-pierre-chambon-universite-de-paris-sorbonne-six-petits-problemes-de-linguistique-et-de-philologie-romanes\/","title":{"rendered":"Jean-Pierre Chambon (Universit\u00e9 de Paris-Sorbonne), \u00ab\u00a0Six petits probl\u00e8mes de linguistique et de philologie romanes\u00a0\u00bb"},"content":{"rendered":"<p>Dans le cadre de la remise des insignes de Docteur Honoris Causa de l&rsquo;Universit\u00e9 de Li\u00e8ge au Professeur Chambon<\/p>\n<p>Les sujets concerneront\u00a0:<\/p>\n<ul type=\"disc\">\n<li>\u00a0la grammaire compar\u00e9e des langues romanes<\/li>\n<li>\u00a0l&rsquo;\u00e9tymologie des \u00abinconnus\u00bb<\/li>\n<li>\u00a0l&rsquo;interpr\u00e9tation d&rsquo;un vers de Guillaume de Poitiers<\/li>\n<li>\u00a0l&rsquo;attribution de <em>Flamenca<\/em><\/li>\n<li>\u00a0la litt\u00e9rature orale franc-comtoise<\/li>\n<li>\u00a0la microtoponymie de Bourgogne<\/li>\n<\/ul>\n<p>Chaque dossier fera l\u2019objet d\u2019une pr\u00e9sentation de 15 minutes\u00a0: cadrage g\u00e9n\u00e9ral, position du probl\u00e8me, solution, br\u00e8ve conclusion. Une interaction avec l\u2019auditoire est pr\u00e9vue apr\u00e8s les trois premiers dossiers et \u00e0 la fin, avant une conclusion g\u00e9n\u00e9rale. Les \u00e9tudiants de tous les cycles et de toutes les fili\u00e8res sont tr\u00e8s bienvenus.<\/p>\n","protected":false},"excerpt":{"rendered":"<p>Dans le cadre de la remise des insignes de Docteur Honoris Causa de l&rsquo;Universit\u00e9 de Li\u00e8ge [&hellip;]<\/p>\n","protected":false},"author":2,"featured_media":0,"template":"","meta":{"_tribe_events_status":"","_tribe_events_status_reason":"","footnotes":""},"tags":[],"tribe_events_cat":[88],"class_list":["post-12716","tribe_events","type-tribe_events","status-publish","hentry","tribe_events_cat-conference","cat_conference"],"_links":{"self":[{"href":"http:\/\/web.philo.ulg.ac.be\/linguistique\/wp-json\/wp\/v2\/tribe_events\/12716","targetHints":{"allow":["GET"]}}],"collection":[{"href":"http:\/\/web.philo.ulg.ac.be\/linguistique\/wp-json\/wp\/v2\/tribe_events"}],"about":[{"href":"http:\/\/web.philo.ulg.ac.be\/linguistique\/wp-json\/wp\/v2\/types\/tribe_events"}],"author":[{"embeddable":true,"href":"http:\/\/web.philo.ulg.ac.be\/linguistique\/wp-json\/wp\/v2\/users\/2"}],"version-history":[{"count":2,"href":"http:\/\/web.philo.ulg.ac.be\/linguistique\/wp-json\/wp\/v2\/tribe_events\/12716\/revisions"}],"predecessor-version":[{"id":12720,"href":"http:\/\/web.philo.ulg.ac.be\/linguistique\/wp-json\/wp\/v2\/tribe_events\/12716\/revisions\/12720"}],"wp:attachment":[{"href":"http:\/\/web.philo.ulg.ac.be\/linguistique\/wp-json\/wp\/v2\/media?parent=12716"}],"wp:term":[{"taxonomy":"post_tag","embeddable":true,"href":"http:\/\/web.philo.ulg.ac.be\/linguistique\/wp-json\/wp\/v2\/tags?post=12716"},{"taxonomy":"tribe_events_cat","embeddable":true,"href":"http:\/\/web.philo.ulg.ac.be\/linguistique\/wp-json\/wp\/v2\/tribe_events_cat?post=12716"}],"curies":[{"name":"wp","href":"https:\/\/api.w.org\/{rel}","templated":true}]}}

Jean-Pierre Chambon (Université de Paris-Sorbonne), « Six petits problèmes de linguistique et de philologie romanes »

<p>Dans le cadre de la remise des insignes de Docteur Honoris Causa de l&rsquo;Université de Liège au Professeur Chambon</p>
<p>Les sujets concerneront :</p>
<ul type="disc">
<li> la grammaire comparée des langues romanes</li>
<li> l&rsquo;étymologie des «inconnus»</li>
<li> l&rsquo;interprétation d&rsquo;un vers de Guillaume de Poitiers</li>
<li> l&rsquo;attribution de <em>Flamenca</em></li>
<li> la littérature orale franc-comtoise</li>
<li> la microtoponymie de Bourgogne</li>
</ul>
<p>Chaque dossier fera l’objet d’une présentation de 15 minutes : cadrage général, position du problème, solution, brève conclusion. Une interaction avec l’auditoire est prévue après les trois premiers dossiers et à la fin, avant une conclusion générale. Les étudiants de tous les cycles et de toutes les filières sont très bienvenus.</p>

<p>Dans le cadre de la remise des insignes de Docteur Honoris Causa de l&rsquo;Université de Liège [&hellip;]</p>
