{"id":3543,"date":"2013-09-02T08:18:49","date_gmt":"2013-09-02T06:18:49","guid":{"rendered":"http:\/\/139.165.56.48\/prehist\/?page_id=3543"},"modified":"2018-01-19T16:22:22","modified_gmt":"2018-01-19T15:22:22","slug":"museum","status":"publish","type":"page","link":"http:\/\/web.philo.ulg.ac.be\/prehist\/museum\/","title":{"rendered":"Museum"},"content":{"rendered":"<div class=\"fusion-fullwidth fullwidth-box fusion-builder-row-1 nonhundred-percent-fullwidth non-hundred-percent-height-scrolling\" style=\"background-color: rgba(255,255,255,0);background-position: center center;background-repeat: no-repeat;padding-top:0px;padding-right:0px;padding-bottom:0px;padding-left:0px;margin-bottom: 0px;margin-top: 0px;border-width: 0px 0px 0px 0px;border-color:#eae9e9;border-style:solid;\" ><div class=\"fusion-builder-row fusion-row\"><div class=\"fusion-layout-column fusion_builder_column fusion-builder-column-0 fusion_builder_column_1_1 1_1 fusion-one-full fusion-column-first fusion-column-last\" style=\"margin-top:0px;margin-bottom:0px;\"><div class=\"fusion-column-wrapper fusion-flex-column-wrapper-legacy\" style=\"background-position:left top;background-repeat:no-repeat;-webkit-background-size:cover;-moz-background-size:cover;-o-background-size:cover;background-size:cover;padding: 0px 0px 0px 0px;\"><style type=\"text\/css\"><\/style><div class=\"fusion-title title fusion-title-1 sep-underline sep-solid fusion-title-text fusion-title-size-five\" style=\"border-bottom-color:#00a400;margin-top:0px;margin-right:0px;margin-bottom:31px;margin-left:0px;\"><h5 class=\"title-heading-left fusion-responsive-typography-calculated\" style=\"margin:0;--fontSize:19;--minFontSize:19px;line-height:1.5;\"><b>MUSEUM<\/b><\/h5><\/div><div class=\"fusion-text fusion-text-1\"><p><strong>Mus\u00e9e du service de Pr\u00e9histoire et Centre de Recherche Arch\u00e9ologique<\/strong><\/p>\n<\/div><span class=\" fusion-imageframe imageframe-none imageframe-1 hover-type-none\" style=\"margin-left:25px;float:right;\"><img decoding=\"async\" width=\"150\" height=\"168\" title=\"PhChSchmerling\" src=\"http:\/\/web.philo.ulg.ac.be\/prehist\/wp-content\/uploads\/sites\/38\/2013\/11\/PhChSchmerling.jpg\" alt class=\"img-responsive wp-image-5318\" srcset=\"http:\/\/web.philo.ulg.ac.be\/prehist\/wp-content\/uploads\/sites\/38\/2013\/11\/PhChSchmerling-107x120.jpg 107w, http:\/\/web.philo.ulg.ac.be\/prehist\/wp-content\/uploads\/sites\/38\/2013\/11\/PhChSchmerling.jpg 150w\" sizes=\"(max-width: 150px) 100vw, 150px\" \/><\/span><div class=\"fusion-text fusion-text-2\"><p style=\"text-align: justify;\">L&rsquo;Universit\u00e9 de Li\u00e8ge fut l&rsquo;une des premi\u00e8res \u00e0 s&rsquo;int\u00e9resser \u00e0 la connaissance de l&rsquo;homme pr\u00e9historique. La tr\u00e8s haute anciennet\u00e9 de l&rsquo;homme fut d\u00e9montr\u00e9e par l&rsquo;un de ses membres, Philippe-Charles Schmerling, d\u00e8s le d\u00e9but du XlX\u00e8me si\u00e8cle. Poursuivant cette tradition, l&rsquo;Universit\u00e9 continue sa mission en pratiquant de nombreuses recherches dans le domaine de la Pr\u00e9histoire.<\/p>\n<p style=\"text-align: justify;\">Les collections de Pr\u00e9histoire se r\u00e9partissent en trois sections. La premi\u00e8re illustre les diff\u00e9rentes \u00e9tapes des activit\u00e9s humaines depuis les origines en pr\u00e9sentant toute une s\u00e9rie de pi\u00e8ces arch\u00e9ologiques caract\u00e9ristiques des grandes p\u00e9riodes de la Pr\u00e9histoire. La seconde section montre, group\u00e9 par p\u00e9riodes, un mat\u00e9riel arch\u00e9ologique r\u00e9sultant de fouilles effectu\u00e9es par les membres du Service de Pr\u00e9histoire et par des collaborateurs \u00e9trangers. La troisi\u00e8me section s&rsquo;attache \u00e0 pr\u00e9senter des reconstitutions d&rsquo;objets pr\u00e9historiques au travers de pi\u00e8ces exp\u00e9rimentales. Un ensemble de moulages illustrant les principaux stades de l&rsquo;\u00e9volution physique des Hominid\u00e9s compl\u00e8te la pr\u00e9sentation des collections arch\u00e9ologiques.<\/p>\n<\/div><div class=\"fusion-sep-clear\"><\/div><div class=\"fusion-separator fusion-full-width-sep\" style=\"margin-left: auto;margin-right: auto;margin-bottom:40px;width:100%;\"><\/div><div class=\"fusion-sep-clear\"><\/div><style type=\"text\/css\">.fusion-gallery-1 .fusion-gallery-image {border:0px solid #f6f6f6;}<\/style><div class=\"fusion-gallery fusion-gallery-container fusion-grid-4 fusion-columns-total-4 fusion-gallery-layout-grid fusion-gallery-1\" style=\"margin:-5px;\"><div style=\"padding:5px;\" class=\"fusion-grid-column fusion-gallery-column fusion-gallery-column-4 hover-type-none\"><div class=\"fusion-gallery-image\"><img decoding=\"async\" src=\"http:\/\/web.philo.ulg.ac.be\/prehist\/wp-content\/uploads\/sites\/38\/2018\/01\/musee4.jpg\" width=\"300\" height=\"225\" alt=\"\" title=\"musee4\" aria-label=\"musee4\" class=\"img-responsive wp-image-9293\" srcset=\"http:\/\/web.philo.ulg.ac.be\/prehist\/wp-content\/uploads\/sites\/38\/2018\/01\/musee4-200x150.jpg 200w, http:\/\/web.philo.ulg.ac.be\/prehist\/wp-content\/uploads\/sites\/38\/2018\/01\/musee4.jpg 300w\" sizes=\"(min-width: 2200px) 100vw, (min-width: 856px) 289px, (min-width: 784px) 385px, (min-width: 712px) 578px, (min-width: 640px) 712px, \" \/><\/div><\/div><div style=\"padding:5px;\" class=\"fusion-grid-column fusion-gallery-column fusion-gallery-column-4 hover-type-none\"><div class=\"fusion-gallery-image\"><img decoding=\"async\" src=\"http:\/\/web.philo.ulg.ac.be\/prehist\/wp-content\/uploads\/sites\/38\/2013\/11\/musee5.jpg\" width=\"300\" height=\"225\" alt=\"\" title=\"\" aria-label=\"\" class=\"img-responsive wp-image-5324\" srcset=\"http:\/\/web.philo.ulg.ac.be\/prehist\/wp-content\/uploads\/sites\/38\/2013\/11\/musee5-120x90.jpg 120w, http:\/\/web.philo.ulg.ac.be\/prehist\/wp-content\/uploads\/sites\/38\/2013\/11\/musee5.jpg 300w\" sizes=\"(max-width: 300px) 100vw, 300px\" \/><\/div><\/div><div style=\"padding:5px;\" class=\"fusion-grid-column fusion-gallery-column fusion-gallery-column-4 hover-type-none\"><div class=\"fusion-gallery-image\"><img decoding=\"async\" src=\"http:\/\/web.philo.ulg.ac.be\/prehist\/wp-content\/uploads\/sites\/38\/2013\/11\/musee3.jpg\" width=\"300\" height=\"225\" alt=\"\" title=\"\" aria-label=\"\" class=\"img-responsive wp-image-5322\" srcset=\"http:\/\/web.philo.ulg.ac.be\/prehist\/wp-content\/uploads\/sites\/38\/2013\/11\/musee3-120x90.jpg 120w, http:\/\/web.philo.ulg.ac.be\/prehist\/wp-content\/uploads\/sites\/38\/2013\/11\/musee3.jpg 300w\" sizes=\"(max-width: 300px) 100vw, 300px\" \/><\/div><\/div><div style=\"padding:5px;\" class=\"fusion-grid-column fusion-gallery-column fusion-gallery-column-4 hover-type-none\"><div class=\"fusion-gallery-image\"><img decoding=\"async\" src=\"http:\/\/web.philo.ulg.ac.be\/prehist\/wp-content\/uploads\/sites\/38\/2013\/11\/musee2.jpg\" width=\"300\" height=\"225\" alt=\"\" title=\"\" aria-label=\"\" class=\"img-responsive wp-image-5321\" srcset=\"http:\/\/web.philo.ulg.ac.be\/prehist\/wp-content\/uploads\/sites\/38\/2013\/11\/musee2-120x90.jpg 120w, http:\/\/web.philo.ulg.ac.be\/prehist\/wp-content\/uploads\/sites\/38\/2013\/11\/musee2.jpg 300w\" sizes=\"(max-width: 300px) 100vw, 300px\" \/><\/div><\/div><div class=\"clearfix\"><\/div><\/div><div class=\"fusion-sep-clear\"><\/div><div class=\"fusion-separator fusion-full-width-sep\" style=\"margin-left: auto;margin-right: auto;margin-bottom:40px;width:100%;\"><\/div><div class=\"fusion-sep-clear\"><\/div><div class=\"fusion-text fusion-text-3\"><p><strong>Mus\u00e9e de Pr\u00e9histoire<\/strong><\/p>\n<p style=\"text-align: justify;\">Le Mus\u00e9e de Pr\u00e9histoire am\u00e9nag\u00e9 dans les sous-sols du b\u00e2timent central de l&rsquo;Universit\u00e9, abrite les collections provenant des fouilles r\u00e9alis\u00e9es par le service d&rsquo;Arch\u00e9ologie pr\u00e9historique (le plus ancien de Belgique en ce domaine). Con\u00e7u comme une vitrine des activit\u00e9s scientifiques de ce service, il vise \u00e0 donner un aper\u00e7u rapide des productions humaines durant la Pr\u00e9histoire. Parmi les nombreux objets issus de fouilles en Belgique et \u00e0 l&rsquo;\u00e9tranger qui sont pr\u00e9sent\u00e9s, ceux provenant d&rsquo;Engis sont importants d&rsquo;un point de vue historique. Philippe Charles Schmerling (1791-1836), qui occupa la chaire de zoologie \u00e0 partir de 1834, a effectu\u00e9 l\u00e0 ce que l&rsquo;on peut consid\u00e9rer comme la premi\u00e8re fouille pal\u00e9olithique. II a d\u00e9couvert, associ\u00e9s \u00e0 des ossements d&rsquo;esp\u00e8ces animales \u00e9teintes, des objets de silex et d&rsquo;os du Pal\u00e9olithique moyen et sup\u00e9rieur taill\u00e9s par l&rsquo;homme, ainsi que des restes humains (dont un cr\u00e2ne d&rsquo;enfant n\u00e9andertalien). Avant Darwin et Boucher de Perthes, il a fourni des preuves de l&rsquo;anciennet\u00e9 de l&rsquo;esp\u00e8ce humaine et lui a donn\u00e9 une dimension pal\u00e9ontologique.<\/p>\n<p style=\"text-align: justify;\">Toujours \u201chistoriques sont les outils de silex et les pendeloques provenant de Spy (grotte Betche-aux-Rotches), essentiellement du Pal\u00e9olithique sup\u00e9rieur pour ce qui est des pi\u00e8ces conserv\u00e9es \u00e0 l&rsquo;Universit\u00e9. II s&rsquo;agissait l\u00e0 en effet de la premi\u00e8re fouille importante en Belgique (Marcel de Puydt, fin XIX si\u00e8cle) dont on peut toujours actuellement utiliser les donn\u00e9es stratigraphiques. Le Mus\u00e9e montre encore du mat\u00e9riel provenant d&rsquo;Omal (sabli\u00e8re Kinart, Pal\u00e9olithique moyen), d\u00e9couvert lors des fouilles de Mlle H\u00e9l\u00e8ne Danthine, professeur de Pr\u00e9histoire \u00e0 l&rsquo;Universit\u00e9, dans les ann\u00e9es quarante.<\/p>\n<p style=\"text-align: justify;\">L&rsquo;orientation des recherches r\u00e9centes du Service est \u00e9galement illustr\u00e9e. Dans les ann\u00e9es quatre-vingts, les sites de Chaleux, Furfooz et Presle, par exemple, d\u00e9j\u00e0 bien connus par des travaux anciens, ont fait l&rsquo;objet de fouilles de contr\u00f4le. Destin\u00e9es non plus \u00e0 r\u00e9colter un maximum de mat\u00e9riel arch\u00e9ologique, elles visaient \u00e0 compl\u00e9ter nos connaissances et \u00e0 mieux cerner les conditions environnementales dans lesquelles les occupations pr\u00e9historiques avaient pris place. Les r\u00e9sultats de fouilles \u00e0 l&rsquo;\u00e9tranger sont aussi visibles : Hassek Huyuk (Turquie) et Mitoc (Roumanie) ont fourni un mat\u00e9riel lithique abondant dont quelques pi\u00e8ces figurent dans les vitrines.<\/p>\n<p style=\"text-align: justify;\">D&rsquo;autre part, les \u00e9tudiants de la section Histoire de l&rsquo;Art et Arch\u00e9ologie sont mis en contact direct avec les collections lors de travaux pratiques constituant le compl\u00e9ment n\u00e9cessaire aux cours th\u00e9oriques de Pr\u00e9histoire. La manipulation des objets permet de mieux approcher la documentation arch\u00e9ologique, notamment en ce qui concerne l&rsquo;identification des mat\u00e9riaux, la compr\u00e9hension des techniques de fabrication de l&rsquo;outillage, et l&rsquo;\u00e9volution de celui-ci au cours des temps pr\u00e9historiques. Des vitrines pr\u00e9sentent les diff\u00e9rentes m\u00e9thodes de taille du silex \u00e0 l&rsquo;aide de reconstitutions exp\u00e9rimentales qui d\u00e9taillent les phases des diff\u00e9rents processus de production de supports lithiques.<\/p>\n<p style=\"text-align: justify;\">Outre le cadre de conservation du mat\u00e9riel \u00e9tudi\u00e9 et publi\u00e9, le Mus\u00e9e et ses annexes sont le lieu de s\u00e9jour des pi\u00e8ces arch\u00e9ologiques une fois la fouille termin\u00e9e. Les objets y sont pr\u00e9serv\u00e9s, lav\u00e9s et inventori\u00e9s, avant analyses. Ensuite, ils int\u00e8grent d\u00e9finitivement les collections ou s&rsquo;en vont vers une autre institution. De nombreux objets sont pr\u00eat\u00e9s de plus en plus r\u00e9guli\u00e8rement pour des expositions temporaires. Toutes les collections sont accessibles aux chercheurs belges et \u00e9trangers d\u00e9sireux de les \u00e9tudier pour comparaison.<\/p>\n<p style=\"text-align: justify;\">Enfin, le Mus\u00e9e est ouvert au public sur rendez-vous. Nombreux sont les groupes scolaires de l&rsquo;enseignement primaire et secondaire qui le visitent, dans le cadre des cours d&rsquo;Histoire. D&rsquo;anciens \u00e9tudiants retracent l&rsquo;\u00e9volution des p\u00e9riodes pal\u00e9olithiques et n\u00e9olithiques \u00e0 l&rsquo;aide de diapositives et films vid\u00e9o. La pr\u00e9sentation d&rsquo;objets apporte un support \u00e0 l&rsquo;expos\u00e9 visuel ; des panneaux explicatifs sont consacr\u00e9s \u00e0 certains aspects des m\u00e9thodes d&rsquo;investigation en arch\u00e9ologie pr\u00e9historique : \u00e9tude des pollens et des restes fauniques, reconstitution de l&rsquo;environnement, exemple d&rsquo;une fouille pal\u00e9olithique (Sclayn).<\/p>\n<p style=\"text-align: justify;\">Quelques pi\u00e8ces des collections n&rsquo;int\u00e9ressent pas uniquement l&rsquo;arch\u00e9ologue, mais \u00e9galement l&rsquo;historien de l&rsquo;art. En effet, si le territoire belge n&rsquo;a pas fourni d&rsquo;art pari\u00e9tal, il a par contre donn\u00e9 quelques documents mobiliers. Peu nombreux par rapport aux d\u00e9couvertes du Sud-ouest fran\u00e7ais ou du Nord de l&rsquo;Espagne, ils n&rsquo;en sont pas moins importants, Ces documents constituent un reflet des activit\u00e9s et des concepts artistiques et religieux des populations qui occup\u00e8rent nos r\u00e9gions \u00e0 ces \u00e9poques anciennes.<\/p>\n<p style=\"text-align: justify;\">Des pendeloques de Spy montrent l&rsquo;importance des objets de parure et de d\u00e9coration personnelle d\u00e8s la culture aurignacienne, phase ancienne du Pal\u00e9olithique sup\u00e9rieur.<\/p>\n<p style=\"text-align: justify;\">Toujours pour le Pal\u00e9olithique sup\u00e9rieur, mais dans un contexte culturel plus r\u00e9cent (le Magdal\u00e9nien), le site de Chaleux avait fourni en 1865 deux exemples d&rsquo;art figuratif sur plaquettes (dont la c\u00e9l\u00e8bre dalle de psammite montrant, comme figure la plus connue, un puissant aurochs). Les fouilles effectu\u00e9es par l&rsquo;Universit\u00e9 en 1987 ont permis la d\u00e9couverte d&rsquo;une nouvelle plaquette de gr\u00e8s d\u00e9cor\u00e9e. H\u00e9las fragmentaire, elle porte la gravure partielle d&rsquo;une t\u00eate et d&rsquo;une patte de bovid\u00e9.<\/p>\n<p style=\"text-align: justify;\">Toujours dans des couches magdal\u00e9niennes mais au Trou de Somme cette fois (Dinant), les fouilleurs de l&rsquo;Universit\u00e9 ont mis au jour en 1988 une autre plaquette. On peut y voir une gravure partielle de bison.<\/p>\n<p style=\"text-align: justify;\">A la grotte de Remouchamps dans un contexte culturel de la fin du Pal\u00e9olithique sup\u00e9rieur (l&rsquo;Arhensbourgien), fut d\u00e9couvert un autre objet important. II s&rsquo;agit d&rsquo;une lame osseuse d\u00e9coup\u00e9e et incis\u00e9e de traits fins transversaux sur une face, et de traits transversaux et longitudinaux sur l&rsquo;autre. Ce d\u00e9cor, strictement g\u00e9om\u00e9trique, est interpr\u00e9t\u00e9 par certains auteurs comme un d\u00e9compte num\u00e9rique, bien que rien ne puisse confirmer cette hypoth\u00e8se, surtout en ce qui concerne le sens d&rsquo;un tel d\u00e9compte (d\u00e9compte lunaire, ludique).<\/p>\n<\/div><div class=\"fusion-sep-clear\"><\/div><div class=\"fusion-separator fusion-full-width-sep\" style=\"margin-left: auto;margin-right: auto;margin-bottom:40px;width:100%;\"><\/div><div class=\"fusion-sep-clear\"><\/div><div class=\"fusion-clearfix\"><\/div><\/div><\/div><div class=\"fusion-layout-column fusion_builder_column fusion-builder-column-1 fusion_builder_column_1_3 1_3 fusion-one-third fusion-column-first\" style=\"width:33.333333333333%;width:calc(33.333333333333% - ( ( 4% + 4% ) * 0.33333333333333 ) );margin-right: 4%;margin-top:0px;margin-bottom:0px;\"><div class=\"fusion-column-wrapper fusion-flex-column-wrapper-legacy\" style=\"background-position:left top;background-repeat:no-repeat;-webkit-background-size:cover;-moz-background-size:cover;-o-background-size:cover;background-size:cover;padding: 0px 0px 0px 0px;\"><div class=\"imageframe-align-center\"><span class=\" fusion-imageframe imageframe-none imageframe-2 hover-type-none\"><img decoding=\"async\" width=\"256\" height=\"194\" title=\"Remouch1a1\" src=\"http:\/\/web.philo.ulg.ac.be\/prehist\/wp-content\/uploads\/sites\/38\/2013\/11\/Remouch1a1.jpg\" alt class=\"img-responsive wp-image-5319\" srcset=\"http:\/\/web.philo.ulg.ac.be\/prehist\/wp-content\/uploads\/sites\/38\/2013\/11\/Remouch1a1-120x90.jpg 120w, http:\/\/web.philo.ulg.ac.be\/prehist\/wp-content\/uploads\/sites\/38\/2013\/11\/Remouch1a1.jpg 256w\" sizes=\"(max-width: 256px) 100vw, 256px\" \/><\/span><\/div><div class=\"fusion-text fusion-text-4\"><p style=\"text-align: center;\"><em>Lamelle d\u2019os d\u00e9cor\u00e9e (Remouchamps, Belgique)<\/em><br \/>\n<em>M\u00e9solithique (environ 9.000 ans)<\/em><\/p>\n<\/div><div class=\"fusion-clearfix\"><\/div><\/div><\/div><div class=\"fusion-layout-column fusion_builder_column fusion-builder-column-2 fusion_builder_column_1_3 1_3 fusion-one-third\" style=\"width:33.333333333333%;width:calc(33.333333333333% - ( ( 4% + 4% ) * 0.33333333333333 ) );margin-right: 4%;margin-top:0px;margin-bottom:0px;\"><div class=\"fusion-column-wrapper fusion-flex-column-wrapper-legacy\" style=\"background-position:left top;background-repeat:no-repeat;-webkit-background-size:cover;-moz-background-size:cover;-o-background-size:cover;background-size:cover;padding: 0px 0px 0px 0px;\"><div class=\"imageframe-align-center\"><span class=\" fusion-imageframe imageframe-none imageframe-3 hover-type-none\"><img decoding=\"async\" width=\"256\" height=\"194\" title=\"Freyra1\" src=\"http:\/\/web.philo.ulg.ac.be\/prehist\/wp-content\/uploads\/sites\/38\/2013\/11\/Freyra1.jpg\" alt class=\"img-responsive wp-image-5317\" srcset=\"http:\/\/web.philo.ulg.ac.be\/prehist\/wp-content\/uploads\/sites\/38\/2013\/11\/Freyra1-120x90.jpg 120w, http:\/\/web.philo.ulg.ac.be\/prehist\/wp-content\/uploads\/sites\/38\/2013\/11\/Freyra1.jpg 256w\" sizes=\"(max-width: 256px) 100vw, 256px\" \/><\/span><\/div><div class=\"fusion-text fusion-text-5\"><p style=\"text-align: center;\"><em>\u00ab L\u2019homme bless\u00e9 \u00bb (Dinant, Belgique)<\/em><br \/>\n<em>N\u00e9olithique (environ 5.000 ans)<\/em><\/p>\n<\/div><div class=\"fusion-clearfix\"><\/div><\/div><\/div><div class=\"fusion-layout-column fusion_builder_column fusion-builder-column-3 fusion_builder_column_1_3 1_3 fusion-one-third fusion-column-last\" style=\"width:33.333333333333%;width:calc(33.333333333333% - ( ( 4% + 4% ) * 0.33333333333333 ) );margin-top:0px;margin-bottom:0px;\"><div class=\"fusion-column-wrapper fusion-flex-column-wrapper-legacy\" style=\"background-position:left top;background-repeat:no-repeat;-webkit-background-size:cover;-moz-background-size:cover;-o-background-size:cover;background-size:cover;padding: 0px 0px 0px 0px;\"><div class=\"imageframe-align-center\"><span class=\" fusion-imageframe imageframe-none imageframe-4 hover-type-none\"><img decoding=\"async\" width=\"256\" height=\"194\" title=\"Sclayna1\" src=\"http:\/\/web.philo.ulg.ac.be\/prehist\/wp-content\/uploads\/sites\/38\/2013\/11\/Sclayna1.jpg\" alt class=\"img-responsive wp-image-5316\" srcset=\"http:\/\/web.philo.ulg.ac.be\/prehist\/wp-content\/uploads\/sites\/38\/2013\/11\/Sclayna1-120x90.jpg 120w, http:\/\/web.philo.ulg.ac.be\/prehist\/wp-content\/uploads\/sites\/38\/2013\/11\/Sclayna1.jpg 256w\" sizes=\"(max-width: 256px) 100vw, 256px\" \/><\/span><\/div><div class=\"fusion-text fusion-text-6\"><p style=\"text-align: center;\"><em>Mandibule d\u2019enfant n\u00e9andertalien<\/em><br \/>\n<em>(Sclayn, Belgique)<\/em><\/p>\n<\/div><div class=\"fusion-clearfix\"><\/div><\/div><\/div><div class=\"fusion-layout-column fusion_builder_column fusion-builder-column-4 fusion_builder_column_1_1 1_1 fusion-one-full fusion-column-first fusion-column-last\" style=\"margin-top:0px;margin-bottom:0px;\"><div class=\"fusion-column-wrapper fusion-flex-column-wrapper-legacy\" style=\"background-position:left top;background-repeat:no-repeat;-webkit-background-size:cover;-moz-background-size:cover;-o-background-size:cover;background-size:cover;padding: 0px 0px 0px 0px;\"><div class=\"fusion-sep-clear\"><\/div><div class=\"fusion-separator fusion-full-width-sep\" style=\"margin-left: auto;margin-right: auto;margin-bottom:70px;width:100%;\"><\/div><div class=\"fusion-sep-clear\"><\/div><div class=\"fusion-text fusion-text-7\"><p style=\"text-align: center;\">Le Mus\u00e9e est situ\u00e9 au sous-sol des B\u00e2timents de Philosophie et Lettres (Entr\u00e9e par quai Roosevelt, 1B, B\u00e2timent A4)<br \/>\nIl est accessible au public, sur demande<br \/>\n<strong>Pour les visites guid\u00e9es, infos :<\/strong> <a href=\"mailto:info@prehisto.museum.org\">Pr\u00e9histo Museum de Ramioul<\/a> &#8211; T\u00e9l. : 04\/275.49.75<\/p>\n<\/div><div class=\"fusion-clearfix\"><\/div><\/div><\/div><\/div><\/div>\n","protected":false},"excerpt":{"rendered":"","protected":false},"author":2,"featured_media":0,"parent":0,"menu_order":0,"comment_status":"closed","ping_status":"closed","template":"","meta":{"footnotes":""},"class_list":["post-3543","page","type-page","status-publish","hentry"],"_links":{"self":[{"href":"http:\/\/web.philo.ulg.ac.be\/prehist\/wp-json\/wp\/v2\/pages\/3543","targetHints":{"allow":["GET"]}}],"collection":[{"href":"http:\/\/web.philo.ulg.ac.be\/prehist\/wp-json\/wp\/v2\/pages"}],"about":[{"href":"http:\/\/web.philo.ulg.ac.be\/prehist\/wp-json\/wp\/v2\/types\/page"}],"author":[{"embeddable":true,"href":"http:\/\/web.philo.ulg.ac.be\/prehist\/wp-json\/wp\/v2\/users\/2"}],"replies":[{"embeddable":true,"href":"http:\/\/web.philo.ulg.ac.be\/prehist\/wp-json\/wp\/v2\/comments?post=3543"}],"version-history":[{"count":6,"href":"http:\/\/web.philo.ulg.ac.be\/prehist\/wp-json\/wp\/v2\/pages\/3543\/revisions"}],"predecessor-version":[{"id":9298,"href":"http:\/\/web.philo.ulg.ac.be\/prehist\/wp-json\/wp\/v2\/pages\/3543\/revisions\/9298"}],"wp:attachment":[{"href":"http:\/\/web.philo.ulg.ac.be\/prehist\/wp-json\/wp\/v2\/media?parent=3543"}],"curies":[{"name":"wp","href":"https:\/\/api.w.org\/{rel}","templated":true}]}}