{"id":3694,"date":"2013-09-02T14:26:45","date_gmt":"2013-09-02T12:26:45","guid":{"rendered":"http:\/\/139.165.56.48\/prehist\/?page_id=3694"},"modified":"2018-01-19T16:38:56","modified_gmt":"2018-01-19T15:38:56","slug":"trou-al-wesse","status":"publish","type":"page","link":"http:\/\/web.philo.ulg.ac.be\/prehist\/trou-al-wesse\/","title":{"rendered":"Trou Al&rsquo;Wesse"},"content":{"rendered":"<div class=\"fusion-fullwidth fullwidth-box fusion-builder-row-1 nonhundred-percent-fullwidth non-hundred-percent-height-scrolling\" style=\"background-color: rgba(255,255,255,0);background-position: center center;background-repeat: no-repeat;padding-top:0px;padding-right:0px;padding-bottom:0px;padding-left:0px;margin-bottom: 0px;margin-top: 0px;border-width: 0px 0px 0px 0px;border-color:#eae9e9;border-style:solid;\" ><div class=\"fusion-builder-row fusion-row\"><div class=\"fusion-layout-column fusion_builder_column fusion-builder-column-0 fusion_builder_column_1_1 1_1 fusion-one-full fusion-column-first fusion-column-last\" style=\"margin-top:0px;margin-bottom:0px;\"><div class=\"fusion-column-wrapper fusion-flex-column-wrapper-legacy\" style=\"background-position:left top;background-repeat:no-repeat;-webkit-background-size:cover;-moz-background-size:cover;-o-background-size:cover;background-size:cover;padding: 0px 0px 0px 0px;\"><style type=\"text\/css\"><\/style><div class=\"fusion-title title fusion-title-1 sep-underline sep-solid fusion-title-text fusion-title-size-five\" style=\"border-bottom-color:#00a400;margin-top:0px;margin-right:0px;margin-bottom:31px;margin-left:0px;\"><h5 class=\"title-heading-left fusion-responsive-typography-calculated\" style=\"margin:0;--fontSize:19;--minFontSize:19px;line-height:1.5;\"><b>TROU AL&rsquo;WESSE<\/b><\/h5><\/div><div class=\"fusion-text fusion-text-1\"><p><em>Fouilles de Rebecca Miller<sup>\u2020<\/sup><\/em><\/p>\n<p style=\"text-align: justify;\">Le site pr\u00e9historique du Trou Al&rsquo;Wesse fait l&rsquo;objet d&rsquo;un projet interdisciplinaire. Entre 1998 et 2001, les fouilles \u00e9taient sous la direction de <a href=\"http:\/\/web.philo.ulg.ac.be\/Marcel_Otte\/\" target=\"_blank\" rel=\"noopener\">Marcel Otte<\/a> et Fernand Collin, puis de 2003 jusqu&rsquo;au pr\u00e9sent de <a href=\"http:\/\/web.philo.ulg.ac.be\/Marcel_Otte\/\" target=\"_blank\" rel=\"noopener\">Marcel Otte<\/a> et Rebecca Miller<sup>\u2020<\/sup>.<\/p>\n<p style=\"text-align: justify;\">La s\u00e9quence stratigraphique s&rsquo;\u00e9tend d&rsquo;environ 50.000 ans jusqu&rsquo;\u00e0 5.000 ans et contient des occupations de l&rsquo;homme de N\u00e9andertal (Moust\u00e9rien), les premiers hommes modernes (Aurignacien), les derniers chasseurs-cueilleurs (M\u00e9solithique ancien, r\u00e9cent et final) et les premiers agriculteurs (N\u00e9olithique ancien et moyen) en Belgique.<\/p>\n<p style=\"text-align: justify;\">Le premier volume de la Collection <a title=\"Origines\" href=\"http:\/\/web.philo.ulg.ac.be\/prehist\/origines\/\"><strong><em>Origines<\/em><\/strong><\/a>, est d\u00e9di\u00e9 \u00e0 ce site de fouilles :<\/p>\n<p style=\"text-align: justify;\"><b><i>Le site pr\u00e9historique du Trou Al\u2019Wesse, Modave<br \/>\n<\/i><\/b>Rebecca Miller<sup>\u2020<\/sup>, <a href=\"http:\/\/web.philo.ulg.ac.be\/Marcel_Otte\/\" target=\"_blank\" rel=\"noopener\">Marcel Otte<\/a> &amp; John Stewart<b><i><br \/>\n<\/i><\/b><\/p>\n<\/div><div class=\"fusion-sep-clear\"><\/div><div class=\"fusion-separator fusion-full-width-sep\" style=\"margin-left: auto;margin-right: auto;margin-bottom:70px;width:100%;\"><\/div><div class=\"fusion-sep-clear\"><\/div><style type=\"text\/css\"><\/style><div class=\"fusion-title title fusion-title-2 sep-underline sep-solid fusion-title-text fusion-title-size-five\" style=\"border-bottom-color:#00a400;margin-top:0px;margin-right:0px;margin-bottom:31px;margin-left:0px;\"><h5 class=\"title-heading-left fusion-responsive-typography-calculated\" style=\"margin:0;--fontSize:19;--minFontSize:19px;line-height:1.5;\"><b>\u00c9QUIPE SCIENTIFIQUE<\/b><\/h5><\/div><ul class=\"fusion-checklist fusion-checklist-1\" style=\"font-size:16px;line-height:27.2px;\"><li style=\"background-color:rgba(255,255,255,0);\" class=\"fusion-li-item\"><span style=\"height:27.2px;width:27.2px;margin-right:11.2px;\" class=\"icon-wrapper circle-no\"><i class=\"fusion-li-icon fa fa-chevron-right\" style=\"color:#00a400;\" aria-hidden=\"true\"><\/i><\/span><div class=\"fusion-li-item-content\" style=\"margin-left:38.4px;color:#333333;\">\n<p><a href=\"http:\/\/web.philo.ulg.ac.be\/Marcel_Otte\/\" target=\"_blank\" rel=\"noopener\">Marcel OTTE<\/a>, Professeur Ordinaire \u00c9m\u00e9rite<\/p>\n<\/div><\/li><li style=\"background-color:rgba(255,255,255,0);\" class=\"fusion-li-item\"><span style=\"height:27.2px;width:27.2px;margin-right:11.2px;\" class=\"icon-wrapper circle-no\"><i class=\"fusion-li-icon fa fa-chevron-right\" style=\"color:#00a400;\" aria-hidden=\"true\"><\/i><\/span><div class=\"fusion-li-item-content\" style=\"margin-left:38.4px;color:#333333;\">\n<p>Rebecca MILLER<sup>\u2020<\/sup>, Directeur du projet<\/p>\n<\/div><\/li><li style=\"background-color:rgba(255,255,255,0);\" class=\"fusion-li-item\"><span style=\"height:27.2px;width:27.2px;margin-right:11.2px;\" class=\"icon-wrapper circle-no\"><i class=\"fusion-li-icon fa fa-chevron-right\" style=\"color:#00a400;\" aria-hidden=\"true\"><\/i><\/span><div class=\"fusion-li-item-content\" style=\"margin-left:38.4px;color:#333333;\">\n<p>John STEWART (Bournemouth University, GB), Arch\u00e9ozoologie<\/p>\n<\/div><\/li><li style=\"background-color:rgba(255,255,255,0);\" class=\"fusion-li-item\"><span style=\"height:27.2px;width:27.2px;margin-right:11.2px;\" class=\"icon-wrapper circle-no\"><i class=\"fusion-li-icon fa fa-chevron-right\" style=\"color:#00a400;\" aria-hidden=\"true\"><\/i><\/span><div class=\"fusion-li-item-content\" style=\"margin-left:38.4px;color:#333333;\">\n<p>Keith WILKINSON (University of Winchester, GB), G\u00e9ologie<\/p>\n<\/div><\/li><li style=\"background-color:rgba(255,255,255,0);\" class=\"fusion-li-item\"><span style=\"height:27.2px;width:27.2px;margin-right:11.2px;\" class=\"icon-wrapper circle-no\"><i class=\"fusion-li-icon fa fa-chevron-right\" style=\"color:#00a400;\" aria-hidden=\"true\"><\/i><\/span><div class=\"fusion-li-item-content\" style=\"margin-left:38.4px;color:#333333;\">\n<p>Michel TOUSSAINT (SPW), Pal\u00e9oanthropologie<\/p>\n<\/div><\/li><li style=\"background-color:rgba(255,255,255,0);\" class=\"fusion-li-item\"><span style=\"height:27.2px;width:27.2px;margin-right:11.2px;\" class=\"icon-wrapper circle-no\"><i class=\"fusion-li-icon fa fa-chevron-right\" style=\"color:#00a400;\" aria-hidden=\"true\"><\/i><\/span><div class=\"fusion-li-item-content\" style=\"margin-left:38.4px;color:#333333;\">\n<p>St\u00e9phane PIRSON (SPW), G\u00e9ologie<\/p>\n<\/div><\/li><\/ul><div class=\"fusion-sep-clear\"><\/div><div class=\"fusion-separator fusion-full-width-sep\" style=\"margin-left: auto;margin-right: auto;margin-bottom:70px;width:100%;\"><\/div><div class=\"fusion-sep-clear\"><\/div><style type=\"text\/css\"><\/style><div class=\"fusion-title title fusion-title-3 sep-underline sep-solid fusion-title-text fusion-title-size-five\" style=\"border-bottom-color:#00a400;margin-top:0px;margin-right:0px;margin-bottom:31px;margin-left:0px;\"><h5 class=\"title-heading-left fusion-responsive-typography-calculated\" style=\"margin:0;--fontSize:19;--minFontSize:19px;line-height:1.5;\"><b>STAGE DE FOUILLES<\/b><\/h5><\/div><div class=\"fusion-text fusion-text-2\"><p style=\"text-align: justify;\">Un stage de fouille a lieu chaque \u00e9t\u00e9 pour les \u00e9tudiants de l&rsquo;Universit\u00e9 de Li\u00e8ge durant quatre semaines, et des participants d&rsquo;autres instituts selon la disponibilit\u00e9 des places. La campagne de fouille commence en g\u00e9n\u00e9ral la derni\u00e8re semaine de juin et termine \u00e0 mi-ao\u00fbt.<\/p>\n<\/div><div class=\"fusion-sep-clear\"><\/div><div class=\"fusion-separator fusion-full-width-sep\" style=\"margin-left: auto;margin-right: auto;margin-bottom:70px;width:100%;\"><\/div><div class=\"fusion-sep-clear\"><\/div><style type=\"text\/css\"><\/style><div class=\"fusion-title title fusion-title-4 sep-underline sep-solid fusion-title-text fusion-title-size-five\" style=\"border-bottom-color:#00a400;margin-top:0px;margin-right:0px;margin-bottom:31px;margin-left:0px;\"><h5 class=\"title-heading-left fusion-responsive-typography-calculated\" style=\"margin:0;--fontSize:19;--minFontSize:19px;line-height:1.5;\"><b>FINANCEMENT DU PROJET<\/b><\/h5><\/div><div class=\"fusion-text fusion-text-3\"><p style=\"text-align: justify;\">Le projet est soutenu depuis 2003 par une subvention annuelle du Minist\u00e8re de la R\u00e9gion wallonne, puis le Service public de Wallonie (SPW) (subventions n\u00b0 12\/50886, 11\/49997, 10\/41119, 09\/40653, 08\/14211, 07\/13629, 06\/15012, 05\/13532, 04\/15844, 03\/15718, 02\/16341).<\/p>\n<p style=\"text-align: justify;\">Bourse FNRS-FRFC n\u00b0 FRFC 2.4621.12 (2012-2013)<\/p>\n<p style=\"text-align: justify;\"><strong>Titre :<\/strong><\/p>\n<p style=\"text-align: justify;\">Applications arch\u00e9ologiques et arch\u00e9om\u00e9triques de la spectroscopie du proche-infrarouge (NIRS) et de l&rsquo;Imagerie chimique hyperspectrale (HCI): Analyse de la faune du Pl\u00e9istoc\u00e8ne sup\u00e9rieur et de l&rsquo;Holoc\u00e8ne au Trou Al&rsquo;Wesse (Belgique).<\/p>\n<p style=\"text-align: justify;\">Archaeological and archaeometric applications of Near Infrared Spectroscopy (NIRS) and Hyperspectral Chemical Imaging (HCI): Analysis of the Pleistocene and Holocene fauna at Trou Al&rsquo;Wesse (Belgique).<\/p>\n<\/div><div class=\"fusion-sep-clear\"><\/div><div class=\"fusion-separator fusion-full-width-sep\" style=\"margin-left: auto;margin-right: auto;margin-bottom:70px;width:100%;\"><\/div><div class=\"fusion-sep-clear\"><\/div><style type=\"text\/css\"><\/style><div class=\"fusion-title title fusion-title-5 sep-underline sep-solid fusion-title-text fusion-title-size-five\" style=\"border-bottom-color:#00a400;margin-top:0px;margin-right:0px;margin-bottom:31px;margin-left:0px;\"><h5 class=\"title-heading-left fusion-responsive-typography-calculated\" style=\"margin:0;--fontSize:19;--minFontSize:19px;line-height:1.5;\"><b>LIENS<\/b><\/h5><\/div><ul class=\"fusion-checklist fusion-checklist-2\" style=\"font-size:16px;line-height:27.2px;\"><li style=\"background-color:rgba(255,255,255,0);\" class=\"fusion-li-item\"><span style=\"height:27.2px;width:27.2px;margin-right:11.2px;\" class=\"icon-wrapper circle-no\"><i class=\"fusion-li-icon fa fa-chevron-right\" style=\"color:#00a400;\" aria-hidden=\"true\"><\/i><\/span><div class=\"fusion-li-item-content\" style=\"margin-left:38.4px;color:#333333;\">\n<p><b><i><\/i><\/b><i><\/i><i><a href=\"http:\/\/web.philo.ulg.ac.be\/prehist\/origines\/\">R. Miller<sup>\u2020<\/sup>, M. Otte &amp; J. Stewart, Le site pr\u00e9historique du Trou Al\u2019Wesse, Modave, <\/a><\/i>Origines, ULg, 2014<\/p>\n<\/div><\/li><li style=\"background-color:rgba(255,255,255,0);\" class=\"fusion-li-item\"><span style=\"height:27.2px;width:27.2px;margin-right:11.2px;\" class=\"icon-wrapper circle-no\"><i class=\"fusion-li-icon fa fa-chevron-right\" style=\"color:#00a400;\" aria-hidden=\"true\"><\/i><\/span><div class=\"fusion-li-item-content\" style=\"margin-left:38.4px;color:#333333;\">\n<p><a href=\"http:\/\/orbi.ulg.ac.be\/simple-search?query=trou+al+wesse\" target=\"_blank\" rel=\"noopener\">Publications ORBI<\/a><\/p>\n<\/div><\/li><li style=\"background-color:rgba(255,255,255,0);\" class=\"fusion-li-item\"><span style=\"height:27.2px;width:27.2px;margin-right:11.2px;\" class=\"icon-wrapper circle-no\"><i class=\"fusion-li-icon fa fa-chevron-right\" style=\"color:#00a400;\" aria-hidden=\"true\"><\/i><\/span><div class=\"fusion-li-item-content\" style=\"margin-left:38.4px;color:#333333;\">\n<p><a href=\"http:\/\/www.paleolithics.com\/\" target=\"_blank\" rel=\"noopener\">Site Internet<\/a><\/p>\n<\/div><\/li><li style=\"background-color:rgba(255,255,255,0);\" class=\"fusion-li-item\"><span style=\"height:27.2px;width:27.2px;margin-right:11.2px;\" class=\"icon-wrapper circle-no\"><i class=\"fusion-li-icon fa fa-chevron-right\" style=\"color:#00a400;\" aria-hidden=\"true\"><\/i><\/span><div class=\"fusion-li-item-content\" style=\"margin-left:38.4px;color:#333333;\">\n<p><a href=\"https:\/\/www.facebook.com\/troualwesse.modave\" target=\"_blank\" rel=\"noopener\">Facebook<\/a><\/p>\n<\/div><\/li><\/ul><div class=\"fusion-sep-clear\"><\/div><div class=\"fusion-separator fusion-full-width-sep\" style=\"margin-left: auto;margin-right: auto;margin-bottom:70px;width:100%;\"><\/div><div class=\"fusion-sep-clear\"><\/div><div class=\"fusion-clearfix\"><\/div><\/div><\/div><div class=\"fusion-layout-column fusion_builder_column fusion-builder-column-1 fusion_builder_column_1_4 1_4 fusion-one-fourth fusion-column-first\" style=\"width:25%;width:calc(25% - ( ( 4% + 4% + 4% ) * 0.25 ) );margin-right: 4%;margin-top:0px;margin-bottom:0px;\"><div class=\"fusion-column-wrapper fusion-flex-column-wrapper-legacy\" style=\"background-position:left top;background-repeat:no-repeat;-webkit-background-size:cover;-moz-background-size:cover;-o-background-size:cover;background-size:cover;padding: 0px 0px 0px 0px;\"><div class=\"imageframe-align-center\"><span class=\" fusion-imageframe imageframe-none imageframe-1 hover-type-zoomin\"><a href=\"http:\/\/web.philo.ulg.ac.be\/prehist\/wp-content\/uploads\/sites\/38\/2013\/11\/TAW1.jpg\" class=\"fusion-lightbox\" data-rel=\"iLightbox[ab785a04567b9068456]\"><img decoding=\"async\" width=\"900\" height=\"600\" src=\"http:\/\/web.philo.ulg.ac.be\/prehist\/wp-content\/uploads\/sites\/38\/2018\/01\/mini_taw1.jpg\" alt class=\"img-responsive wp-image-5168\"\/><\/a><\/span><\/div><div class=\"fusion-clearfix\"><\/div><\/div><\/div><div class=\"fusion-layout-column fusion_builder_column fusion-builder-column-2 fusion_builder_column_1_4 1_4 fusion-one-fourth\" style=\"width:25%;width:calc(25% - ( ( 4% + 4% + 4% ) * 0.25 ) );margin-right: 4%;margin-top:0px;margin-bottom:0px;\"><div class=\"fusion-column-wrapper fusion-flex-column-wrapper-legacy\" style=\"background-position:left top;background-repeat:no-repeat;-webkit-background-size:cover;-moz-background-size:cover;-o-background-size:cover;background-size:cover;padding: 0px 0px 0px 0px;\"><div class=\"imageframe-align-center\"><span class=\" fusion-imageframe imageframe-none imageframe-2 hover-type-zoomin\"><a href=\"http:\/\/web.philo.ulg.ac.be\/prehist\/wp-content\/uploads\/sites\/38\/2013\/11\/TAW3.jpg\" class=\"fusion-lightbox\" data-rel=\"iLightbox[94aa48977f4b4f28275]\"><img decoding=\"async\" width=\"467\" height=\"700\" src=\"http:\/\/web.philo.ulg.ac.be\/prehist\/wp-content\/uploads\/sites\/38\/2018\/01\/mini_taw_2.jpg\" alt class=\"img-responsive wp-image-5170\"\/><\/a><\/span><\/div><div class=\"fusion-clearfix\"><\/div><\/div><\/div><div class=\"fusion-layout-column fusion_builder_column fusion-builder-column-3 fusion_builder_column_1_4 1_4 fusion-one-fourth\" style=\"width:25%;width:calc(25% - ( ( 4% + 4% + 4% ) * 0.25 ) );margin-right: 4%;margin-top:0px;margin-bottom:0px;\"><div class=\"fusion-column-wrapper fusion-flex-column-wrapper-legacy\" style=\"background-position:left top;background-repeat:no-repeat;-webkit-background-size:cover;-moz-background-size:cover;-o-background-size:cover;background-size:cover;padding: 0px 0px 0px 0px;\"><div class=\"imageframe-align-center\"><span class=\" fusion-imageframe imageframe-none imageframe-3 hover-type-zoomin\"><a href=\"http:\/\/web.philo.ulg.ac.be\/prehist\/wp-content\/uploads\/sites\/38\/2013\/11\/TAW2.jpg\" class=\"fusion-lightbox\" data-rel=\"iLightbox[676015a3bd5bc6ec0d6]\"><img decoding=\"async\" width=\"467\" height=\"700\" src=\"http:\/\/web.philo.ulg.ac.be\/prehist\/wp-content\/uploads\/sites\/38\/2018\/01\/mini_taw_3.jpg\" alt class=\"img-responsive wp-image-5169\"\/><\/a><\/span><\/div><div class=\"fusion-clearfix\"><\/div><\/div><\/div><div class=\"fusion-layout-column fusion_builder_column fusion-builder-column-4 fusion_builder_column_1_4 1_4 fusion-one-fourth fusion-column-last\" style=\"width:25%;width:calc(25% - ( ( 4% + 4% + 4% ) * 0.25 ) );margin-top:0px;margin-bottom:0px;\"><div class=\"fusion-column-wrapper fusion-flex-column-wrapper-legacy\" style=\"background-position:left top;background-repeat:no-repeat;-webkit-background-size:cover;-moz-background-size:cover;-o-background-size:cover;background-size:cover;padding: 0px 0px 0px 0px;\"><div class=\"imageframe-align-center\"><span class=\" fusion-imageframe imageframe-none imageframe-4 hover-type-zoomin\"><a href=\"http:\/\/web.philo.ulg.ac.be\/prehist\/wp-content\/uploads\/sites\/38\/2013\/11\/TAW6.jpg\" class=\"fusion-lightbox\" data-rel=\"iLightbox[75f10d96d60bca32875]\"><img decoding=\"async\" width=\"900\" height=\"600\" src=\"http:\/\/web.philo.ulg.ac.be\/prehist\/wp-content\/uploads\/sites\/38\/2018\/01\/mini_taw_4.jpg\" alt class=\"img-responsive wp-image-5173\"\/><\/a><\/span><\/div><div class=\"fusion-clearfix\"><\/div><\/div><\/div><\/div><\/div>\n","protected":false},"excerpt":{"rendered":"","protected":false},"author":2,"featured_media":0,"parent":0,"menu_order":0,"comment_status":"closed","ping_status":"closed","template":"","meta":{"footnotes":""},"class_list":["post-3694","page","type-page","status-publish","hentry"],"_links":{"self":[{"href":"http:\/\/web.philo.ulg.ac.be\/prehist\/wp-json\/wp\/v2\/pages\/3694","targetHints":{"allow":["GET"]}}],"collection":[{"href":"http:\/\/web.philo.ulg.ac.be\/prehist\/wp-json\/wp\/v2\/pages"}],"about":[{"href":"http:\/\/web.philo.ulg.ac.be\/prehist\/wp-json\/wp\/v2\/types\/page"}],"author":[{"embeddable":true,"href":"http:\/\/web.philo.ulg.ac.be\/prehist\/wp-json\/wp\/v2\/users\/2"}],"replies":[{"embeddable":true,"href":"http:\/\/web.philo.ulg.ac.be\/prehist\/wp-json\/wp\/v2\/comments?post=3694"}],"version-history":[{"count":7,"href":"http:\/\/web.philo.ulg.ac.be\/prehist\/wp-json\/wp\/v2\/pages\/3694\/revisions"}],"predecessor-version":[{"id":9306,"href":"http:\/\/web.philo.ulg.ac.be\/prehist\/wp-json\/wp\/v2\/pages\/3694\/revisions\/9306"}],"wp:attachment":[{"href":"http:\/\/web.philo.ulg.ac.be\/prehist\/wp-json\/wp\/v2\/media?parent=3694"}],"curies":[{"name":"wp","href":"https:\/\/api.w.org\/{rel}","templated":true}]}}