{"id":6462,"date":"2014-09-26T10:39:37","date_gmt":"2014-09-26T08:39:37","guid":{"rendered":"http:\/\/web.philo.ulg.ac.be\/prehist\/?page_id=6462"},"modified":"2018-01-19T15:11:52","modified_gmt":"2018-01-19T14:11:52","slug":"academie-des-sciences-paris-2015","status":"publish","type":"page","link":"http:\/\/web.philo.ulg.ac.be\/prehist\/academie-des-sciences-paris-2015\/","title":{"rendered":"Acad\u00e9mie des Sciences, Paris 2015"},"content":{"rendered":"<div class=\"fusion-fullwidth fullwidth-box fusion-builder-row-1 nonhundred-percent-fullwidth non-hundred-percent-height-scrolling\" style=\"background-color: rgba(255,255,255,0);background-position: center center;background-repeat: no-repeat;padding-top:0px;padding-right:0px;padding-bottom:0px;padding-left:0px;margin-bottom: 0px;margin-top: 0px;border-width: 0px 0px 0px 0px;border-color:#eae9e9;border-style:solid;\" ><div class=\"fusion-builder-row fusion-row\"><div class=\"fusion-layout-column fusion_builder_column fusion-builder-column-0 fusion_builder_column_1_1 1_1 fusion-one-full fusion-column-first fusion-column-last\" style=\"margin-top:0px;margin-bottom:0px;\"><div class=\"fusion-column-wrapper fusion-flex-column-wrapper-legacy\" style=\"background-position:left top;background-repeat:no-repeat;-webkit-background-size:cover;-moz-background-size:cover;-o-background-size:cover;background-size:cover;padding: 0px 0px 0px 0px;\"><style type=\"text\/css\"><\/style><div class=\"fusion-title title fusion-title-1 sep-underline sep-solid fusion-title-text fusion-title-size-five\" style=\"border-bottom-color:#00a400;margin-top:0px;margin-right:0px;margin-bottom:31px;margin-left:0px;\"><h5 class=\"title-heading-left fusion-responsive-typography-calculated\" style=\"margin:0;--fontSize:19;--minFontSize:19px;line-height:1.5;\"><b>ACAD\u00c9MIE DES SCIENCES, PARIS 2015<\/b><\/h5><\/div><span class=\" fusion-imageframe imageframe-none imageframe-1 hover-type-none\" style=\"margin-right:25px;float:left;\"><img decoding=\"async\" width=\"201\" height=\"223\" title=\"Acad_Sc_Paris\" src=\"http:\/\/web.philo.ulg.ac.be\/prehist\/wp-content\/uploads\/sites\/38\/2015\/03\/Acad_Sc_Paris.jpg\" alt class=\"img-responsive wp-image-7543\"\/><\/span><div class=\"fusion-text fusion-text-1\"><p><strong>Les 12 &amp; 13 mai 2015, \u00e0 l&rsquo;Acad\u00e9mie des sciences de Paris dans la Grande salle des s\u00e9ances de l&rsquo;Institut de France s&rsquo;est tenu le Colloque International\u00a0:<\/strong><\/p>\n<p><strong>\u00ab\u00a0L\u2019\u00e9volution humaine : des g\u00e8nes \u00e0 la culture\u00a0\u00bb<\/strong><\/p>\n<p style=\"text-align: justify;\">Il s\u2019agissait d\u2019apports transversaux, vari\u00e9s et denses, au cours desquels les processus \u00e9volutifs ont \u00e9t\u00e9 cern\u00e9s par les diff\u00e9rentes voies offertes en Pr\u00e9histoire humaine, tels l\u2019habitat, la religion, l\u2019art, la technicit\u00e9, l\u2019alimentation, la biologie ou la soci\u00e9t\u00e9. Le colloque s&rsquo;est tenu, en deux journ\u00e9es, au si\u00e8ge de l\u2019Acad\u00e9mie, quai de Conti, sous la houlette de <a href=\"http:\/\/web.philo.ulg.ac.be\/Marcel_Otte\/\" target=\"_blank\" rel=\"noopener\">Marcel Otte<\/a>. Une vingtaine d\u2019orateurs ont r\u00e9alis\u00e9 des bilans, aussi pertinents que stimulants.<\/p>\n<p style=\"text-align: justify;\">Loin d\u2019une accumulation h\u00e9t\u00e9roclite, cette rencontre visait \u00e0 l\u2019int\u00e9gration de ces approches afin d\u2019en d\u00e9gager la coh\u00e9rence, d\u2019enrichir les significations combin\u00e9es, enfin de donner un sens, global et significatif, \u00e0 ce qui n\u2019est le plus souvent produit qu\u2019au titre d\u2019informations, factuelles et isol\u00e9es. Derri\u00e8re cette ambitieuse entreprise, se dissimule une volont\u00e9 sans ambigu\u00eft\u00e9\u00a0: rendre \u00e0 cette Noble Vieille Dame, l\u2019une de ses raisons d\u2019\u00eatre car, depuis sa cr\u00e9ation en 1666, elle s\u2019opposa vigoureusement \u00e0 la d\u00e9chirure entre Sciences de la Nature et Sciences Humaines. Ainsi, exceptionnellement la Classe des Lettres \u00e9tait associ\u00e9e \u00e0 celle des Sciences. Cette exp\u00e9rience sera mat\u00e9rialis\u00e9e par l\u2019\u00e9dition subs\u00e9quente dans les <i>Comptes Rendus Palevol<\/i>, des contributions issues de cette rencontre, et elle amorcera une harmonieuse continuit\u00e9 dans l\u2019\u00e9dition de nos travaux ult\u00e9rieurs, con\u00e7us dans leurs plus fins raffinements. Elle anoblira surtout, aux yeux de tout \u00ab\u00a0honn\u00eate homme\u00a0\u00bb la substance philosophique apport\u00e9e par une Pr\u00e9histoire digne de ce nom.<\/p>\n<p><strong><a href=\"http:\/\/www.academie-sciences.fr\/fr\/Colloques-conferences-et-debats-par-et-pour-la-communaute-scientifique\/l-evolution-humaine-des-genes-a-la-culture-1.html\" target=\"_blank\" rel=\"noopener\">Vid\u00e9os en ligne<\/a><\/strong><\/p>\n<\/div><div class=\"fusion-clearfix\"><\/div><\/div><\/div><\/div><\/div>\n","protected":false},"excerpt":{"rendered":"","protected":false},"author":2,"featured_media":0,"parent":0,"menu_order":0,"comment_status":"closed","ping_status":"closed","template":"","meta":{"footnotes":""},"class_list":["post-6462","page","type-page","status-publish","hentry"],"_links":{"self":[{"href":"http:\/\/web.philo.ulg.ac.be\/prehist\/wp-json\/wp\/v2\/pages\/6462","targetHints":{"allow":["GET"]}}],"collection":[{"href":"http:\/\/web.philo.ulg.ac.be\/prehist\/wp-json\/wp\/v2\/pages"}],"about":[{"href":"http:\/\/web.philo.ulg.ac.be\/prehist\/wp-json\/wp\/v2\/types\/page"}],"author":[{"embeddable":true,"href":"http:\/\/web.philo.ulg.ac.be\/prehist\/wp-json\/wp\/v2\/users\/2"}],"replies":[{"embeddable":true,"href":"http:\/\/web.philo.ulg.ac.be\/prehist\/wp-json\/wp\/v2\/comments?post=6462"}],"version-history":[{"count":6,"href":"http:\/\/web.philo.ulg.ac.be\/prehist\/wp-json\/wp\/v2\/pages\/6462\/revisions"}],"predecessor-version":[{"id":9268,"href":"http:\/\/web.philo.ulg.ac.be\/prehist\/wp-json\/wp\/v2\/pages\/6462\/revisions\/9268"}],"wp:attachment":[{"href":"http:\/\/web.philo.ulg.ac.be\/prehist\/wp-json\/wp\/v2\/media?parent=6462"}],"curies":[{"name":"wp","href":"https:\/\/api.w.org\/{rel}","templated":true}]}}

Académie des Sciences, Paris 2015

<div class="fusion-fullwidth fullwidth-box fusion-builder-row-1 nonhundred-percent-fullwidth non-hundred-percent-height-scrolling" style="background-color: rgba(255,255,255,0);background-position: center center;background-repeat: no-repeat;padding-top:0px;padding-right:0px;padding-bottom:0px;padding-left:0px;margin-bottom: 0px;margin-top: 0px;border-width: 0px 0px 0px 0px;border-color:#eae9e9;border-style:solid;" ><div class="fusion-builder-row fusion-row"><div class="fusion-layout-column fusion_builder_column fusion-builder-column-0 fusion_builder_column_1_1 1_1 fusion-one-full fusion-column-first fusion-column-last" style="margin-top:0px;margin-bottom:0px;"><div class="fusion-column-wrapper fusion-flex-column-wrapper-legacy" style="background-position:left top;background-repeat:no-repeat;-webkit-background-size:cover;-moz-background-size:cover;-o-background-size:cover;background-size:cover;padding: 0px 0px 0px 0px;"><style type="text/css"></style><div class="fusion-title title fusion-title-1 sep-underline sep-solid fusion-title-text fusion-title-size-five" style="border-bottom-color:#00a400;margin-top:0px;margin-right:0px;margin-bottom:31px;margin-left:0px;"><h5 class="title-heading-left fusion-responsive-typography-calculated" style="margin:0;--fontSize:19;--minFontSize:19px;line-height:1.5;"><b>ACADÉMIE DES SCIENCES, PARIS 2015</b></h5></div><span class=" fusion-imageframe imageframe-none imageframe-1 hover-type-none" style="margin-right:25px;float:left;"><img decoding="async" width="201" height="223" title="Acad_Sc_Paris" src="http://web.philo.ulg.ac.be/prehist/wp-content/uploads/sites/38/2015/03/Acad_Sc_Paris.jpg" alt class="img-responsive wp-image-7543"/></span><div class="fusion-text fusion-text-1"><p><strong>Les 12 &amp; 13 mai 2015, à l&rsquo;Académie des sciences de Paris dans la Grande salle des séances de l&rsquo;Institut de France s&rsquo;est tenu le Colloque International :</strong></p>
<p><strong>« L’évolution humaine : des gènes à la culture »</strong></p>
<p style="text-align: justify;">Il s’agissait d’apports transversaux, variés et denses, au cours desquels les processus évolutifs ont été cernés par les différentes voies offertes en Préhistoire humaine, tels l’habitat, la religion, l’art, la technicité, l’alimentation, la biologie ou la société. Le colloque s&rsquo;est tenu, en deux journées, au siège de l’Académie, quai de Conti, sous la houlette de <a href="http://web.philo.ulg.ac.be/Marcel_Otte/" target="_blank" rel="noopener">Marcel Otte</a>. Une vingtaine d’orateurs ont réalisé des bilans, aussi pertinents que stimulants.</p>
<p style="text-align: justify;">Loin d’une accumulation hétéroclite, cette rencontre visait à l’intégration de ces approches afin d’en dégager la cohérence, d’enrichir les significations combinées, enfin de donner un sens, global et significatif, à ce qui n’est le plus souvent produit qu’au titre d’informations, factuelles et isolées. Derrière cette ambitieuse entreprise, se dissimule une volonté sans ambiguïté : rendre à cette Noble Vieille Dame, l’une de ses raisons d’être car, depuis sa création en 1666, elle s’opposa vigoureusement à la déchirure entre Sciences de la Nature et Sciences Humaines. Ainsi, exceptionnellement la Classe des Lettres était associée à celle des Sciences. Cette expérience sera matérialisée par l’édition subséquente dans les <i>Comptes Rendus Palevol</i>, des contributions issues de cette rencontre, et elle amorcera une harmonieuse continuité dans l’édition de nos travaux ultérieurs, conçus dans leurs plus fins raffinements. Elle anoblira surtout, aux yeux de tout « honnête homme » la substance philosophique apportée par une Préhistoire digne de ce nom.</p>
<p><strong><a href="http://www.academie-sciences.fr/fr/Colloques-conferences-et-debats-par-et-pour-la-communaute-scientifique/l-evolution-humaine-des-genes-a-la-culture-1.html" target="_blank" rel="noopener">Vidéos en ligne</a></strong></p>
</div><div class="fusion-clearfix"></div></div></div></div></div>
