{"id":6872,"date":"2014-10-13T14:14:09","date_gmt":"2014-10-13T12:14:09","guid":{"rendered":"http:\/\/web.philo.ulg.ac.be\/prehist\/?page_id=6872"},"modified":"2018-01-19T11:53:22","modified_gmt":"2018-01-19T10:53:22","slug":"yafteh-iran","status":"publish","type":"page","link":"http:\/\/web.philo.ulg.ac.be\/prehist\/yafteh-iran\/","title":{"rendered":"Yafteh, Iran"},"content":{"rendered":"<div class=\"fusion-fullwidth fullwidth-box fusion-builder-row-1 nonhundred-percent-fullwidth non-hundred-percent-height-scrolling\" style=\"background-color: rgba(255,255,255,0);background-position: center center;background-repeat: no-repeat;padding-top:0px;padding-right:0px;padding-bottom:0px;padding-left:0px;margin-bottom: 0px;margin-top: 0px;border-width: 0px 0px 0px 0px;border-color:#eae9e9;border-style:solid;\" ><div class=\"fusion-builder-row fusion-row\"><div class=\"fusion-layout-column fusion_builder_column fusion-builder-column-0 fusion_builder_column_1_1 1_1 fusion-one-full fusion-column-first fusion-column-last\" style=\"margin-top:0px;margin-bottom:0px;\"><div class=\"fusion-column-wrapper fusion-flex-column-wrapper-legacy\" style=\"background-position:left top;background-repeat:no-repeat;-webkit-background-size:cover;-moz-background-size:cover;-o-background-size:cover;background-size:cover;padding: 0px 0px 0px 0px;\"><style type=\"text\/css\"><\/style><div class=\"fusion-title title fusion-title-1 sep-underline sep-solid fusion-title-text fusion-title-size-five\" style=\"border-bottom-color:#00a400;margin-top:0px;margin-right:0px;margin-bottom:31px;margin-left:0px;\"><h5 class=\"title-heading-left fusion-responsive-typography-calculated\" style=\"margin:0;--fontSize:19;--minFontSize:19px;line-height:1.5;\"><b>YAFTEH, IRAN<\/b><\/h5><\/div><div class=\"fusion-text fusion-text-1\"><p><em>Fouilles de <a href=\"http:\/\/web.philo.ulg.ac.be\/Marcel_Otte\/\" target=\"_blank\" rel=\"noopener\">Marcel Otte<\/a> &amp; Damien Flas<\/em><\/p>\n<p style=\"text-align: justify;\">Entre vos mains, vous tenez l\u2019une des publications r\u00e9centes consacr\u00e9es au Pal\u00e9olithique du Zagros. Nos propres fouilles furent entreprises dans la province du Luristan, en Iran, en 2005 et 2008. Loin d\u2019\u00eatre termin\u00e9s, ces travaux de terrain requi\u00e8rent n\u00e9anmoins un bilan, \u00e0 vocation exhaustive mais dans un \u00e9tat tr\u00e8s partiel de cet ensemble de recherches. Pour notre part, nous avons \u00e9dit\u00e9 une monographie consacr\u00e9e aux \u00e9tudes sur les collections conserv\u00e9es \u00e0 T\u00e9h\u00e9ran, \u00e0 Philadelphie, \u00e0 Yale et \u00e0 Columbia. Ensuite, nous avons organis\u00e9 un colloque \u00e0 ce sujet dans le cadre du Congr\u00e8s UISPP, tenu \u00e0 Lisbonne en 2006. L\u2019immense richesse des sites pal\u00e9olithiques largement m\u00e9connus, fut ainsi r\u00e9v\u00e9l\u00e9e autant par nos prospections, les collections \u00e9tudi\u00e9es et les nouvelles recherches sur terrain, rassembl\u00e9es \u00e0 Lisbonne. En r\u00e9alit\u00e9, l\u2019Aurignacien (ou le \u00ab\u00a0Baradostien\u00a0\u00bb) s\u2019\u00e9tend \u00e0 d\u2019innombrables sites du plateau iranien et seule cette tradition semble y \u00eatre pr\u00e9sente pour l\u2019ensemble du premier Pal\u00e9olithique sup\u00e9rieur \u00ab\u00a0r\u00e9gional\u00a0\u00bb, soit du Zagros aux d\u00e9serts centraux. Un terrain culturel gigantesque, directement li\u00e9 \u00e0 l\u2019Europe, s\u2019ouvre, de la Chine au Caucase, semblant constituer un \u00e9norme r\u00e9servoir d\u00e9mographique et culturel. \u00c0 tout le moins, cette entit\u00e9 gigantesque doit-elle \u00eatre consid\u00e9r\u00e9e dans toute tentative d\u2019explication des brusques changements observ\u00e9s depuis si longtemps en Europe.<\/p>\n<p style=\"text-align: justify;\">Cette richesse avait d\u00e9j\u00e0 \u00e9t\u00e9 pressentie par Dorothy Garrod qui avait d\u00e9sign\u00e9 cette r\u00e9gion comme l\u2019\u00e9picentre de l\u2019Aurignacien. Toujours dans le Caucase, mais du c\u00f4t\u00e9 irakien, Ralph et Rose Solecki ont fouill\u00e9 le vaste complexe des grottes et d\u2019abris \u00e0 Shanidar. Outre les s\u00e9pultures moust\u00e9riennes, ils reconnurent une tradition identique \u00e0 celle d\u00e9crite par Dorothy Garrod, de l\u2019autre c\u00f4t\u00e9 de la cha\u00eene montagneuse. Ralph Solecki conseilla alors sagement \u00e0 Dorothy Garrod d\u2019utiliser un terme neutre \u00ab\u00a0Baradostien\u00a0\u00bb (de la vall\u00e9e proche de Shanidar) et provisoirement, \u00e0 la place d\u2019Aurignacien \u00ab\u00a0afin de ne pas agacer les Fran\u00e7ais\u00a0\u00bb\u00a0! (Solecki, communication personnelle). Tout au contraire, dans une synth\u00e8se r\u00e9cente, Henri Delporte, pourtant tr\u00e8s fran\u00e7ais, situe pr\u00e9cis\u00e9ment l\u2019origine de l\u2019Aurignacien la \u00ab\u00a0plus probable\u00a0\u00bb dans ces r\u00e9gions du Zagros et en Asie Centrale, bien davantage qu\u2019au Levant o\u00f9 certains voulaient la voir.<\/p>\n<p style=\"text-align: justify;\">Entre ces d\u00e9j\u00e0 anciennes recherches et les n\u00f4tres actuelles, divers travaux ont \u00e9t\u00e9 men\u00e9s sur le mat\u00e9riel, extrait du territoire iranien ou iraquien, mais rest\u00e9 accessible \u00e0 toute nouvelle recherche fond\u00e9e sur les techniques lithiques. Particuli\u00e8rement, Harrold Dibble et Deborah Olszewski et Philip Smith ont consacr\u00e9 diverses \u00e9tudes sur ces sujets complexes. Les inventaires de Philip Smith ont d\u00e9montr\u00e9 la richesse de ce patrimoine. Harrold Dibble et, surtout, Deborah Olszewski insist\u00e8rent \u00e0 la fois sur le caract\u00e8re aurignacien de ces ensembles et sur la probabilit\u00e9 d\u2019une origine locale de cette tradition \u00e9mergente. Aucune information, \u00e0 ce jour, ne semble s\u2019opposer \u00e0 cette th\u00e9orie, mais les donn\u00e9es radicales font encore d\u00e9faut. Essentiellement, ces \u00e9tudes \u00e9taient fond\u00e9es sur les collections de Warwasi, site inaccessible aujourd\u2019hui pour des raisons de s\u00e9curit\u00e9. Ainsi, seules les collections conserv\u00e9es \u00e0 Philadelphie poss\u00e9deraient la clef de cette hypoth\u00e9tique transition entre \u00ab\u00a0Moust\u00e9rien du Zagros\u00a0\u00bb et Aurignacien r\u00e9gional.<\/p>\n<p style=\"text-align: justify;\">Tous ces \u00e9l\u00e9ments accumul\u00e9s ne pouvaient que stimuler notre propre entreprise, toujours en cours actuellement. Apr\u00e8s des campagnes de prospection, notre choix s\u2019est port\u00e9 sur la grotte de Yafteh, fouill\u00e9e dans les ann\u00e9es 1960 par Franck Hole (Yale). Ses rapports avaient clairement d\u00e9montr\u00e9 une longue s\u00e9quence stratigraphique intacte, \u00e0 travers tout ce \u00ab\u00a0Baradostien\u00a0\u00bb au c\u0153ur du Zagros. Or les dates <sup>14<\/sup>C remontaient jusqu\u2019\u00e0 41 mille ans\u00a0! Tout y indiquait une potentialit\u00e9, largement rest\u00e9e intacte, autant d\u2019apr\u00e8s les plans de fouilles que par les informations directement fournies par le plus cordial des coll\u00e8gues.<\/p>\n<p style=\"text-align: justify;\">Pour des raisons administratives complexes, voire incompr\u00e9hensibles, il ne nous a pas encore \u00e9t\u00e9 possible de poursuivre ces recherches sur terrain. Il nous a donc paru opportun de concentrer nos efforts sur l\u2019\u00e9tude et la publication, que nous esp\u00e9rons tout provisoire.<\/p>\n<\/div><div class=\"fusion-sep-clear\"><\/div><div class=\"fusion-separator fusion-full-width-sep\" style=\"margin-left: auto;margin-right: auto;margin-bottom:70px;width:100%;\"><\/div><div class=\"fusion-sep-clear\"><\/div><style type=\"text\/css\"><\/style><div class=\"fusion-title title fusion-title-2 sep-underline sep-solid fusion-title-text fusion-title-size-five\" style=\"border-bottom-color:#00a400;margin-top:0px;margin-right:0px;margin-bottom:31px;margin-left:0px;\"><h5 class=\"title-heading-left fusion-responsive-typography-calculated\" style=\"margin:0;--fontSize:19;--minFontSize:19px;line-height:1.5;\"><b>INFORMATIONS COMPL\u00c9MENTAIRES<\/b><\/h5><\/div><div class=\"fusion-clearfix\"><\/div><\/div><\/div><div class=\"fusion-layout-column fusion_builder_column fusion-builder-column-1 fusion_builder_column_1_4 1_4 fusion-one-fourth fusion-column-first\" style=\"width:25%;width:calc(25% - ( ( 4% ) * 0.25 ) );margin-right: 4%;margin-top:0px;margin-bottom:0px;\"><div class=\"fusion-column-wrapper fusion-flex-column-wrapper-legacy\" style=\"background-position:left top;background-repeat:no-repeat;-webkit-background-size:cover;-moz-background-size:cover;-o-background-size:cover;background-size:cover;padding: 0px 0px 0px 0px;\"><span class=\" fusion-imageframe imageframe-none imageframe-1 hover-type-none\"><img decoding=\"async\" width=\"211\" height=\"300\" title=\"cover_eraul_132\" src=\"http:\/\/web.philo.ulg.ac.be\/prehist\/wp-content\/uploads\/sites\/38\/2018\/01\/cover_eraul_132-211x300.jpg\" alt class=\"img-responsive wp-image-9171\" srcset=\"http:\/\/web.philo.ulg.ac.be\/prehist\/wp-content\/uploads\/sites\/38\/2018\/01\/cover_eraul_132-200x284.jpg 200w, http:\/\/web.philo.ulg.ac.be\/prehist\/wp-content\/uploads\/sites\/38\/2018\/01\/cover_eraul_132.jpg 351w\" sizes=\"(max-width: 800px) 100vw, 211px\" \/><\/span><div class=\"fusion-clearfix\"><\/div><\/div><\/div><div class=\"fusion-layout-column fusion_builder_column fusion-builder-column-2 fusion_builder_column_3_4 3_4 fusion-three-fourth fusion-column-last\" style=\"width:75%;width:calc(75% - ( ( 4% ) * 0.75 ) );margin-top:0px;margin-bottom:0px;\"><div class=\"fusion-column-wrapper fusion-flex-column-wrapper-legacy\" style=\"background-position:left top;background-repeat:no-repeat;-webkit-background-size:cover;-moz-background-size:cover;-o-background-size:cover;background-size:cover;padding: 0px 0px 0px 0px;\"><div class=\"fusion-text fusion-text-2\"><p><span style=\"color: #00a400;\"><strong>ERAUL 132<\/strong><\/span><br \/>\n<a href=\"http:\/\/web.philo.ulg.ac.be\/Marcel_Otte\/\" target=\"_blank\" rel=\"noopener\">Marcel OTTE<\/a>, Sonia SHIDRANG &amp; Damien FLAS (eds)<br \/>\nL\u2019Aurignacien de la Grotte Yafteh et son contexte (fouilles 2005-2008)<br \/>\nThe Aurignacian of Yafteh Cave and its context (2005-2008 excavations)<br \/>\n2012, 165 p., NB<br \/>\nISBN 978-2-930495-18-7<\/p>\n<\/div><div class=\"fusion-clearfix\"><\/div><\/div><\/div><\/div><\/div>\n","protected":false},"excerpt":{"rendered":"","protected":false},"author":2,"featured_media":0,"parent":0,"menu_order":0,"comment_status":"closed","ping_status":"closed","template":"","meta":{"footnotes":""},"class_list":["post-6872","page","type-page","status-publish","hentry"],"_links":{"self":[{"href":"http:\/\/web.philo.ulg.ac.be\/prehist\/wp-json\/wp\/v2\/pages\/6872","targetHints":{"allow":["GET"]}}],"collection":[{"href":"http:\/\/web.philo.ulg.ac.be\/prehist\/wp-json\/wp\/v2\/pages"}],"about":[{"href":"http:\/\/web.philo.ulg.ac.be\/prehist\/wp-json\/wp\/v2\/types\/page"}],"author":[{"embeddable":true,"href":"http:\/\/web.philo.ulg.ac.be\/prehist\/wp-json\/wp\/v2\/users\/2"}],"replies":[{"embeddable":true,"href":"http:\/\/web.philo.ulg.ac.be\/prehist\/wp-json\/wp\/v2\/comments?post=6872"}],"version-history":[{"count":5,"href":"http:\/\/web.philo.ulg.ac.be\/prehist\/wp-json\/wp\/v2\/pages\/6872\/revisions"}],"predecessor-version":[{"id":9197,"href":"http:\/\/web.philo.ulg.ac.be\/prehist\/wp-json\/wp\/v2\/pages\/6872\/revisions\/9197"}],"wp:attachment":[{"href":"http:\/\/web.philo.ulg.ac.be\/prehist\/wp-json\/wp\/v2\/media?parent=6872"}],"curies":[{"name":"wp","href":"https:\/\/api.w.org\/{rel}","templated":true}]}}